{"id":207,"date":"2023-03-02T09:16:02","date_gmt":"2023-03-02T07:16:02","guid":{"rendered":"https:\/\/www.biodiversityeducation.fi\/?page_id=207"},"modified":"2025-02-11T11:18:36","modified_gmt":"2025-02-11T09:18:36","slug":"aineisto1","status":"publish","type":"page","link":"https:\/\/blogs2.uef.fi\/biodiversityeducation-vanha\/aineistoja-ja-materiaaleja\/aineisto1\/","title":{"rendered":"Maasto-opetus"},"content":{"rendered":"\n<p>T\u00e4ss\u00e4 hankkeessa teht\u00e4v\u00e4 kentt\u00e4kurssien kehitysty\u00f6 ja kentt\u00e4kurssiyhteisty\u00f6n suunnittelu pohjautuu aiempaan Koneen s\u00e4\u00e4ti\u00f6n rahoittamaan BioPeda-hankkeeseen.<\/p>\n\n\n\n<p>Biopeda-hankkeen tavoitteena oli parantaa yliopistojen tutkimusasemien opetusresurssien yhteisk\u00e4ytt\u00f6\u00e4 ja opettajien yhteisty\u00f6t\u00e4 maasto-opetuksessa. N\u00e4in tavoiteltiin kustannuss\u00e4\u00e4st\u00f6j\u00e4 ja samalla parannettiin ja monipuolistettiin kurssitarjontaa, mink\u00e4 kautta edistettiin opiskelijoiden erityisasiantuntijuutta ja kansallista osaamisp\u00e4\u00e4omaa. Yliopistojen maasto-opetuksen tukisivusto (maasto-opetus.fi) perustettiin osana BIOPEDA-hanketta.<\/p>\n\n\n\n<p>Koneen s\u00e4\u00e4ti\u00f6n rahoittamassa Biopeda-hankkeessa aloitettiin opetusideoiden jakaminen maasto-opetus.fi -sivustolla sill\u00e4 ajatuksella, ett\u00e4 n\u00e4ist\u00e4 on hy\u00f6ty\u00e4 maasto-opetuksen j\u00e4rjest\u00e4misess\u00e4 ja ideoinnissa.<\/p>\n\n\n\n<p>Hankkeemme tarkoituksena on jatkaa t\u00e4t\u00e4 jo aloitettua ty\u00f6t\u00e4 maasto-opetuksen kehitt\u00e4misen ja toimivien k\u00e4yt\u00e4nt\u00f6jen yhdist\u00e4misen parissa. T\u00e4lle sivulle on koottu Biopeda-hankkeen materiaaleja, toivottavasti l\u00f6yd\u00e4t niist\u00e4 my\u00f6s ajatuksia omaan opetukseesi.<\/p>\n\n\n\n<p>Haluatko osallistua verkoston toimintaan ja jakaa toimivia opetusvinkkej\u00e4? L\u00e4het\u00e4 vinkkisi s\u00e4hk\u00f6postitse osoitteeseen elli.hamynen@uef.fi<\/p>\n\n\n\n<p><strong>Lis\u00e4lukemista:<\/strong> <\/p>\n\n\n\n<p><a href=\"https:\/\/lehti.yliopistopedagogiikka.fi\/2017\/12\/20\/biologian-kenttaopetus-yliopistoissa-yhteistyolla-uuteen-nousuun\/\">Komonen, ym. 2017. Biologian kentt\u00e4opetus yliopistoissa: yhteisty\u00f6ll\u00e4 uuteen nousuun. Yliopistopedagogiikka 24 (2), 52-54.<\/a><\/p>\n","protected":false},"excerpt":{"rendered":"<p>T\u00e4ss\u00e4 hankkeessa teht\u00e4v\u00e4 kentt\u00e4kurssien kehitysty\u00f6 ja kentt\u00e4kurssiyhteisty\u00f6n suunnittelu pohjautuu aiempaan Koneen s\u00e4\u00e4ti\u00f6n rahoittamaan BioPeda-hankkeeseen. Biopeda-hankkeen tavoitteena oli parantaa yliopistojen tutkimusasemien opetusresurssien yhteisk\u00e4ytt\u00f6\u00e4 ja opettajien yhteisty\u00f6t\u00e4 maasto-opetuksessa. N\u00e4in tavoiteltiin kustannuss\u00e4\u00e4st\u00f6j\u00e4 ja samalla parannettiin ja monipuolistettiin kurssitarjontaa, mink\u00e4 kautta edistettiin opiskelijoiden erityisasiantuntijuutta ja kansallista osaamisp\u00e4\u00e4omaa. Yliopistojen maasto-opetuksen tukisivusto (maasto-opetus.fi) perustettiin osana BIOPEDA-hanketta. Koneen s\u00e4\u00e4ti\u00f6n rahoittamassa Biopeda-hankkeessa aloitettiin [&hellip;]<\/p>\n","protected":false},"author":611,"featured_media":247,"parent":175,"menu_order":0,"comment_status":"closed","ping_status":"closed","template":"","meta":{"_acf_changed":false,"footnotes":""},"class_list":["post-207","page","type-page","status-publish","has-post-thumbnail","hentry"],"acf":[],"yoast_head":"<!-- This site is optimized with the Yoast SEO plugin v27.3 - https:\/\/yoast.com\/product\/yoast-seo-wordpress\/ -->\n<title>Maasto-opetus - Biodiversiteettikoulutusverkosto<\/title>\n<meta name=\"robots\" content=\"index, follow, max-snippet:-1, max-image-preview:large, max-video-preview:-1\" \/>\n<link rel=\"canonical\" href=\"https:\/\/blogs2.uef.fi\/biodiversityeducation-vanha\/aineistoja-ja-materiaaleja\/aineisto1\/\" \/>\n<meta property=\"og:locale\" content=\"fi_FI\" \/>\n<meta property=\"og:type\" content=\"article\" \/>\n<meta property=\"og:title\" content=\"Maasto-opetus - Biodiversiteettikoulutusverkosto\" \/>\n<meta property=\"og:description\" content=\"T\u00e4ss\u00e4 hankkeessa teht\u00e4v\u00e4 kentt\u00e4kurssien kehitysty\u00f6 ja kentt\u00e4kurssiyhteisty\u00f6n suunnittelu pohjautuu aiempaan Koneen s\u00e4\u00e4ti\u00f6n rahoittamaan BioPeda-hankkeeseen. Biopeda-hankkeen tavoitteena oli parantaa yliopistojen tutkimusasemien opetusresurssien yhteisk\u00e4ytt\u00f6\u00e4 ja opettajien yhteisty\u00f6t\u00e4 maasto-opetuksessa. N\u00e4in tavoiteltiin kustannuss\u00e4\u00e4st\u00f6j\u00e4 ja samalla parannettiin ja monipuolistettiin kurssitarjontaa, mink\u00e4 kautta edistettiin opiskelijoiden erityisasiantuntijuutta ja kansallista osaamisp\u00e4\u00e4omaa. Yliopistojen maasto-opetuksen tukisivusto (maasto-opetus.fi) perustettiin osana BIOPEDA-hanketta. Koneen s\u00e4\u00e4ti\u00f6n rahoittamassa Biopeda-hankkeessa aloitettiin [&hellip;]\" \/>\n<meta property=\"og:url\" content=\"https:\/\/blogs2.uef.fi\/biodiversityeducation-vanha\/aineistoja-ja-materiaaleja\/aineisto1\/\" \/>\n<meta property=\"og:site_name\" content=\"Biodiversiteettikoulutusverkosto\" \/>\n<meta property=\"article:modified_time\" content=\"2025-02-11T09:18:36+00:00\" \/>\n<meta property=\"og:image\" content=\"https:\/\/blogs2.uef.fi\/biodiversityeducation-vanha\/wp-content\/uploads\/sites\/110\/2023\/03\/Koivu_by-Sofia-Holmberg-on-Unsplash-scaled.jpg\" \/>\n\t<meta property=\"og:image:width\" content=\"2560\" \/>\n\t<meta property=\"og:image:height\" content=\"1707\" \/>\n\t<meta property=\"og:image:type\" content=\"image\/jpeg\" \/>\n<meta name=\"twitter:card\" content=\"summary_large_image\" \/>\n<meta name=\"twitter:label1\" content=\"Arvioitu lukuaika\" \/>\n\t<meta name=\"twitter:data1\" content=\"1 minuutti\" \/>\n<script type=\"application\/ld+json\" class=\"yoast-schema-graph\">{\"@context\":\"https:\\\/\\\/schema.org\",\"@graph\":[{\"@type\":\"WebPage\",\"@id\":\"https:\\\/\\\/blogs2.uef.fi\\\/biodiversityeducation-vanha\\\/aineistoja-ja-materiaaleja\\\/aineisto1\\\/\",\"url\":\"https:\\\/\\\/blogs2.uef.fi\\\/biodiversityeducation-vanha\\\/aineistoja-ja-materiaaleja\\\/aineisto1\\\/\",\"name\":\"Maasto-opetus - Biodiversiteettikoulutusverkosto\",\"isPartOf\":{\"@id\":\"https:\\\/\\\/blogs2.uef.fi\\\/biodiversityeducation-vanha\\\/#website\"},\"primaryImageOfPage\":{\"@id\":\"https:\\\/\\\/blogs2.uef.fi\\\/biodiversityeducation-vanha\\\/aineistoja-ja-materiaaleja\\\/aineisto1\\\/#primaryimage\"},\"image\":{\"@id\":\"https:\\\/\\\/blogs2.uef.fi\\\/biodiversityeducation-vanha\\\/aineistoja-ja-materiaaleja\\\/aineisto1\\\/#primaryimage\"},\"thumbnailUrl\":\"https:\\\/\\\/blogs2.uef.fi\\\/biodiversityeducation-vanha\\\/wp-content\\\/uploads\\\/sites\\\/110\\\/2023\\\/03\\\/Koivu_by-Sofia-Holmberg-on-Unsplash-scaled.jpg\",\"datePublished\":\"2023-03-02T07:16:02+00:00\",\"dateModified\":\"2025-02-11T09:18:36+00:00\",\"breadcrumb\":{\"@id\":\"https:\\\/\\\/blogs2.uef.fi\\\/biodiversityeducation-vanha\\\/aineistoja-ja-materiaaleja\\\/aineisto1\\\/#breadcrumb\"},\"inLanguage\":\"fi\",\"potentialAction\":[{\"@type\":\"ReadAction\",\"target\":[\"https:\\\/\\\/blogs2.uef.fi\\\/biodiversityeducation-vanha\\\/aineistoja-ja-materiaaleja\\\/aineisto1\\\/\"]}]},{\"@type\":\"ImageObject\",\"inLanguage\":\"fi\",\"@id\":\"https:\\\/\\\/blogs2.uef.fi\\\/biodiversityeducation-vanha\\\/aineistoja-ja-materiaaleja\\\/aineisto1\\\/#primaryimage\",\"url\":\"https:\\\/\\\/blogs2.uef.fi\\\/biodiversityeducation-vanha\\\/wp-content\\\/uploads\\\/sites\\\/110\\\/2023\\\/03\\\/Koivu_by-Sofia-Holmberg-on-Unsplash-scaled.jpg\",\"contentUrl\":\"https:\\\/\\\/blogs2.uef.fi\\\/biodiversityeducation-vanha\\\/wp-content\\\/uploads\\\/sites\\\/110\\\/2023\\\/03\\\/Koivu_by-Sofia-Holmberg-on-Unsplash-scaled.jpg\",\"width\":2560,\"height\":1707,\"caption\":\"koivu-kuvituskuva\"},{\"@type\":\"BreadcrumbList\",\"@id\":\"https:\\\/\\\/blogs2.uef.fi\\\/biodiversityeducation-vanha\\\/aineistoja-ja-materiaaleja\\\/aineisto1\\\/#breadcrumb\",\"itemListElement\":[{\"@type\":\"ListItem\",\"position\":1,\"name\":\"Aineistoja ja materiaaleja\",\"item\":\"https:\\\/\\\/blogs2.uef.fi\\\/biodiversityeducation-vanha\\\/aineistoja-ja-materiaaleja\\\/\"},{\"@type\":\"ListItem\",\"position\":2,\"name\":\"Maasto-opetus\"}]},{\"@type\":\"WebSite\",\"@id\":\"https:\\\/\\\/blogs2.uef.fi\\\/biodiversityeducation-vanha\\\/#website\",\"url\":\"https:\\\/\\\/blogs2.uef.fi\\\/biodiversityeducation-vanha\\\/\",\"name\":\"Biodiversiteettikoulutusverkosto\",\"description\":\"\",\"publisher\":{\"@id\":\"https:\\\/\\\/blogs2.uef.fi\\\/biodiversityeducation-vanha\\\/#organization\"},\"potentialAction\":[{\"@type\":\"SearchAction\",\"target\":{\"@type\":\"EntryPoint\",\"urlTemplate\":\"https:\\\/\\\/blogs2.uef.fi\\\/biodiversityeducation-vanha\\\/?s={search_term_string}\"},\"query-input\":{\"@type\":\"PropertyValueSpecification\",\"valueRequired\":true,\"valueName\":\"search_term_string\"}}],\"inLanguage\":\"fi\"},{\"@type\":\"Organization\",\"@id\":\"https:\\\/\\\/blogs2.uef.fi\\\/biodiversityeducation-vanha\\\/#organization\",\"name\":\"Biodiversiteettikoulutusverkosto\",\"url\":\"https:\\\/\\\/blogs2.uef.fi\\\/biodiversityeducation-vanha\\\/\",\"logo\":{\"@type\":\"ImageObject\",\"inLanguage\":\"fi\",\"@id\":\"https:\\\/\\\/blogs2.uef.fi\\\/biodiversityeducation-vanha\\\/#\\\/schema\\\/logo\\\/image\\\/\",\"url\":\"https:\\\/\\\/blogs2.uef.fi\\\/biodiversityeducation-vanha\\\/wp-content\\\/uploads\\\/sites\\\/110\\\/2023\\\/01\\\/Logo-ja-teksti.png\",\"contentUrl\":\"https:\\\/\\\/blogs2.uef.fi\\\/biodiversityeducation-vanha\\\/wp-content\\\/uploads\\\/sites\\\/110\\\/2023\\\/01\\\/Logo-ja-teksti.png\",\"width\":785,\"height\":247,\"caption\":\"Biodiversiteettikoulutusverkosto\"},\"image\":{\"@id\":\"https:\\\/\\\/blogs2.uef.fi\\\/biodiversityeducation-vanha\\\/#\\\/schema\\\/logo\\\/image\\\/\"}}]}<\/script>\n<!-- \/ Yoast SEO plugin. -->","yoast_head_json":{"title":"Maasto-opetus - Biodiversiteettikoulutusverkosto","robots":{"index":"index","follow":"follow","max-snippet":"max-snippet:-1","max-image-preview":"max-image-preview:large","max-video-preview":"max-video-preview:-1"},"canonical":"https:\/\/blogs2.uef.fi\/biodiversityeducation-vanha\/aineistoja-ja-materiaaleja\/aineisto1\/","og_locale":"fi_FI","og_type":"article","og_title":"Maasto-opetus - Biodiversiteettikoulutusverkosto","og_description":"T\u00e4ss\u00e4 hankkeessa teht\u00e4v\u00e4 kentt\u00e4kurssien kehitysty\u00f6 ja kentt\u00e4kurssiyhteisty\u00f6n suunnittelu pohjautuu aiempaan Koneen s\u00e4\u00e4ti\u00f6n rahoittamaan BioPeda-hankkeeseen. Biopeda-hankkeen tavoitteena oli parantaa yliopistojen tutkimusasemien opetusresurssien yhteisk\u00e4ytt\u00f6\u00e4 ja opettajien yhteisty\u00f6t\u00e4 maasto-opetuksessa. N\u00e4in tavoiteltiin kustannuss\u00e4\u00e4st\u00f6j\u00e4 ja samalla parannettiin ja monipuolistettiin kurssitarjontaa, mink\u00e4 kautta edistettiin opiskelijoiden erityisasiantuntijuutta ja kansallista osaamisp\u00e4\u00e4omaa. Yliopistojen maasto-opetuksen tukisivusto (maasto-opetus.fi) perustettiin osana BIOPEDA-hanketta. Koneen s\u00e4\u00e4ti\u00f6n rahoittamassa Biopeda-hankkeessa aloitettiin [&hellip;]","og_url":"https:\/\/blogs2.uef.fi\/biodiversityeducation-vanha\/aineistoja-ja-materiaaleja\/aineisto1\/","og_site_name":"Biodiversiteettikoulutusverkosto","article_modified_time":"2025-02-11T09:18:36+00:00","og_image":[{"width":2560,"height":1707,"url":"https:\/\/blogs2.uef.fi\/biodiversityeducation-vanha\/wp-content\/uploads\/sites\/110\/2023\/03\/Koivu_by-Sofia-Holmberg-on-Unsplash-scaled.jpg","type":"image\/jpeg"}],"twitter_card":"summary_large_image","twitter_misc":{"Arvioitu lukuaika":"1 minuutti"},"schema":{"@context":"https:\/\/schema.org","@graph":[{"@type":"WebPage","@id":"https:\/\/blogs2.uef.fi\/biodiversityeducation-vanha\/aineistoja-ja-materiaaleja\/aineisto1\/","url":"https:\/\/blogs2.uef.fi\/biodiversityeducation-vanha\/aineistoja-ja-materiaaleja\/aineisto1\/","name":"Maasto-opetus - Biodiversiteettikoulutusverkosto","isPartOf":{"@id":"https:\/\/blogs2.uef.fi\/biodiversityeducation-vanha\/#website"},"primaryImageOfPage":{"@id":"https:\/\/blogs2.uef.fi\/biodiversityeducation-vanha\/aineistoja-ja-materiaaleja\/aineisto1\/#primaryimage"},"image":{"@id":"https:\/\/blogs2.uef.fi\/biodiversityeducation-vanha\/aineistoja-ja-materiaaleja\/aineisto1\/#primaryimage"},"thumbnailUrl":"https:\/\/blogs2.uef.fi\/biodiversityeducation-vanha\/wp-content\/uploads\/sites\/110\/2023\/03\/Koivu_by-Sofia-Holmberg-on-Unsplash-scaled.jpg","datePublished":"2023-03-02T07:16:02+00:00","dateModified":"2025-02-11T09:18:36+00:00","breadcrumb":{"@id":"https:\/\/blogs2.uef.fi\/biodiversityeducation-vanha\/aineistoja-ja-materiaaleja\/aineisto1\/#breadcrumb"},"inLanguage":"fi","potentialAction":[{"@type":"ReadAction","target":["https:\/\/blogs2.uef.fi\/biodiversityeducation-vanha\/aineistoja-ja-materiaaleja\/aineisto1\/"]}]},{"@type":"ImageObject","inLanguage":"fi","@id":"https:\/\/blogs2.uef.fi\/biodiversityeducation-vanha\/aineistoja-ja-materiaaleja\/aineisto1\/#primaryimage","url":"https:\/\/blogs2.uef.fi\/biodiversityeducation-vanha\/wp-content\/uploads\/sites\/110\/2023\/03\/Koivu_by-Sofia-Holmberg-on-Unsplash-scaled.jpg","contentUrl":"https:\/\/blogs2.uef.fi\/biodiversityeducation-vanha\/wp-content\/uploads\/sites\/110\/2023\/03\/Koivu_by-Sofia-Holmberg-on-Unsplash-scaled.jpg","width":2560,"height":1707,"caption":"koivu-kuvituskuva"},{"@type":"BreadcrumbList","@id":"https:\/\/blogs2.uef.fi\/biodiversityeducation-vanha\/aineistoja-ja-materiaaleja\/aineisto1\/#breadcrumb","itemListElement":[{"@type":"ListItem","position":1,"name":"Aineistoja ja materiaaleja","item":"https:\/\/blogs2.uef.fi\/biodiversityeducation-vanha\/aineistoja-ja-materiaaleja\/"},{"@type":"ListItem","position":2,"name":"Maasto-opetus"}]},{"@type":"WebSite","@id":"https:\/\/blogs2.uef.fi\/biodiversityeducation-vanha\/#website","url":"https:\/\/blogs2.uef.fi\/biodiversityeducation-vanha\/","name":"Biodiversiteettikoulutusverkosto","description":"","publisher":{"@id":"https:\/\/blogs2.uef.fi\/biodiversityeducation-vanha\/#organization"},"potentialAction":[{"@type":"SearchAction","target":{"@type":"EntryPoint","urlTemplate":"https:\/\/blogs2.uef.fi\/biodiversityeducation-vanha\/?s={search_term_string}"},"query-input":{"@type":"PropertyValueSpecification","valueRequired":true,"valueName":"search_term_string"}}],"inLanguage":"fi"},{"@type":"Organization","@id":"https:\/\/blogs2.uef.fi\/biodiversityeducation-vanha\/#organization","name":"Biodiversiteettikoulutusverkosto","url":"https:\/\/blogs2.uef.fi\/biodiversityeducation-vanha\/","logo":{"@type":"ImageObject","inLanguage":"fi","@id":"https:\/\/blogs2.uef.fi\/biodiversityeducation-vanha\/#\/schema\/logo\/image\/","url":"https:\/\/blogs2.uef.fi\/biodiversityeducation-vanha\/wp-content\/uploads\/sites\/110\/2023\/01\/Logo-ja-teksti.png","contentUrl":"https:\/\/blogs2.uef.fi\/biodiversityeducation-vanha\/wp-content\/uploads\/sites\/110\/2023\/01\/Logo-ja-teksti.png","width":785,"height":247,"caption":"Biodiversiteettikoulutusverkosto"},"image":{"@id":"https:\/\/blogs2.uef.fi\/biodiversityeducation-vanha\/#\/schema\/logo\/image\/"}}]}},"_links":{"self":[{"href":"https:\/\/blogs2.uef.fi\/biodiversityeducation-vanha\/wp-json\/wp\/v2\/pages\/207","targetHints":{"allow":["GET"]}}],"collection":[{"href":"https:\/\/blogs2.uef.fi\/biodiversityeducation-vanha\/wp-json\/wp\/v2\/pages"}],"about":[{"href":"https:\/\/blogs2.uef.fi\/biodiversityeducation-vanha\/wp-json\/wp\/v2\/types\/page"}],"author":[{"embeddable":true,"href":"https:\/\/blogs2.uef.fi\/biodiversityeducation-vanha\/wp-json\/wp\/v2\/users\/611"}],"replies":[{"embeddable":true,"href":"https:\/\/blogs2.uef.fi\/biodiversityeducation-vanha\/wp-json\/wp\/v2\/comments?post=207"}],"version-history":[{"count":108,"href":"https:\/\/blogs2.uef.fi\/biodiversityeducation-vanha\/wp-json\/wp\/v2\/pages\/207\/revisions"}],"predecessor-version":[{"id":1213,"href":"https:\/\/blogs2.uef.fi\/biodiversityeducation-vanha\/wp-json\/wp\/v2\/pages\/207\/revisions\/1213"}],"up":[{"embeddable":true,"href":"https:\/\/blogs2.uef.fi\/biodiversityeducation-vanha\/wp-json\/wp\/v2\/pages\/175"}],"wp:featuredmedia":[{"embeddable":true,"href":"https:\/\/blogs2.uef.fi\/biodiversityeducation-vanha\/wp-json\/wp\/v2\/media\/247"}],"wp:attachment":[{"href":"https:\/\/blogs2.uef.fi\/biodiversityeducation-vanha\/wp-json\/wp\/v2\/media?parent=207"}],"curies":[{"name":"wp","href":"https:\/\/api.w.org\/{rel}","templated":true}]}}