{"id":562,"date":"2023-03-03T11:42:34","date_gmt":"2023-03-03T09:42:34","guid":{"rendered":"https:\/\/www.biodiversityeducation.fi\/?page_id=562"},"modified":"2025-08-26T15:12:10","modified_gmt":"2025-08-26T12:12:10","slug":"luonto-uhan-alla-1-lajien-ja-luontotyyppien-uhanalaisuus-beny3030","status":"publish","type":"page","link":"https:\/\/blogs2.uef.fi\/biodiversityeducation-vanha\/opinnot\/luonto-uhan-alla-1-lajien-ja-luontotyyppien-uhanalaisuus-beny3030\/","title":{"rendered":"Luonto uhan alla 1 \u2013 Lajien ja luontotyyppien uhanalaisuus BENY3030"},"content":{"rendered":"\n<p>Itsen\u00e4isen opiskelun kurssi, 1.9.2025 \u2013 31.8.2026<\/p>\n\n\n\n<p>1 op, muut opinnot, Jyv\u00e4skyl\u00e4n yliopisto<\/p>\n\n\n\n<p><a href=\"https:\/\/www.jyu.fi\/fi\/avoin-yliopisto\/opinnot\/luonto-uhan-alla-opinnot-avoimessa-yliopistossa-maksuton\">Lue lis\u00e4\u00e4!<\/a><\/p>\n\n\n\n<p><a href=\"https:\/\/sisu.jyu.fi\/student\/courseunit\/otm-225ad4b0-7a80-4cba-9c83-e9f648f02975\/open-university\/otm-fb35227c-5b7f-46c5-9b11-edc0c32afa0a\">Ilmoittaudu.<\/a> Ei tarvitse hakea opinto-oikeutta.<\/p>\n","protected":false},"excerpt":{"rendered":"<p>Itsen\u00e4isen opiskelun kurssi, 1.9.2025 \u2013 31.8.2026 1 op, muut opinnot, Jyv\u00e4skyl\u00e4n yliopisto Lue lis\u00e4\u00e4! Ilmoittaudu. Ei tarvitse hakea opinto-oikeutta.<\/p>\n","protected":false},"author":611,"featured_media":0,"parent":123,"menu_order":0,"comment_status":"closed","ping_status":"closed","template":"linkki_ulospain.php","meta":{"_acf_changed":false,"footnotes":""},"class_list":["post-562","page","type-page","status-publish","hentry"],"acf":[],"yoast_head":"<!-- This site is optimized with the Yoast SEO plugin v27.3 - https:\/\/yoast.com\/product\/yoast-seo-wordpress\/ -->\n<title>Luonto uhan alla 1 \u2013 Lajien ja luontotyyppien uhanalaisuus BENY3030 - Biodiversiteettikoulutusverkosto<\/title>\n<meta name=\"robots\" content=\"index, follow, max-snippet:-1, max-image-preview:large, max-video-preview:-1\" \/>\n<link rel=\"canonical\" href=\"https:\/\/blogs2.uef.fi\/biodiversityeducation-vanha\/opinnot\/luonto-uhan-alla-1-lajien-ja-luontotyyppien-uhanalaisuus-beny3030\/\" \/>\n<meta property=\"og:locale\" content=\"fi_FI\" \/>\n<meta property=\"og:type\" content=\"article\" \/>\n<meta property=\"og:title\" content=\"Luonto uhan alla 1 \u2013 Lajien ja luontotyyppien uhanalaisuus BENY3030 - Biodiversiteettikoulutusverkosto\" \/>\n<meta property=\"og:description\" content=\"Itsen\u00e4isen opiskelun kurssi, 1.9.2025 \u2013 31.8.2026 1 op, muut opinnot, Jyv\u00e4skyl\u00e4n yliopisto Lue lis\u00e4\u00e4! Ilmoittaudu. Ei tarvitse hakea opinto-oikeutta.\" \/>\n<meta property=\"og:url\" content=\"https:\/\/blogs2.uef.fi\/biodiversityeducation-vanha\/opinnot\/luonto-uhan-alla-1-lajien-ja-luontotyyppien-uhanalaisuus-beny3030\/\" \/>\n<meta property=\"og:site_name\" content=\"Biodiversiteettikoulutusverkosto\" \/>\n<meta property=\"article:modified_time\" content=\"2025-08-26T12:12:10+00:00\" \/>\n<meta name=\"twitter:card\" content=\"summary_large_image\" \/>\n<meta name=\"twitter:label1\" content=\"Arvioitu lukuaika\" \/>\n\t<meta name=\"twitter:data1\" content=\"1 minuutti\" \/>\n<script type=\"application\/ld+json\" class=\"yoast-schema-graph\">{\"@context\":\"https:\\\/\\\/schema.org\",\"@graph\":[{\"@type\":\"WebPage\",\"@id\":\"https:\\\/\\\/blogs2.uef.fi\\\/biodiversityeducation-vanha\\\/opinnot\\\/luonto-uhan-alla-1-lajien-ja-luontotyyppien-uhanalaisuus-beny3030\\\/\",\"url\":\"https:\\\/\\\/blogs2.uef.fi\\\/biodiversityeducation-vanha\\\/opinnot\\\/luonto-uhan-alla-1-lajien-ja-luontotyyppien-uhanalaisuus-beny3030\\\/\",\"name\":\"Luonto uhan alla 1 \u2013 Lajien ja luontotyyppien uhanalaisuus BENY3030 - Biodiversiteettikoulutusverkosto\",\"isPartOf\":{\"@id\":\"https:\\\/\\\/blogs2.uef.fi\\\/biodiversityeducation-vanha\\\/#website\"},\"datePublished\":\"2023-03-03T09:42:34+00:00\",\"dateModified\":\"2025-08-26T12:12:10+00:00\",\"breadcrumb\":{\"@id\":\"https:\\\/\\\/blogs2.uef.fi\\\/biodiversityeducation-vanha\\\/opinnot\\\/luonto-uhan-alla-1-lajien-ja-luontotyyppien-uhanalaisuus-beny3030\\\/#breadcrumb\"},\"inLanguage\":\"fi\",\"potentialAction\":[{\"@type\":\"ReadAction\",\"target\":[\"https:\\\/\\\/blogs2.uef.fi\\\/biodiversityeducation-vanha\\\/opinnot\\\/luonto-uhan-alla-1-lajien-ja-luontotyyppien-uhanalaisuus-beny3030\\\/\"]}]},{\"@type\":\"BreadcrumbList\",\"@id\":\"https:\\\/\\\/blogs2.uef.fi\\\/biodiversityeducation-vanha\\\/opinnot\\\/luonto-uhan-alla-1-lajien-ja-luontotyyppien-uhanalaisuus-beny3030\\\/#breadcrumb\",\"itemListElement\":[{\"@type\":\"ListItem\",\"position\":1,\"name\":\"Opinnot\",\"item\":\"https:\\\/\\\/blogs2.uef.fi\\\/biodiversityeducation-vanha\\\/opinnot\\\/\"},{\"@type\":\"ListItem\",\"position\":2,\"name\":\"Luonto uhan alla 1 \u2013 Lajien ja luontotyyppien uhanalaisuus BENY3030\"}]},{\"@type\":\"WebSite\",\"@id\":\"https:\\\/\\\/blogs2.uef.fi\\\/biodiversityeducation-vanha\\\/#website\",\"url\":\"https:\\\/\\\/blogs2.uef.fi\\\/biodiversityeducation-vanha\\\/\",\"name\":\"Biodiversiteettikoulutusverkosto\",\"description\":\"\",\"publisher\":{\"@id\":\"https:\\\/\\\/blogs2.uef.fi\\\/biodiversityeducation-vanha\\\/#organization\"},\"potentialAction\":[{\"@type\":\"SearchAction\",\"target\":{\"@type\":\"EntryPoint\",\"urlTemplate\":\"https:\\\/\\\/blogs2.uef.fi\\\/biodiversityeducation-vanha\\\/?s={search_term_string}\"},\"query-input\":{\"@type\":\"PropertyValueSpecification\",\"valueRequired\":true,\"valueName\":\"search_term_string\"}}],\"inLanguage\":\"fi\"},{\"@type\":\"Organization\",\"@id\":\"https:\\\/\\\/blogs2.uef.fi\\\/biodiversityeducation-vanha\\\/#organization\",\"name\":\"Biodiversiteettikoulutusverkosto\",\"url\":\"https:\\\/\\\/blogs2.uef.fi\\\/biodiversityeducation-vanha\\\/\",\"logo\":{\"@type\":\"ImageObject\",\"inLanguage\":\"fi\",\"@id\":\"https:\\\/\\\/blogs2.uef.fi\\\/biodiversityeducation-vanha\\\/#\\\/schema\\\/logo\\\/image\\\/\",\"url\":\"https:\\\/\\\/blogs2.uef.fi\\\/biodiversityeducation-vanha\\\/wp-content\\\/uploads\\\/sites\\\/110\\\/2023\\\/01\\\/Logo-ja-teksti.png\",\"contentUrl\":\"https:\\\/\\\/blogs2.uef.fi\\\/biodiversityeducation-vanha\\\/wp-content\\\/uploads\\\/sites\\\/110\\\/2023\\\/01\\\/Logo-ja-teksti.png\",\"width\":785,\"height\":247,\"caption\":\"Biodiversiteettikoulutusverkosto\"},\"image\":{\"@id\":\"https:\\\/\\\/blogs2.uef.fi\\\/biodiversityeducation-vanha\\\/#\\\/schema\\\/logo\\\/image\\\/\"}}]}<\/script>\n<!-- \/ Yoast SEO plugin. -->","yoast_head_json":{"title":"Luonto uhan alla 1 \u2013 Lajien ja luontotyyppien uhanalaisuus BENY3030 - Biodiversiteettikoulutusverkosto","robots":{"index":"index","follow":"follow","max-snippet":"max-snippet:-1","max-image-preview":"max-image-preview:large","max-video-preview":"max-video-preview:-1"},"canonical":"https:\/\/blogs2.uef.fi\/biodiversityeducation-vanha\/opinnot\/luonto-uhan-alla-1-lajien-ja-luontotyyppien-uhanalaisuus-beny3030\/","og_locale":"fi_FI","og_type":"article","og_title":"Luonto uhan alla 1 \u2013 Lajien ja luontotyyppien uhanalaisuus BENY3030 - Biodiversiteettikoulutusverkosto","og_description":"Itsen\u00e4isen opiskelun kurssi, 1.9.2025 \u2013 31.8.2026 1 op, muut opinnot, Jyv\u00e4skyl\u00e4n yliopisto Lue lis\u00e4\u00e4! Ilmoittaudu. Ei tarvitse hakea opinto-oikeutta.","og_url":"https:\/\/blogs2.uef.fi\/biodiversityeducation-vanha\/opinnot\/luonto-uhan-alla-1-lajien-ja-luontotyyppien-uhanalaisuus-beny3030\/","og_site_name":"Biodiversiteettikoulutusverkosto","article_modified_time":"2025-08-26T12:12:10+00:00","twitter_card":"summary_large_image","twitter_misc":{"Arvioitu lukuaika":"1 minuutti"},"schema":{"@context":"https:\/\/schema.org","@graph":[{"@type":"WebPage","@id":"https:\/\/blogs2.uef.fi\/biodiversityeducation-vanha\/opinnot\/luonto-uhan-alla-1-lajien-ja-luontotyyppien-uhanalaisuus-beny3030\/","url":"https:\/\/blogs2.uef.fi\/biodiversityeducation-vanha\/opinnot\/luonto-uhan-alla-1-lajien-ja-luontotyyppien-uhanalaisuus-beny3030\/","name":"Luonto uhan alla 1 \u2013 Lajien ja luontotyyppien uhanalaisuus BENY3030 - Biodiversiteettikoulutusverkosto","isPartOf":{"@id":"https:\/\/blogs2.uef.fi\/biodiversityeducation-vanha\/#website"},"datePublished":"2023-03-03T09:42:34+00:00","dateModified":"2025-08-26T12:12:10+00:00","breadcrumb":{"@id":"https:\/\/blogs2.uef.fi\/biodiversityeducation-vanha\/opinnot\/luonto-uhan-alla-1-lajien-ja-luontotyyppien-uhanalaisuus-beny3030\/#breadcrumb"},"inLanguage":"fi","potentialAction":[{"@type":"ReadAction","target":["https:\/\/blogs2.uef.fi\/biodiversityeducation-vanha\/opinnot\/luonto-uhan-alla-1-lajien-ja-luontotyyppien-uhanalaisuus-beny3030\/"]}]},{"@type":"BreadcrumbList","@id":"https:\/\/blogs2.uef.fi\/biodiversityeducation-vanha\/opinnot\/luonto-uhan-alla-1-lajien-ja-luontotyyppien-uhanalaisuus-beny3030\/#breadcrumb","itemListElement":[{"@type":"ListItem","position":1,"name":"Opinnot","item":"https:\/\/blogs2.uef.fi\/biodiversityeducation-vanha\/opinnot\/"},{"@type":"ListItem","position":2,"name":"Luonto uhan alla 1 \u2013 Lajien ja luontotyyppien uhanalaisuus BENY3030"}]},{"@type":"WebSite","@id":"https:\/\/blogs2.uef.fi\/biodiversityeducation-vanha\/#website","url":"https:\/\/blogs2.uef.fi\/biodiversityeducation-vanha\/","name":"Biodiversiteettikoulutusverkosto","description":"","publisher":{"@id":"https:\/\/blogs2.uef.fi\/biodiversityeducation-vanha\/#organization"},"potentialAction":[{"@type":"SearchAction","target":{"@type":"EntryPoint","urlTemplate":"https:\/\/blogs2.uef.fi\/biodiversityeducation-vanha\/?s={search_term_string}"},"query-input":{"@type":"PropertyValueSpecification","valueRequired":true,"valueName":"search_term_string"}}],"inLanguage":"fi"},{"@type":"Organization","@id":"https:\/\/blogs2.uef.fi\/biodiversityeducation-vanha\/#organization","name":"Biodiversiteettikoulutusverkosto","url":"https:\/\/blogs2.uef.fi\/biodiversityeducation-vanha\/","logo":{"@type":"ImageObject","inLanguage":"fi","@id":"https:\/\/blogs2.uef.fi\/biodiversityeducation-vanha\/#\/schema\/logo\/image\/","url":"https:\/\/blogs2.uef.fi\/biodiversityeducation-vanha\/wp-content\/uploads\/sites\/110\/2023\/01\/Logo-ja-teksti.png","contentUrl":"https:\/\/blogs2.uef.fi\/biodiversityeducation-vanha\/wp-content\/uploads\/sites\/110\/2023\/01\/Logo-ja-teksti.png","width":785,"height":247,"caption":"Biodiversiteettikoulutusverkosto"},"image":{"@id":"https:\/\/blogs2.uef.fi\/biodiversityeducation-vanha\/#\/schema\/logo\/image\/"}}]}},"_links":{"self":[{"href":"https:\/\/blogs2.uef.fi\/biodiversityeducation-vanha\/wp-json\/wp\/v2\/pages\/562","targetHints":{"allow":["GET"]}}],"collection":[{"href":"https:\/\/blogs2.uef.fi\/biodiversityeducation-vanha\/wp-json\/wp\/v2\/pages"}],"about":[{"href":"https:\/\/blogs2.uef.fi\/biodiversityeducation-vanha\/wp-json\/wp\/v2\/types\/page"}],"author":[{"embeddable":true,"href":"https:\/\/blogs2.uef.fi\/biodiversityeducation-vanha\/wp-json\/wp\/v2\/users\/611"}],"replies":[{"embeddable":true,"href":"https:\/\/blogs2.uef.fi\/biodiversityeducation-vanha\/wp-json\/wp\/v2\/comments?post=562"}],"version-history":[{"count":2,"href":"https:\/\/blogs2.uef.fi\/biodiversityeducation-vanha\/wp-json\/wp\/v2\/pages\/562\/revisions"}],"predecessor-version":[{"id":3217,"href":"https:\/\/blogs2.uef.fi\/biodiversityeducation-vanha\/wp-json\/wp\/v2\/pages\/562\/revisions\/3217"}],"up":[{"embeddable":true,"href":"https:\/\/blogs2.uef.fi\/biodiversityeducation-vanha\/wp-json\/wp\/v2\/pages\/123"}],"wp:attachment":[{"href":"https:\/\/blogs2.uef.fi\/biodiversityeducation-vanha\/wp-json\/wp\/v2\/media?parent=562"}],"curies":[{"name":"wp","href":"https:\/\/api.w.org\/{rel}","templated":true}]}}

<p>Itsenäisen opiskelun kurssi, 1.9.2025 – 31.8.2026</p>



<p>1 op, muut opinnot, Jyväskylän yliopisto</p>



<p><a href="https://www.jyu.fi/fi/avoin-yliopisto/opinnot/luonto-uhan-alla-opinnot-avoimessa-yliopistossa-maksuton">Lue lisää!</a></p>



<p><a href="https://sisu.jyu.fi/student/courseunit/otm-225ad4b0-7a80-4cba-9c83-e9f648f02975/open-university/otm-fb35227c-5b7f-46c5-9b11-edc0c32afa0a">Ilmoittaudu.</a> Ei tarvitse hakea opinto-oikeutta.</p>

<p>Itsenäisen opiskelun kurssi, 1.9.2025 – 31.8.2026 1 op, muut opinnot, Jyväskylän yliopisto Lue lisää! Ilmoittaudu. Ei tarvitse hakea opinto-oikeutta.</p>

<!-- This site is optimized with the Yoast SEO plugin v27.3 - https://yoast.com/product/yoast-seo-wordpress/ -->
<title>Luonto uhan alla 1 – Lajien ja luontotyyppien uhanalaisuus BENY3030 - Biodiversiteettikoulutusverkosto</title>
<meta name="robots" content="index, follow, max-snippet:-1, max-image-preview:large, max-video-preview:-1" />
<link rel="canonical" href="https://blogs2.uef.fi/biodiversityeducation-vanha/opinnot/luonto-uhan-alla-1-lajien-ja-luontotyyppien-uhanalaisuus-beny3030/" />
<meta property="og:locale" content="fi_FI" />
<meta property="og:type" content="article" />
<meta property="og:title" content="Luonto uhan alla 1 – Lajien ja luontotyyppien uhanalaisuus BENY3030 - Biodiversiteettikoulutusverkosto" />
<meta property="og:description" content="Itsenäisen opiskelun kurssi, 1.9.2025 – 31.8.2026 1 op, muut opinnot, Jyväskylän yliopisto Lue lisää! Ilmoittaudu. Ei tarvitse hakea opinto-oikeutta." />
<meta property="og:url" content="https://blogs2.uef.fi/biodiversityeducation-vanha/opinnot/luonto-uhan-alla-1-lajien-ja-luontotyyppien-uhanalaisuus-beny3030/" />
<meta property="og:site_name" content="Biodiversiteettikoulutusverkosto" />
<meta property="article:modified_time" content="2025-08-26T12:12:10+00:00" />
<meta name="twitter:card" content="summary_large_image" />
<meta name="twitter:label1" content="Arvioitu lukuaika" />
	<meta name="twitter:data1" content="1 minuutti" />
<script type="application/ld+json" class="yoast-schema-graph">{"@context":"https:\/\/schema.org","@graph":[{"@type":"WebPage","@id":"https:\/\/blogs2.uef.fi\/biodiversityeducation-vanha\/opinnot\/luonto-uhan-alla-1-lajien-ja-luontotyyppien-uhanalaisuus-beny3030\/","url":"https:\/\/blogs2.uef.fi\/biodiversityeducation-vanha\/opinnot\/luonto-uhan-alla-1-lajien-ja-luontotyyppien-uhanalaisuus-beny3030\/","name":"Luonto uhan alla 1 – Lajien ja luontotyyppien uhanalaisuus BENY3030 - Biodiversiteettikoulutusverkosto","isPartOf":{"@id":"https:\/\/blogs2.uef.fi\/biodiversityeducation-vanha\/#website"},"datePublished":"2023-03-03T09:42:34+00:00","dateModified":"2025-08-26T12:12:10+00:00","breadcrumb":{"@id":"https:\/\/blogs2.uef.fi\/biodiversityeducation-vanha\/opinnot\/luonto-uhan-alla-1-lajien-ja-luontotyyppien-uhanalaisuus-beny3030\/#breadcrumb"},"inLanguage":"fi","potentialAction":[{"@type":"ReadAction","target":["https:\/\/blogs2.uef.fi\/biodiversityeducation-vanha\/opinnot\/luonto-uhan-alla-1-lajien-ja-luontotyyppien-uhanalaisuus-beny3030\/"]}]},{"@type":"BreadcrumbList","@id":"https:\/\/blogs2.uef.fi\/biodiversityeducation-vanha\/opinnot\/luonto-uhan-alla-1-lajien-ja-luontotyyppien-uhanalaisuus-beny3030\/#breadcrumb","itemListElement":[{"@type":"ListItem","position":1,"name":"Opinnot","item":"https:\/\/blogs2.uef.fi\/biodiversityeducation-vanha\/opinnot\/"},{"@type":"ListItem","position":2,"name":"Luonto uhan alla 1 – Lajien ja luontotyyppien uhanalaisuus BENY3030"}]},{"@type":"WebSite","@id":"https:\/\/blogs2.uef.fi\/biodiversityeducation-vanha\/#website","url":"https:\/\/blogs2.uef.fi\/biodiversityeducation-vanha\/","name":"Biodiversiteettikoulutusverkosto","description":"","publisher":{"@id":"https:\/\/blogs2.uef.fi\/biodiversityeducation-vanha\/#organization"},"potentialAction":[{"@type":"SearchAction","target":{"@type":"EntryPoint","urlTemplate":"https:\/\/blogs2.uef.fi\/biodiversityeducation-vanha\/?s={search_term_string}"},"query-input":{"@type":"PropertyValueSpecification","valueRequired":true,"valueName":"search_term_string"}}],"inLanguage":"fi"},{"@type":"Organization","@id":"https:\/\/blogs2.uef.fi\/biodiversityeducation-vanha\/#organization","name":"Biodiversiteettikoulutusverkosto","url":"https:\/\/blogs2.uef.fi\/biodiversityeducation-vanha\/","logo":{"@type":"ImageObject","inLanguage":"fi","@id":"https:\/\/blogs2.uef.fi\/biodiversityeducation-vanha\/#\/schema\/logo\/image\/","url":"https:\/\/blogs2.uef.fi\/biodiversityeducation-vanha\/wp-content\/uploads\/sites\/110\/2023\/01\/Logo-ja-teksti.png","contentUrl":"https:\/\/blogs2.uef.fi\/biodiversityeducation-vanha\/wp-content\/uploads\/sites\/110\/2023\/01\/Logo-ja-teksti.png","width":785,"height":247,"caption":"Biodiversiteettikoulutusverkosto"},"image":{"@id":"https:\/\/blogs2.uef.fi\/biodiversityeducation-vanha\/#\/schema\/logo\/image\/"}}]}</script>
<!-- / Yoast SEO plugin. -->

Itsenäisen opiskelun kurssi, 1.9.2025 – 31.8.2026 1 op, muut opinnot, Jyväskylän yliopisto Lue lisää! Ilmoittaudu. Ei tarvitse hakea opinto-oikeutta.
