{"id":84,"date":"2023-02-04T11:18:38","date_gmt":"2023-02-04T09:18:38","guid":{"rendered":"https:\/\/www.biodiversityeducation.fi\/?page_id=84"},"modified":"2025-02-11T11:19:40","modified_gmt":"2025-02-11T09:19:40","slug":"saavutettavuusseloste","status":"publish","type":"page","link":"https:\/\/blogs2.uef.fi\/biodiversityeducation-vanha\/saavutettavuusseloste\/","title":{"rendered":"Biodiversityeducation.fi-sivuston saavutettavuusseloste"},"content":{"rendered":"\n<p>T\u00e4m\u00e4 saavutettavuusseloste koskee It\u00e4-Suomen \u00a0yliopiston\u00a0https:\/\/www.biodiversityeducation.fi\u00a0-sivustoa\u00a0ja on laadittu 17.4.2023.\u00a0Kyseess\u00e4 ovat It\u00e4-Suomen, Helsingin, Turun, Oulun ja Jyv\u00e4skyl\u00e4n yliopistojen yhteisty\u00f6hankkeen verkkosivut. Saavutettavuusselostetta on p\u00e4ivitetty 21.1.2025.<\/p>\n\n\n\n<p>Sivuston saavutettavuus on arvioitu Digitoimisto Koodersin toimesta.<\/p>\n\n\n\n<p>It\u00e4-Suomen yliopiston verkkosivustojen, mobiilisovellusten ja niihin liittyvien sis\u00e4lt\u00f6jen tulee olla saavutettavia. Saavutettavuus digitaalisessa ymp\u00e4rist\u00f6ss\u00e4 tarkoittaa sit\u00e4, ett\u00e4 mahdollisimman moni erilainen ihminen voi k\u00e4ytt\u00e4\u00e4 verkkopalveluja k\u00e4ytt\u00e4j\u00e4-, tilanne- ja teknologiakohtaisista eroista riippumatta. Saavutettavuusvaatimukset perustuvat digitaalisten palvelujen tarjoamisesta annettuun lakiin sek\u00e4 EU:n saavutettavuusdirektiiviin.<\/p>\n\n\n\n<h2 class=\"wp-block-heading\">Verkkosivuston saavutettavuuden tila&nbsp;<\/h2>\n\n\n\n<p>Sivusto t\u00e4ytt\u00e4\u00e4 kaikki saavutettavuusvaatimukset WCAG 2.1 standardin AA-tason mukaisesti.&nbsp;<\/p>\n\n\n\n<h2 class=\"wp-block-heading\">Verkkosivuston ei-saavutettava sis\u00e4lt\u00f6&nbsp;<\/h2>\n\n\n\n<p>Sivustolla ei ole ei-saavutettavaa sis\u00e4lt\u00f6\u00e4.<\/p>\n\n\n\n<h2 class=\"wp-block-heading\">Saavutettavuuspalaute<\/h2>\n\n\n\n<p>Huomasitko saavutettavuuspuutteen digipalvelussamme? Kerro se meille ja teemme parhaamme puutteen korjaamiseksi.<\/p>\n\n\n\n<p><strong>Saavutettavuuspalautetta voit antaa s\u00e4hk\u00f6postitse:<\/strong>&nbsp;<a href=\"mailto:viestinta@uef.fi\">viestinta@uef.fi<\/a><strong><\/strong><\/p>\n\n\n\n<p>Palautteeseen vastataan kahden viikon kuluessa.<\/p>\n\n\n\n<h2 class=\"wp-block-heading\">Valvontaviranomainen&nbsp;<\/h2>\n\n\n\n<p>Jos huomaat sivustolla saavutettavuusongelmia, anna ensin palautetta meille eli sivuston yll\u00e4pit\u00e4j\u00e4lle. Vastauksessa voi menn\u00e4 14 p\u00e4iv\u00e4\u00e4. Jos et ole tyytyv\u00e4inen saamaasi vastaukseen tai et saa vastausta lainkaan kahden viikon aikana, voit tehd\u00e4 ilmoituksen Liikenne- ja viestint\u00e4viraston digitaalisen esteett\u00f6myyden ja saavutettavuuden valvontaan. Liikenne- ja viestint\u00e4viraston digitaalisen esteett\u00f6myyden ja saavutettavuuden valvonnan saavutettavuusvaatimukset.fi-sivustolla kerrotaan, miten valituksen voi tehd\u00e4 ja miten asia k\u00e4sitell\u00e4\u00e4n.<\/p>\n\n\n\n<h3 class=\"wp-block-heading\">Valvontaviranomaisen yhteystiedot:&nbsp;<\/h3>\n\n\n\n<p>Liikenne- ja viestint\u00e4virasto Traficom<br>Digitaalisen esteett\u00f6myyden ja saavutettavuuden valvontayksikk\u00f6<br>www.saavutettavuusvaatimukset.fi<br>saavutettavuus@traficom.fi<br>puhelinnumero vaihde 029 534 5000<\/p>\n\n\n\n<h2 class=\"wp-block-heading\">Toimet saavutettavuuden tukemiseksi&nbsp;<\/h2>\n\n\n\n<p>Olemme sitoutuneet saavutettavuusvaatimuksiin, ja pyrimme kehitt\u00e4m\u00e4\u00e4n ja yll\u00e4pit\u00e4m\u00e4\u00e4n toimintamme saavutettavuutta eri tavoin hankkeen aikana. Saavutettavuus huomioidaan my\u00f6s hankkeessa tuotettavassa oppimateriaalissa. Saavutettavuuteen kiinnitet\u00e4\u00e4n huomiota s\u00e4\u00e4nn\u00f6llisesti ja saavutettavuusselostetta p\u00e4ivitet\u00e4\u00e4n my\u00f6s s\u00e4\u00e4nn\u00f6llisesti.<\/p>\n","protected":false},"excerpt":{"rendered":"<p>T\u00e4m\u00e4 saavutettavuusseloste koskee It\u00e4-Suomen \u00a0yliopiston\u00a0https:\/\/www.biodiversityeducation.fi\u00a0-sivustoa\u00a0ja on laadittu 17.4.2023.\u00a0Kyseess\u00e4 ovat It\u00e4-Suomen, Helsingin, Turun, Oulun ja Jyv\u00e4skyl\u00e4n yliopistojen yhteisty\u00f6hankkeen verkkosivut. Saavutettavuusselostetta on p\u00e4ivitetty 21.1.2025. Sivuston saavutettavuus on arvioitu Digitoimisto Koodersin toimesta. It\u00e4-Suomen yliopiston verkkosivustojen, mobiilisovellusten ja niihin liittyvien sis\u00e4lt\u00f6jen tulee olla saavutettavia. Saavutettavuus digitaalisessa ymp\u00e4rist\u00f6ss\u00e4 tarkoittaa sit\u00e4, ett\u00e4 mahdollisimman moni erilainen ihminen voi k\u00e4ytt\u00e4\u00e4 verkkopalveluja k\u00e4ytt\u00e4j\u00e4-, tilanne- [&hellip;]<\/p>\n","protected":false},"author":611,"featured_media":0,"parent":0,"menu_order":0,"comment_status":"closed","ping_status":"closed","template":"","meta":{"_acf_changed":false,"footnotes":""},"class_list":["post-84","page","type-page","status-publish","hentry"],"acf":[],"yoast_head":"<!-- This site is optimized with the Yoast SEO plugin v27.3 - https:\/\/yoast.com\/product\/yoast-seo-wordpress\/ -->\n<title>Biodiversityeducation.fi-sivuston saavutettavuusseloste - Biodiversiteettikoulutusverkosto<\/title>\n<meta name=\"robots\" content=\"index, follow, max-snippet:-1, max-image-preview:large, max-video-preview:-1\" \/>\n<link rel=\"canonical\" href=\"https:\/\/blogs2.uef.fi\/biodiversityeducation-vanha\/saavutettavuusseloste\/\" \/>\n<meta property=\"og:locale\" content=\"fi_FI\" \/>\n<meta property=\"og:type\" content=\"article\" \/>\n<meta property=\"og:title\" content=\"Biodiversityeducation.fi-sivuston saavutettavuusseloste - Biodiversiteettikoulutusverkosto\" \/>\n<meta property=\"og:description\" content=\"T\u00e4m\u00e4 saavutettavuusseloste koskee It\u00e4-Suomen \u00a0yliopiston\u00a0https:\/\/www.biodiversityeducation.fi\u00a0-sivustoa\u00a0ja on laadittu 17.4.2023.\u00a0Kyseess\u00e4 ovat It\u00e4-Suomen, Helsingin, Turun, Oulun ja Jyv\u00e4skyl\u00e4n yliopistojen yhteisty\u00f6hankkeen verkkosivut. Saavutettavuusselostetta on p\u00e4ivitetty 21.1.2025. Sivuston saavutettavuus on arvioitu Digitoimisto Koodersin toimesta. It\u00e4-Suomen yliopiston verkkosivustojen, mobiilisovellusten ja niihin liittyvien sis\u00e4lt\u00f6jen tulee olla saavutettavia. Saavutettavuus digitaalisessa ymp\u00e4rist\u00f6ss\u00e4 tarkoittaa sit\u00e4, ett\u00e4 mahdollisimman moni erilainen ihminen voi k\u00e4ytt\u00e4\u00e4 verkkopalveluja k\u00e4ytt\u00e4j\u00e4-, tilanne- [&hellip;]\" \/>\n<meta property=\"og:url\" content=\"https:\/\/blogs2.uef.fi\/biodiversityeducation-vanha\/saavutettavuusseloste\/\" \/>\n<meta property=\"og:site_name\" content=\"Biodiversiteettikoulutusverkosto\" \/>\n<meta property=\"article:modified_time\" content=\"2025-02-11T09:19:40+00:00\" \/>\n<meta name=\"twitter:card\" content=\"summary_large_image\" \/>\n<meta name=\"twitter:label1\" content=\"Arvioitu lukuaika\" \/>\n\t<meta name=\"twitter:data1\" content=\"2 minuuttia\" \/>\n<script type=\"application\/ld+json\" class=\"yoast-schema-graph\">{\"@context\":\"https:\\\/\\\/schema.org\",\"@graph\":[{\"@type\":\"WebPage\",\"@id\":\"https:\\\/\\\/blogs2.uef.fi\\\/biodiversityeducation-vanha\\\/saavutettavuusseloste\\\/\",\"url\":\"https:\\\/\\\/blogs2.uef.fi\\\/biodiversityeducation-vanha\\\/saavutettavuusseloste\\\/\",\"name\":\"Biodiversityeducation.fi-sivuston saavutettavuusseloste - Biodiversiteettikoulutusverkosto\",\"isPartOf\":{\"@id\":\"https:\\\/\\\/blogs2.uef.fi\\\/biodiversityeducation-vanha\\\/#website\"},\"datePublished\":\"2023-02-04T09:18:38+00:00\",\"dateModified\":\"2025-02-11T09:19:40+00:00\",\"inLanguage\":\"fi\",\"potentialAction\":[{\"@type\":\"ReadAction\",\"target\":[\"https:\\\/\\\/blogs2.uef.fi\\\/biodiversityeducation-vanha\\\/saavutettavuusseloste\\\/\"]}]},{\"@type\":\"WebSite\",\"@id\":\"https:\\\/\\\/blogs2.uef.fi\\\/biodiversityeducation-vanha\\\/#website\",\"url\":\"https:\\\/\\\/blogs2.uef.fi\\\/biodiversityeducation-vanha\\\/\",\"name\":\"Biodiversiteettikoulutusverkosto\",\"description\":\"\",\"publisher\":{\"@id\":\"https:\\\/\\\/blogs2.uef.fi\\\/biodiversityeducation-vanha\\\/#organization\"},\"potentialAction\":[{\"@type\":\"SearchAction\",\"target\":{\"@type\":\"EntryPoint\",\"urlTemplate\":\"https:\\\/\\\/blogs2.uef.fi\\\/biodiversityeducation-vanha\\\/?s={search_term_string}\"},\"query-input\":{\"@type\":\"PropertyValueSpecification\",\"valueRequired\":true,\"valueName\":\"search_term_string\"}}],\"inLanguage\":\"fi\"},{\"@type\":\"Organization\",\"@id\":\"https:\\\/\\\/blogs2.uef.fi\\\/biodiversityeducation-vanha\\\/#organization\",\"name\":\"Biodiversiteettikoulutusverkosto\",\"url\":\"https:\\\/\\\/blogs2.uef.fi\\\/biodiversityeducation-vanha\\\/\",\"logo\":{\"@type\":\"ImageObject\",\"inLanguage\":\"fi\",\"@id\":\"https:\\\/\\\/blogs2.uef.fi\\\/biodiversityeducation-vanha\\\/#\\\/schema\\\/logo\\\/image\\\/\",\"url\":\"https:\\\/\\\/blogs2.uef.fi\\\/biodiversityeducation-vanha\\\/wp-content\\\/uploads\\\/sites\\\/110\\\/2023\\\/01\\\/Logo-ja-teksti.png\",\"contentUrl\":\"https:\\\/\\\/blogs2.uef.fi\\\/biodiversityeducation-vanha\\\/wp-content\\\/uploads\\\/sites\\\/110\\\/2023\\\/01\\\/Logo-ja-teksti.png\",\"width\":785,\"height\":247,\"caption\":\"Biodiversiteettikoulutusverkosto\"},\"image\":{\"@id\":\"https:\\\/\\\/blogs2.uef.fi\\\/biodiversityeducation-vanha\\\/#\\\/schema\\\/logo\\\/image\\\/\"}}]}<\/script>\n<!-- \/ Yoast SEO plugin. -->","yoast_head_json":{"title":"Biodiversityeducation.fi-sivuston saavutettavuusseloste - Biodiversiteettikoulutusverkosto","robots":{"index":"index","follow":"follow","max-snippet":"max-snippet:-1","max-image-preview":"max-image-preview:large","max-video-preview":"max-video-preview:-1"},"canonical":"https:\/\/blogs2.uef.fi\/biodiversityeducation-vanha\/saavutettavuusseloste\/","og_locale":"fi_FI","og_type":"article","og_title":"Biodiversityeducation.fi-sivuston saavutettavuusseloste - Biodiversiteettikoulutusverkosto","og_description":"T\u00e4m\u00e4 saavutettavuusseloste koskee It\u00e4-Suomen \u00a0yliopiston\u00a0https:\/\/www.biodiversityeducation.fi\u00a0-sivustoa\u00a0ja on laadittu 17.4.2023.\u00a0Kyseess\u00e4 ovat It\u00e4-Suomen, Helsingin, Turun, Oulun ja Jyv\u00e4skyl\u00e4n yliopistojen yhteisty\u00f6hankkeen verkkosivut. Saavutettavuusselostetta on p\u00e4ivitetty 21.1.2025. Sivuston saavutettavuus on arvioitu Digitoimisto Koodersin toimesta. It\u00e4-Suomen yliopiston verkkosivustojen, mobiilisovellusten ja niihin liittyvien sis\u00e4lt\u00f6jen tulee olla saavutettavia. Saavutettavuus digitaalisessa ymp\u00e4rist\u00f6ss\u00e4 tarkoittaa sit\u00e4, ett\u00e4 mahdollisimman moni erilainen ihminen voi k\u00e4ytt\u00e4\u00e4 verkkopalveluja k\u00e4ytt\u00e4j\u00e4-, tilanne- [&hellip;]","og_url":"https:\/\/blogs2.uef.fi\/biodiversityeducation-vanha\/saavutettavuusseloste\/","og_site_name":"Biodiversiteettikoulutusverkosto","article_modified_time":"2025-02-11T09:19:40+00:00","twitter_card":"summary_large_image","twitter_misc":{"Arvioitu lukuaika":"2 minuuttia"},"schema":{"@context":"https:\/\/schema.org","@graph":[{"@type":"WebPage","@id":"https:\/\/blogs2.uef.fi\/biodiversityeducation-vanha\/saavutettavuusseloste\/","url":"https:\/\/blogs2.uef.fi\/biodiversityeducation-vanha\/saavutettavuusseloste\/","name":"Biodiversityeducation.fi-sivuston saavutettavuusseloste - Biodiversiteettikoulutusverkosto","isPartOf":{"@id":"https:\/\/blogs2.uef.fi\/biodiversityeducation-vanha\/#website"},"datePublished":"2023-02-04T09:18:38+00:00","dateModified":"2025-02-11T09:19:40+00:00","inLanguage":"fi","potentialAction":[{"@type":"ReadAction","target":["https:\/\/blogs2.uef.fi\/biodiversityeducation-vanha\/saavutettavuusseloste\/"]}]},{"@type":"WebSite","@id":"https:\/\/blogs2.uef.fi\/biodiversityeducation-vanha\/#website","url":"https:\/\/blogs2.uef.fi\/biodiversityeducation-vanha\/","name":"Biodiversiteettikoulutusverkosto","description":"","publisher":{"@id":"https:\/\/blogs2.uef.fi\/biodiversityeducation-vanha\/#organization"},"potentialAction":[{"@type":"SearchAction","target":{"@type":"EntryPoint","urlTemplate":"https:\/\/blogs2.uef.fi\/biodiversityeducation-vanha\/?s={search_term_string}"},"query-input":{"@type":"PropertyValueSpecification","valueRequired":true,"valueName":"search_term_string"}}],"inLanguage":"fi"},{"@type":"Organization","@id":"https:\/\/blogs2.uef.fi\/biodiversityeducation-vanha\/#organization","name":"Biodiversiteettikoulutusverkosto","url":"https:\/\/blogs2.uef.fi\/biodiversityeducation-vanha\/","logo":{"@type":"ImageObject","inLanguage":"fi","@id":"https:\/\/blogs2.uef.fi\/biodiversityeducation-vanha\/#\/schema\/logo\/image\/","url":"https:\/\/blogs2.uef.fi\/biodiversityeducation-vanha\/wp-content\/uploads\/sites\/110\/2023\/01\/Logo-ja-teksti.png","contentUrl":"https:\/\/blogs2.uef.fi\/biodiversityeducation-vanha\/wp-content\/uploads\/sites\/110\/2023\/01\/Logo-ja-teksti.png","width":785,"height":247,"caption":"Biodiversiteettikoulutusverkosto"},"image":{"@id":"https:\/\/blogs2.uef.fi\/biodiversityeducation-vanha\/#\/schema\/logo\/image\/"}}]}},"_links":{"self":[{"href":"https:\/\/blogs2.uef.fi\/biodiversityeducation-vanha\/wp-json\/wp\/v2\/pages\/84","targetHints":{"allow":["GET"]}}],"collection":[{"href":"https:\/\/blogs2.uef.fi\/biodiversityeducation-vanha\/wp-json\/wp\/v2\/pages"}],"about":[{"href":"https:\/\/blogs2.uef.fi\/biodiversityeducation-vanha\/wp-json\/wp\/v2\/types\/page"}],"author":[{"embeddable":true,"href":"https:\/\/blogs2.uef.fi\/biodiversityeducation-vanha\/wp-json\/wp\/v2\/users\/611"}],"replies":[{"embeddable":true,"href":"https:\/\/blogs2.uef.fi\/biodiversityeducation-vanha\/wp-json\/wp\/v2\/comments?post=84"}],"version-history":[{"count":2,"href":"https:\/\/blogs2.uef.fi\/biodiversityeducation-vanha\/wp-json\/wp\/v2\/pages\/84\/revisions"}],"predecessor-version":[{"id":3155,"href":"https:\/\/blogs2.uef.fi\/biodiversityeducation-vanha\/wp-json\/wp\/v2\/pages\/84\/revisions\/3155"}],"wp:attachment":[{"href":"https:\/\/blogs2.uef.fi\/biodiversityeducation-vanha\/wp-json\/wp\/v2\/media?parent=84"}],"curies":[{"name":"wp","href":"https:\/\/api.w.org\/{rel}","templated":true}]}}