{"id":128,"date":"2020-03-11T12:38:39","date_gmt":"2020-03-11T10:38:39","guid":{"rendered":"https:\/\/www.biotalouskoulutusitasuomi.fi\/?page_id=128"},"modified":"2022-06-27T13:22:11","modified_gmt":"2022-06-27T10:22:11","slug":"koulutuksen-opintojaksot","status":"publish","type":"page","link":"https:\/\/blogs2.uef.fi\/biotalouskoulutus\/koulutus1\/koulutuksen-opintojaksot\/","title":{"rendered":"Biotalouden erikoistumiskoulutus 2018-2020"},"content":{"rendered":"\r\n<p>T\u00e4ll\u00e4 sivulla voit tutustua biotalouden erikoistumiskoulutuksen ensimm\u00e4iseen toteutukseen 2018-2020 It\u00e4-Suomessa. Ensimm\u00e4ist\u00e4 it\u00e4suomalaista bioerko toteutusta kehitettiin ja pilotoitiin OKM erityisavutuksen ja <a href=\"https:\/\/www.biotalouskoulutusitasuomi.fi\/biotalouskoulutuksen-kehittaminen\/hankkeen-tiivistelma\/\">Is-bioerko-hankkeen<\/a> avulla. It\u00e4-Suomen toteutuksesta vastasivat yhdess\u00e4 It\u00e4-Suomen yliopisto, Savonia-ammattikorkeakoulu ja Karelia-ammattikorkeakoulu. Koulutuksen keskeinen teht\u00e4v\u00e4 oli vahvistaa opiskelijoiden asiantuntemusta biotaloudessa, mutta my\u00f6s kytke\u00e4 opiskelu heid\u00e4n ty\u00f6teht\u00e4viin kehitt\u00e4misprojektien avulla.<\/p>\r\n<h2>Koulutuksen rakenne<\/h2>\r\n\r\n\r\n\r\n<h4 class=\"wp-block-heading\"><img loading=\"lazy\" decoding=\"async\" class=\"alignnone  wp-image-1563\" src=\"https:\/\/www.biotalouskoulutusitasuomi.fi\/wp-content\/uploads\/sites\/71\/2020\/10\/Biotalouden-erikoistumiskoulutus-rakennekuvaus-300x121.png\" alt=\"Biotalouden erikoistumiskoulutuksen rakenne 2018-2020\" width=\"555\" height=\"224\" srcset=\"https:\/\/blogs2.uef.fi\/biotalouskoulutus\/wp-content\/uploads\/sites\/71\/2020\/10\/Biotalouden-erikoistumiskoulutus-rakennekuvaus-300x121.png 300w, https:\/\/blogs2.uef.fi\/biotalouskoulutus\/wp-content\/uploads\/sites\/71\/2020\/10\/Biotalouden-erikoistumiskoulutus-rakennekuvaus-1024x413.png 1024w, https:\/\/blogs2.uef.fi\/biotalouskoulutus\/wp-content\/uploads\/sites\/71\/2020\/10\/Biotalouden-erikoistumiskoulutus-rakennekuvaus-768x310.png 768w, https:\/\/blogs2.uef.fi\/biotalouskoulutus\/wp-content\/uploads\/sites\/71\/2020\/10\/Biotalouden-erikoistumiskoulutus-rakennekuvaus.png 1122w\" sizes=\"auto, (max-width: 555px) 100vw, 555px\" \/><\/h4>\r\n<p>&nbsp;<\/p>\r\n\r\n\r\n\r\n<h2 class=\"wp-block-heading\">Kehitt\u00e4misprojektien aiheita<\/h2>\r\n<div class=\"wp-block-file\"><a href=\"https:\/\/www.biotalouskoulutusitasuomi.fi\/wp-content\/uploads\/sites\/71\/2020\/03\/Bioerko_posteripohja_A0_Jarmo-Haapaniemi.pdf\">Haapaniemi, Jarmo: Biokaasu maatilojen kannattavuutta parantamassa<\/a><a class=\"wp-block-file__button\" href=\"https:\/\/www.biotalouskoulutusitasuomi.fi\/wp-content\/uploads\/sites\/71\/2020\/03\/Bioerko_posteripohja_A0_Jarmo-Haapaniemi.pdf\">Lataa<\/a><\/div>\r\n<p>\r\n\r\n<\/p>\r\n<div class=\"wp-block-file\"><a href=\"https:\/\/www.biotalouskoulutusitasuomi.fi\/wp-content\/uploads\/sites\/71\/2020\/03\/Bioerko_posteri_A0_ValueForce_PetriHulsi.pdf\">Hulsi, Petri: ValueForce &#8211; n\u00e4k\u00f6kulmia palvelun jatkokehitykseen<\/a><a class=\"wp-block-file__button\" href=\"https:\/\/www.biotalouskoulutusitasuomi.fi\/wp-content\/uploads\/sites\/71\/2020\/03\/Bioerko_posteri_A0_ValueForce_PetriHulsi.pdf\">Lataa<\/a><\/div>\r\n<p>\r\n\r\n<\/p>\r\n<div class=\"wp-block-file\"><a href=\"https:\/\/www.biotalouskoulutusitasuomi.fi\/wp-content\/uploads\/sites\/71\/2020\/03\/Bioerko_posteripohja_A0_uusi_Jaana-Kolehmainen.pdf\">Kolehmainen, Jaana: Selvitys k\u00e4yt\u00f6ss\u00e4 olevista j\u00e4tehuollon lajittelutekniikoista ja mittausmenetelmist\u00e4<\/a><a class=\"wp-block-file__button\" href=\"https:\/\/www.biotalouskoulutusitasuomi.fi\/wp-content\/uploads\/sites\/71\/2020\/03\/Bioerko_posteripohja_A0_uusi_Jaana-Kolehmainen.pdf\">Lataa<\/a><\/div>\r\n<p>\r\n\r\n\r\n\r\n<\/p>\r\n<div class=\"wp-block-file\"><a href=\"https:\/\/www.biotalouskoulutusitasuomi.fi\/wp-content\/uploads\/sites\/71\/2020\/03\/Bioerko_posteripohja_A0_Kurttila.pdf\">Kurttila, Jouko: Sivuvirtojen taloudellinen optimointi<\/a><a class=\"wp-block-file__button\" href=\"https:\/\/www.biotalouskoulutusitasuomi.fi\/wp-content\/uploads\/sites\/71\/2020\/03\/Bioerko_posteripohja_A0_Kurttila.pdf\">Lataa<\/a><\/div>\r\n<p>\r\n\r\n<\/p>\r\n<div class=\"wp-block-file\"><a href=\"https:\/\/www.biotalouskoulutusitasuomi.fi\/wp-content\/uploads\/sites\/71\/2020\/03\/Bioerko_posteripohja_Kuurakka.pdf\">Kuurakka, Mimma: S\u00e4hk\u00f6verkon johtoalueet hy\u00f6tyk\u00e4ytt\u00f6\u00f6n<\/a><a class=\"wp-block-file__button\" href=\"https:\/\/www.biotalouskoulutusitasuomi.fi\/wp-content\/uploads\/sites\/71\/2020\/03\/Bioerko_posteripohja_Kuurakka.pdf\">Lataa<\/a><\/div>\r\n<p>\r\n\r\n<\/p>\r\n<div class=\"wp-block-file\"><a href=\"https:\/\/www.biotalouskoulutusitasuomi.fi\/wp-content\/uploads\/sites\/71\/2020\/03\/Bioerko_posteripohja_Nousiainen.pdf\">Nousiainen, Mika: Yksitysteiden yleissunnitelma<\/a><a class=\"wp-block-file__button\" href=\"https:\/\/www.biotalouskoulutusitasuomi.fi\/wp-content\/uploads\/sites\/71\/2020\/03\/Bioerko_posteripohja_Nousiainen.pdf\">Lataa<\/a><\/div>\r\n<p>\r\n\r\n<\/p>\r\n<div class=\"wp-block-file\"><a href=\"https:\/\/www.biotalouskoulutusitasuomi.fi\/wp-content\/uploads\/sites\/71\/2020\/03\/Posteri-Enzymatic-yeast-and-lactic-acid-fermentation-of-Cloudberry-Rubus-chamaemorus-L.pdf\">Pirinen, Heli: Enzymatic, yeast and lactic acid fermentation of Cloudberry (Rubus chamaemorus L.) leaves<\/a><a class=\"wp-block-file__button\" href=\"https:\/\/www.biotalouskoulutusitasuomi.fi\/wp-content\/uploads\/sites\/71\/2020\/03\/Posteri-Enzymatic-yeast-and-lactic-acid-fermentation-of-Cloudberry-Rubus-chamaemorus-L.pdf\">Lataa<\/a><\/div>\r\n<p>\r\n\r\n<\/p>\r\n<div class=\"wp-block-file\"><a href=\"https:\/\/www.biotalouskoulutusitasuomi.fi\/wp-content\/uploads\/sites\/71\/2020\/03\/Bioerko_posteripohja_A0_Matti-Pottonen-16.9.2019.pdf\">Pottonen, Matti: Miten tuottaa kest\u00e4v\u00e4sti biokaasun raaka-ainetta<\/a><a class=\"wp-block-file__button\" href=\"https:\/\/www.biotalouskoulutusitasuomi.fi\/wp-content\/uploads\/sites\/71\/2020\/03\/Bioerko_posteripohja_A0_Matti-Pottonen-16.9.2019.pdf\">Lataa<\/a><\/div>\r\n<p>\r\n\r\n<\/p>\r\n<div class=\"wp-block-file\"><a href=\"https:\/\/www.biotalouskoulutusitasuomi.fi\/wp-content\/uploads\/sites\/71\/2020\/03\/Bioerko_posteri_27.9.2019_Ruuska.pdf\">Ruuska, Juha: Biotalouden n\u00e4k\u00f6kulmat 4H-j\u00e4rjest\u00f6n lapsille ja nuorille suunnatuissa materiaaleissa ja toiminnoissa<\/a><a class=\"wp-block-file__button\" href=\"https:\/\/www.biotalouskoulutusitasuomi.fi\/wp-content\/uploads\/sites\/71\/2020\/03\/Bioerko_posteri_27.9.2019_Ruuska.pdf\">Lataa<\/a><\/div>\r\n<p>\r\n\r\n<\/p>\r\n<div class=\"wp-block-file\"><a href=\"https:\/\/www.biotalouskoulutusitasuomi.fi\/wp-content\/uploads\/sites\/71\/2020\/03\/Bioerko_posteripohja_A0_J.Toivoniemi.pdf\">Toivoniemi, Jari: Bioenergiakartoitus P\u00e4ij\u00e4t-H\u00e4meess\u00e4<\/a><a class=\"wp-block-file__button\" href=\"https:\/\/www.biotalouskoulutusitasuomi.fi\/wp-content\/uploads\/sites\/71\/2020\/03\/Bioerko_posteripohja_A0_J.Toivoniemi.pdf\">Lataa<\/a><\/div>\r\n<p>\r\n\r\n<\/p>\r\n<div class=\"wp-block-file\"><a href=\"https:\/\/www.biotalouskoulutusitasuomi.fi\/wp-content\/uploads\/sites\/71\/2020\/03\/Bioerko-posteri-Sari-Tulila.pdf\">Tulila, Sari: Kehitysyhti\u00f6 SavoGrow Oy:n biotalousohjelma eli &#8221;kipin\u00e4paperi&#8221; vuosille 2019-2025<\/a><a class=\"wp-block-file__button\" href=\"https:\/\/www.biotalouskoulutusitasuomi.fi\/wp-content\/uploads\/sites\/71\/2020\/03\/Bioerko-posteri-Sari-Tulila.pdf\">Lataa<\/a><\/div>\r\n<p>\r\n\r\n<\/p>\r\n<div class=\"wp-block-file\"><a href=\"https:\/\/www.biotalouskoulutusitasuomi.fi\/wp-content\/uploads\/sites\/71\/2020\/03\/Bioerko_posteri_Proms_mobile_V-M_Vartio_2.pdf\">Vartio, Ville-Matti: GIS mobiilialustan k\u00e4ytt\u00f6mahdollisuudet biotaloudessa<\/a><a class=\"wp-block-file__button\" href=\"https:\/\/www.biotalouskoulutusitasuomi.fi\/wp-content\/uploads\/sites\/71\/2020\/03\/Bioerko_posteri_Proms_mobile_V-M_Vartio_2.pdf\">Lataa<\/a><\/div>\r\n<p>\r\n\r\n<\/p>\r\n<div class=\"wp-block-file\"><a href=\"https:\/\/www.biotalouskoulutusitasuomi.fi\/wp-content\/uploads\/sites\/71\/2020\/03\/Bioerko_posteri_Arto_Yletyinen.pdf\">Yletyinen, Arto: Tannin extraction from spruce bark<\/a><a class=\"wp-block-file__button\" href=\"https:\/\/www.biotalouskoulutusitasuomi.fi\/wp-content\/uploads\/sites\/71\/2020\/03\/Bioerko_posteri_Arto_Yletyinen.pdf\">Lataa<\/a><\/div>\r\n<p>\r\n\r\n<\/p>\r\n<div class=\"wp-block-file\"><a href=\"https:\/\/www.biotalouskoulutusitasuomi.fi\/wp-content\/uploads\/sites\/71\/2020\/03\/Bioerko_POSTERI-ISMO-2logot.pdf\">Rouvinen, Ismo: Betulin from birch bark<\/a><a class=\"wp-block-file__button\" href=\"https:\/\/www.biotalouskoulutusitasuomi.fi\/wp-content\/uploads\/sites\/71\/2020\/03\/Bioerko_POSTERI-ISMO-2logot.pdf\">Lataa<\/a><\/div>\r\n<div>\u00a0<\/div>\r\n<h2>Opintojaksojen vastuuopettajat<\/h2>\r\n<p>\r\n\r\n<\/p>\r\n<p><strong>Biotalouden projekti<\/strong><\/p>\r\n<p>\r\n\r\n<\/p>\r\n<p>It\u00e4-Suomen yliopisto: Jukka Tikkanen, jukka.tikkanen(at)uef.fi ja Reijo Lappalainen, reijo.lappalainen(at)uef.fi<\/p>\r\n<p>\r\n\r\n<\/p>\r\n<p>Karelia-amk: Jarmo M\u00e4kel\u00e4, jarmo.makela(at)karelia.fi<\/p>\r\n<p>\r\n\r\n<\/p>\r\n<p>Savonia-amk: Tanja Pentinsaari, tanja.pentinsaari(at)savonia.fi<\/p>\r\n<p>\r\n\r\n<\/p>\r\n<p><strong>Hiilitaloudesta biotalouteen &#8211; biotalouden keskeiset k\u00e4sitteet ja lains\u00e4\u00e4d\u00e4nt\u00f6<\/strong><\/p>\r\n<p>\r\n\r\n<\/p>\r\n<p>Anne Poutiainen,\u00a0 anne.poutiainen(at)karelia.fi<\/p>\r\n<p>\r\n\r\n<\/p>\r\n<p><strong>Biotalouden ennakointi ja innovaatiot<\/strong><\/p>\r\n<p>\r\n\r\n<\/p>\r\n<p>Teppo Hujala, teppo.hujala(at)uef.fi<\/p>\r\n<p>\r\n\r\n<\/p>\r\n<p><strong>Biotalous verkostotaloutena<\/strong><\/p>\r\n<p>\r\n\r\n<\/p>\r\n<p>Ari J\u00e4\u00e4skel\u00e4inen, ari.jaaskelainen(at)savonia.fi<\/p>\r\n<p>\r\n\r\n<\/p>\r\n<p><strong>Muutoksen asiantuntijuus ja johtaminen mets\u00e4biotaloudessa<\/strong><\/p>\r\n<p>\r\n\r\n<\/p>\r\n<p>Jukka Tikkanen, jukka.tikkanen(at)uef.fi<\/p>\r\n<p>\r\n\r\n<\/p>\r\n<p><strong>Biotalouden sivuvirrat<\/strong><\/p>\r\n<p>\r\n\r\n<\/p>\r\n<p>Tanja Pentinsaari, tanja.pentinsaari(at)savonia.fi<\/p>\r\n<p>\r\n\r\n<\/p>\r\n<p><strong>Biojalostus<\/strong><\/p>\r\n<p>\r\n\r\n<\/p>\r\n<p>Reijo Lappalainen, reijo.lappalainen(at)uef.fi<\/p>\r\n<p>\r\n\r\n<\/p>\r\n<p><strong>Biotalous ja energia<\/strong><\/p>\r\n<p>\r\n\r\n<\/p>\r\n<p>Lasse Okkonen, lasse.okkonen(at)karelia.fi<\/p>\r\n<p>\r\n\r\n<\/p>\r\n<p>&nbsp;<\/p>\r\n","protected":false},"excerpt":{"rendered":"<p>T\u00e4ll\u00e4 sivulla voit tutustua biotalouden erikoistumiskoulutuksen ensimm\u00e4iseen toteutukseen 2018-2020 It\u00e4-Suomessa. Ensimm\u00e4ist\u00e4 it\u00e4suomalaista bioerko toteutusta kehitettiin ja pilotoitiin OKM erityisavutuksen ja Is-bioerko-hankkeen avulla. It\u00e4-Suomen toteutuksesta vastasivat yhdess\u00e4 It\u00e4-Suomen yliopisto, Savonia-ammattikorkeakoulu ja Karelia-ammattikorkeakoulu. Koulutuksen keskeinen teht\u00e4v\u00e4 oli vahvistaa opiskelijoiden asiantuntemusta biotaloudessa, mutta my\u00f6s kytke\u00e4 opiskelu heid\u00e4n ty\u00f6teht\u00e4viin kehitt\u00e4misprojektien avulla. Koulutuksen rakenne &nbsp; Kehitt\u00e4misprojektien aiheita Haapaniemi, Jarmo: Biokaasu [&hellip;]<\/p>\n","protected":false},"author":1,"featured_media":0,"parent":580,"menu_order":4,"comment_status":"closed","ping_status":"closed","template":"","meta":{"_acf_changed":false,"_relevanssi_hide_post":"","_relevanssi_hide_content":"","_relevanssi_pin_for_all":"","_relevanssi_pin_keywords":"","_relevanssi_unpin_keywords":"","_relevanssi_related_keywords":"","_relevanssi_related_include_ids":"","_relevanssi_related_exclude_ids":"","_relevanssi_related_no_append":"","_relevanssi_related_not_related":"","_relevanssi_related_posts":"","_relevanssi_noindex_reason":"","footnotes":""},"class_list":["post-128","page","type-page","status-publish","hentry"],"acf":[],"yoast_head":"<!-- This site is optimized with the Yoast SEO plugin v27.3 - https:\/\/yoast.com\/product\/yoast-seo-wordpress\/ -->\n<title>Biotalouden erikoistumiskoulutus 2018-2020 - Biotalouden erikoistumiskoulutus It\u00e4-Suomi<\/title>\n<meta name=\"robots\" content=\"index, follow, max-snippet:-1, max-image-preview:large, max-video-preview:-1\" \/>\n<link rel=\"canonical\" href=\"https:\/\/blogs2.uef.fi\/biotalouskoulutus\/koulutus1\/koulutuksen-opintojaksot\/\" \/>\n<meta property=\"og:locale\" content=\"fi_FI\" \/>\n<meta property=\"og:type\" content=\"article\" \/>\n<meta property=\"og:title\" content=\"Biotalouden erikoistumiskoulutus 2018-2020 - Biotalouden erikoistumiskoulutus It\u00e4-Suomi\" \/>\n<meta property=\"og:description\" content=\"T\u00e4ll\u00e4 sivulla voit tutustua biotalouden erikoistumiskoulutuksen ensimm\u00e4iseen toteutukseen 2018-2020 It\u00e4-Suomessa. Ensimm\u00e4ist\u00e4 it\u00e4suomalaista bioerko toteutusta kehitettiin ja pilotoitiin OKM erityisavutuksen ja Is-bioerko-hankkeen avulla. It\u00e4-Suomen toteutuksesta vastasivat yhdess\u00e4 It\u00e4-Suomen yliopisto, Savonia-ammattikorkeakoulu ja Karelia-ammattikorkeakoulu. Koulutuksen keskeinen teht\u00e4v\u00e4 oli vahvistaa opiskelijoiden asiantuntemusta biotaloudessa, mutta my\u00f6s kytke\u00e4 opiskelu heid\u00e4n ty\u00f6teht\u00e4viin kehitt\u00e4misprojektien avulla. Koulutuksen rakenne &nbsp; Kehitt\u00e4misprojektien aiheita Haapaniemi, Jarmo: Biokaasu [&hellip;]\" \/>\n<meta property=\"og:url\" content=\"https:\/\/blogs2.uef.fi\/biotalouskoulutus\/koulutus1\/koulutuksen-opintojaksot\/\" \/>\n<meta property=\"og:site_name\" content=\"Biotalouden erikoistumiskoulutus It\u00e4-Suomi\" \/>\n<meta property=\"article:modified_time\" content=\"2022-06-27T10:22:11+00:00\" \/>\n<meta property=\"og:image\" content=\"https:\/\/www.biotalouskoulutusitasuomi.fi\/wp-content\/uploads\/sites\/71\/2020\/10\/Biotalouden-erikoistumiskoulutus-rakennekuvaus-300x121.png\" \/>\n<meta name=\"twitter:card\" content=\"summary_large_image\" \/>\n<meta name=\"twitter:label1\" content=\"Arvioitu lukuaika\" \/>\n\t<meta name=\"twitter:data1\" content=\"2 minuuttia\" \/>\n<script type=\"application\/ld+json\" class=\"yoast-schema-graph\">{\"@context\":\"https:\\\/\\\/schema.org\",\"@graph\":[{\"@type\":\"WebPage\",\"@id\":\"https:\\\/\\\/blogs2.uef.fi\\\/biotalouskoulutus\\\/koulutus1\\\/koulutuksen-opintojaksot\\\/\",\"url\":\"https:\\\/\\\/blogs2.uef.fi\\\/biotalouskoulutus\\\/koulutus1\\\/koulutuksen-opintojaksot\\\/\",\"name\":\"Biotalouden erikoistumiskoulutus 2018-2020 - Biotalouden erikoistumiskoulutus It\u00e4-Suomi\",\"isPartOf\":{\"@id\":\"https:\\\/\\\/www.biotalouskoulutus.fi\\\/#website\"},\"primaryImageOfPage\":{\"@id\":\"https:\\\/\\\/blogs2.uef.fi\\\/biotalouskoulutus\\\/koulutus1\\\/koulutuksen-opintojaksot\\\/#primaryimage\"},\"image\":{\"@id\":\"https:\\\/\\\/blogs2.uef.fi\\\/biotalouskoulutus\\\/koulutus1\\\/koulutuksen-opintojaksot\\\/#primaryimage\"},\"thumbnailUrl\":\"https:\\\/\\\/www.biotalouskoulutusitasuomi.fi\\\/wp-content\\\/uploads\\\/sites\\\/71\\\/2020\\\/10\\\/Biotalouden-erikoistumiskoulutus-rakennekuvaus-300x121.png\",\"datePublished\":\"2020-03-11T10:38:39+00:00\",\"dateModified\":\"2022-06-27T10:22:11+00:00\",\"breadcrumb\":{\"@id\":\"https:\\\/\\\/blogs2.uef.fi\\\/biotalouskoulutus\\\/koulutus1\\\/koulutuksen-opintojaksot\\\/#breadcrumb\"},\"inLanguage\":\"fi\",\"potentialAction\":[{\"@type\":\"ReadAction\",\"target\":[\"https:\\\/\\\/blogs2.uef.fi\\\/biotalouskoulutus\\\/koulutus1\\\/koulutuksen-opintojaksot\\\/\"]}]},{\"@type\":\"ImageObject\",\"inLanguage\":\"fi\",\"@id\":\"https:\\\/\\\/blogs2.uef.fi\\\/biotalouskoulutus\\\/koulutus1\\\/koulutuksen-opintojaksot\\\/#primaryimage\",\"url\":\"https:\\\/\\\/www.biotalouskoulutusitasuomi.fi\\\/wp-content\\\/uploads\\\/sites\\\/71\\\/2020\\\/10\\\/Biotalouden-erikoistumiskoulutus-rakennekuvaus-300x121.png\",\"contentUrl\":\"https:\\\/\\\/www.biotalouskoulutusitasuomi.fi\\\/wp-content\\\/uploads\\\/sites\\\/71\\\/2020\\\/10\\\/Biotalouden-erikoistumiskoulutus-rakennekuvaus-300x121.png\"},{\"@type\":\"BreadcrumbList\",\"@id\":\"https:\\\/\\\/blogs2.uef.fi\\\/biotalouskoulutus\\\/koulutus1\\\/koulutuksen-opintojaksot\\\/#breadcrumb\",\"itemListElement\":[{\"@type\":\"ListItem\",\"position\":1,\"name\":\"Home\",\"item\":\"https:\\\/\\\/www.biotalouskoulutus.fi\\\/\"},{\"@type\":\"ListItem\",\"position\":2,\"name\":\"Koulutus\",\"item\":\"https:\\\/\\\/blogs2.uef.fi\\\/biotalouskoulutus\\\/koulutus1\\\/\"},{\"@type\":\"ListItem\",\"position\":3,\"name\":\"Biotalouden erikoistumiskoulutus 2018-2020\"}]},{\"@type\":\"WebSite\",\"@id\":\"https:\\\/\\\/www.biotalouskoulutus.fi\\\/#website\",\"url\":\"https:\\\/\\\/www.biotalouskoulutus.fi\\\/\",\"name\":\"Biotalouden erikoistumiskoulutus It\u00e4-Suomi\",\"description\":\"Biotalouden erikoistumiskoulutus It\u00e4-Suomessa - innovaatioita ja osaamista korkeakoulujen ja yritysen yhteisty\u00f6n\u00e4. Koulutuksen painotukset: mets\u00e4biotalous, biotalouden sivuvirrat, biojalostus ja energiabiotalous.\",\"potentialAction\":[{\"@type\":\"SearchAction\",\"target\":{\"@type\":\"EntryPoint\",\"urlTemplate\":\"https:\\\/\\\/www.biotalouskoulutus.fi\\\/?s={search_term_string}\"},\"query-input\":{\"@type\":\"PropertyValueSpecification\",\"valueRequired\":true,\"valueName\":\"search_term_string\"}}],\"inLanguage\":\"fi\"}]}<\/script>\n<!-- \/ Yoast SEO plugin. -->","yoast_head_json":{"title":"Biotalouden erikoistumiskoulutus 2018-2020 - Biotalouden erikoistumiskoulutus It\u00e4-Suomi","robots":{"index":"index","follow":"follow","max-snippet":"max-snippet:-1","max-image-preview":"max-image-preview:large","max-video-preview":"max-video-preview:-1"},"canonical":"https:\/\/blogs2.uef.fi\/biotalouskoulutus\/koulutus1\/koulutuksen-opintojaksot\/","og_locale":"fi_FI","og_type":"article","og_title":"Biotalouden erikoistumiskoulutus 2018-2020 - Biotalouden erikoistumiskoulutus It\u00e4-Suomi","og_description":"T\u00e4ll\u00e4 sivulla voit tutustua biotalouden erikoistumiskoulutuksen ensimm\u00e4iseen toteutukseen 2018-2020 It\u00e4-Suomessa. Ensimm\u00e4ist\u00e4 it\u00e4suomalaista bioerko toteutusta kehitettiin ja pilotoitiin OKM erityisavutuksen ja Is-bioerko-hankkeen avulla. It\u00e4-Suomen toteutuksesta vastasivat yhdess\u00e4 It\u00e4-Suomen yliopisto, Savonia-ammattikorkeakoulu ja Karelia-ammattikorkeakoulu. Koulutuksen keskeinen teht\u00e4v\u00e4 oli vahvistaa opiskelijoiden asiantuntemusta biotaloudessa, mutta my\u00f6s kytke\u00e4 opiskelu heid\u00e4n ty\u00f6teht\u00e4viin kehitt\u00e4misprojektien avulla. Koulutuksen rakenne &nbsp; Kehitt\u00e4misprojektien aiheita Haapaniemi, Jarmo: Biokaasu [&hellip;]","og_url":"https:\/\/blogs2.uef.fi\/biotalouskoulutus\/koulutus1\/koulutuksen-opintojaksot\/","og_site_name":"Biotalouden erikoistumiskoulutus It\u00e4-Suomi","article_modified_time":"2022-06-27T10:22:11+00:00","og_image":[{"url":"https:\/\/www.biotalouskoulutusitasuomi.fi\/wp-content\/uploads\/sites\/71\/2020\/10\/Biotalouden-erikoistumiskoulutus-rakennekuvaus-300x121.png","type":"","width":"","height":""}],"twitter_card":"summary_large_image","twitter_misc":{"Arvioitu lukuaika":"2 minuuttia"},"schema":{"@context":"https:\/\/schema.org","@graph":[{"@type":"WebPage","@id":"https:\/\/blogs2.uef.fi\/biotalouskoulutus\/koulutus1\/koulutuksen-opintojaksot\/","url":"https:\/\/blogs2.uef.fi\/biotalouskoulutus\/koulutus1\/koulutuksen-opintojaksot\/","name":"Biotalouden erikoistumiskoulutus 2018-2020 - Biotalouden erikoistumiskoulutus It\u00e4-Suomi","isPartOf":{"@id":"https:\/\/www.biotalouskoulutus.fi\/#website"},"primaryImageOfPage":{"@id":"https:\/\/blogs2.uef.fi\/biotalouskoulutus\/koulutus1\/koulutuksen-opintojaksot\/#primaryimage"},"image":{"@id":"https:\/\/blogs2.uef.fi\/biotalouskoulutus\/koulutus1\/koulutuksen-opintojaksot\/#primaryimage"},"thumbnailUrl":"https:\/\/www.biotalouskoulutusitasuomi.fi\/wp-content\/uploads\/sites\/71\/2020\/10\/Biotalouden-erikoistumiskoulutus-rakennekuvaus-300x121.png","datePublished":"2020-03-11T10:38:39+00:00","dateModified":"2022-06-27T10:22:11+00:00","breadcrumb":{"@id":"https:\/\/blogs2.uef.fi\/biotalouskoulutus\/koulutus1\/koulutuksen-opintojaksot\/#breadcrumb"},"inLanguage":"fi","potentialAction":[{"@type":"ReadAction","target":["https:\/\/blogs2.uef.fi\/biotalouskoulutus\/koulutus1\/koulutuksen-opintojaksot\/"]}]},{"@type":"ImageObject","inLanguage":"fi","@id":"https:\/\/blogs2.uef.fi\/biotalouskoulutus\/koulutus1\/koulutuksen-opintojaksot\/#primaryimage","url":"https:\/\/www.biotalouskoulutusitasuomi.fi\/wp-content\/uploads\/sites\/71\/2020\/10\/Biotalouden-erikoistumiskoulutus-rakennekuvaus-300x121.png","contentUrl":"https:\/\/www.biotalouskoulutusitasuomi.fi\/wp-content\/uploads\/sites\/71\/2020\/10\/Biotalouden-erikoistumiskoulutus-rakennekuvaus-300x121.png"},{"@type":"BreadcrumbList","@id":"https:\/\/blogs2.uef.fi\/biotalouskoulutus\/koulutus1\/koulutuksen-opintojaksot\/#breadcrumb","itemListElement":[{"@type":"ListItem","position":1,"name":"Home","item":"https:\/\/www.biotalouskoulutus.fi\/"},{"@type":"ListItem","position":2,"name":"Koulutus","item":"https:\/\/blogs2.uef.fi\/biotalouskoulutus\/koulutus1\/"},{"@type":"ListItem","position":3,"name":"Biotalouden erikoistumiskoulutus 2018-2020"}]},{"@type":"WebSite","@id":"https:\/\/www.biotalouskoulutus.fi\/#website","url":"https:\/\/www.biotalouskoulutus.fi\/","name":"Biotalouden erikoistumiskoulutus It\u00e4-Suomi","description":"Biotalouden erikoistumiskoulutus It\u00e4-Suomessa - innovaatioita ja osaamista korkeakoulujen ja yritysen yhteisty\u00f6n\u00e4. Koulutuksen painotukset: mets\u00e4biotalous, biotalouden sivuvirrat, biojalostus ja energiabiotalous.","potentialAction":[{"@type":"SearchAction","target":{"@type":"EntryPoint","urlTemplate":"https:\/\/www.biotalouskoulutus.fi\/?s={search_term_string}"},"query-input":{"@type":"PropertyValueSpecification","valueRequired":true,"valueName":"search_term_string"}}],"inLanguage":"fi"}]}},"_links":{"self":[{"href":"https:\/\/blogs2.uef.fi\/biotalouskoulutus\/wp-json\/wp\/v2\/pages\/128","targetHints":{"allow":["GET"]}}],"collection":[{"href":"https:\/\/blogs2.uef.fi\/biotalouskoulutus\/wp-json\/wp\/v2\/pages"}],"about":[{"href":"https:\/\/blogs2.uef.fi\/biotalouskoulutus\/wp-json\/wp\/v2\/types\/page"}],"author":[{"embeddable":true,"href":"https:\/\/blogs2.uef.fi\/biotalouskoulutus\/wp-json\/wp\/v2\/users\/1"}],"replies":[{"embeddable":true,"href":"https:\/\/blogs2.uef.fi\/biotalouskoulutus\/wp-json\/wp\/v2\/comments?post=128"}],"version-history":[{"count":3,"href":"https:\/\/blogs2.uef.fi\/biotalouskoulutus\/wp-json\/wp\/v2\/pages\/128\/revisions"}],"predecessor-version":[{"id":3549,"href":"https:\/\/blogs2.uef.fi\/biotalouskoulutus\/wp-json\/wp\/v2\/pages\/128\/revisions\/3549"}],"up":[{"embeddable":true,"href":"https:\/\/blogs2.uef.fi\/biotalouskoulutus\/wp-json\/wp\/v2\/pages\/580"}],"wp:attachment":[{"href":"https:\/\/blogs2.uef.fi\/biotalouskoulutus\/wp-json\/wp\/v2\/media?parent=128"}],"curies":[{"name":"wp","href":"https:\/\/api.w.org\/{rel}","templated":true}]}}