{"id":3294,"date":"2022-04-21T15:45:48","date_gmt":"2022-04-21T12:45:48","guid":{"rendered":"https:\/\/www.biotalouskoulutusitasuomi.fi\/?page_id=3294"},"modified":"2023-01-27T15:14:45","modified_gmt":"2023-01-27T13:14:45","slug":"biotalousosaamista","status":"publish","type":"page","link":"https:\/\/blogs2.uef.fi\/biotalouskoulutus\/koulutus1\/biotalousosaamista\/","title":{"rendered":"Biotalouskoulutuksia"},"content":{"rendered":"<p>It\u00e4-Suomen yliopisto, Karelia-ammattikorkeakoulu ja Savonia-ammattikorkeakoulu ovat yhdess\u00e4 kehitt\u00e4neet biotalousalan koulutusta. Jokaisella korkeakoululla on useita tutkintoon johtavia koulutusohjelmia sek\u00e4 lyhyit\u00e4 koulutusohjelmia biotalouden alalla. Yhteisty\u00f6 on kohdistunut erityisesti jatkuvan oppimisen koulutustarjonnan kehitt\u00e4miseen.<\/p>\n<p>Biotalouden erikoistumiskoulutus:<\/p>\n<ul>\n<li><a href=\"https:\/\/www.biotalouskoulutusitasuomi.fi\/koulutus1\/biotalouskoulutus-ita-suomessa\/\">Biotalouden erikoistumiskoulutus 2022-2023 (30 op)<\/a><\/li>\n<li>Biotalouden erikoistumiskoulutuksen osia on mahdollista toteuttaa my\u00f6s tilauskoulutuksena. Lis\u00e4tietoja voit kysy\u00e4 koulutuksen toteuttajilta.<\/li>\n<\/ul>\n<p>Join-Bioerko &#8211; hankkeessa toteutettuja lyhyit\u00e4 koulutuksia:<\/p>\n<ul>\n<li><a href=\"https:\/\/www.biotalouskoulutusitasuomi.fi\/energiamurros-uhka-vai-mahdollisuus-biotaloudelle-ja-huoltovarmuudelle\/\">Biotalous ja energiamurros (verkkokurssi)<\/a><\/li>\n<li><a href=\"https:\/\/www.biotalouskoulutusitasuomi.fi\/koulutus1\/biotalousosaamista\/biotalouden-liiketoiminnan-palvelumuotoilu\/\">Biotalouden liiketoiminnan palvelumuotoilu (1 p\u00e4iv\u00e4)<\/a><\/li>\n<li><a href=\"https:\/\/www.biotalouskoulutusitasuomi.fi\/koulutus1\/biotalousosaamista\/biokaasukoulutusmatka\/\">Biokaasukoulutusmatka (2 p\u00e4iv\u00e4\u00e4)<\/a><\/li>\n<li><a href=\"https:\/\/www.biotalouskoulutusitasuomi.fi\/koulutus1\/biotalousosaamista\/metsasuunnittelu-nyt-ja-tulevaisuudessa\/\">Mets\u00e4suunnittelu nyt ja tulevaisuudessa (webinaarisarja)<\/a><\/li>\n<\/ul>\n<p>Perehdy my\u00f6s avoimessa ja t\u00e4ydennyskoulutus tarjontaan korkeakoulukohtaisilla sivustoilla:<\/p>\n<ul>\n<li><a href=\"https:\/\/www.uef.fi\/fi\/jatkuvaoppiminen\">It\u00e4-Suomen yliopisto &#8211; Jatkuvan oppimisen keskus (JOK)<\/a><\/li>\n<li><a href=\"https:\/\/www.savonia.fi\/paivita-osaamistasi\/avoin-amk-ja-avoin-yamk\/\">Savonia-ammattikorkeakoulu &#8211; avoin AMK ja avoin YAMK<\/a><\/li>\n<li><a href=\"https:\/\/www.karelia.fi\/avoin-amk\/\">Karelia-ammattikorkeakoulu &#8211; avoin AMK<\/a><\/li>\n<\/ul>\n","protected":false},"excerpt":{"rendered":"<p>It\u00e4-Suomen yliopisto, Karelia-ammattikorkeakoulu ja Savonia-ammattikorkeakoulu ovat yhdess\u00e4 kehitt\u00e4neet biotalousalan koulutusta. Jokaisella korkeakoululla on useita tutkintoon johtavia koulutusohjelmia sek\u00e4 lyhyit\u00e4 koulutusohjelmia biotalouden alalla. Yhteisty\u00f6 on kohdistunut erityisesti jatkuvan oppimisen koulutustarjonnan kehitt\u00e4miseen. Biotalouden erikoistumiskoulutus: Biotalouden erikoistumiskoulutus 2022-2023 (30 op) Biotalouden erikoistumiskoulutuksen osia on mahdollista toteuttaa my\u00f6s tilauskoulutuksena. Lis\u00e4tietoja voit kysy\u00e4 koulutuksen toteuttajilta. Join-Bioerko &#8211; hankkeessa toteutettuja lyhyit\u00e4 [&hellip;]<\/p>\n","protected":false},"author":95,"featured_media":0,"parent":580,"menu_order":1,"comment_status":"closed","ping_status":"closed","template":"","meta":{"_acf_changed":false,"_relevanssi_hide_post":"","_relevanssi_hide_content":"","_relevanssi_pin_for_all":"","_relevanssi_pin_keywords":"","_relevanssi_unpin_keywords":"","_relevanssi_related_keywords":"","_relevanssi_related_include_ids":"","_relevanssi_related_exclude_ids":"","_relevanssi_related_no_append":"","_relevanssi_related_not_related":"","_relevanssi_related_posts":"","_relevanssi_noindex_reason":"","footnotes":""},"class_list":["post-3294","page","type-page","status-publish","hentry"],"acf":[],"yoast_head":"<!-- This site is optimized with the Yoast SEO plugin v27.3 - https:\/\/yoast.com\/product\/yoast-seo-wordpress\/ -->\n<title>Biotalouskoulutuksia - Biotalouden erikoistumiskoulutus It\u00e4-Suomi<\/title>\n<meta name=\"robots\" content=\"index, follow, max-snippet:-1, max-image-preview:large, max-video-preview:-1\" \/>\n<link rel=\"canonical\" href=\"https:\/\/blogs2.uef.fi\/biotalouskoulutus\/koulutus1\/biotalousosaamista\/\" \/>\n<meta property=\"og:locale\" content=\"fi_FI\" \/>\n<meta property=\"og:type\" content=\"article\" \/>\n<meta property=\"og:title\" content=\"Biotalouskoulutuksia - Biotalouden erikoistumiskoulutus It\u00e4-Suomi\" \/>\n<meta property=\"og:description\" content=\"It\u00e4-Suomen yliopisto, Karelia-ammattikorkeakoulu ja Savonia-ammattikorkeakoulu ovat yhdess\u00e4 kehitt\u00e4neet biotalousalan koulutusta. Jokaisella korkeakoululla on useita tutkintoon johtavia koulutusohjelmia sek\u00e4 lyhyit\u00e4 koulutusohjelmia biotalouden alalla. Yhteisty\u00f6 on kohdistunut erityisesti jatkuvan oppimisen koulutustarjonnan kehitt\u00e4miseen. Biotalouden erikoistumiskoulutus: Biotalouden erikoistumiskoulutus 2022-2023 (30 op) Biotalouden erikoistumiskoulutuksen osia on mahdollista toteuttaa my\u00f6s tilauskoulutuksena. Lis\u00e4tietoja voit kysy\u00e4 koulutuksen toteuttajilta. Join-Bioerko &#8211; hankkeessa toteutettuja lyhyit\u00e4 [&hellip;]\" \/>\n<meta property=\"og:url\" content=\"https:\/\/blogs2.uef.fi\/biotalouskoulutus\/koulutus1\/biotalousosaamista\/\" \/>\n<meta property=\"og:site_name\" content=\"Biotalouden erikoistumiskoulutus It\u00e4-Suomi\" \/>\n<meta property=\"article:modified_time\" content=\"2023-01-27T13:14:45+00:00\" \/>\n<meta name=\"twitter:card\" content=\"summary_large_image\" \/>\n<meta name=\"twitter:label1\" content=\"Arvioitu lukuaika\" \/>\n\t<meta name=\"twitter:data1\" content=\"1 minuutti\" \/>\n<script type=\"application\/ld+json\" class=\"yoast-schema-graph\">{\"@context\":\"https:\\\/\\\/schema.org\",\"@graph\":[{\"@type\":\"WebPage\",\"@id\":\"https:\\\/\\\/blogs2.uef.fi\\\/biotalouskoulutus\\\/koulutus1\\\/biotalousosaamista\\\/\",\"url\":\"https:\\\/\\\/blogs2.uef.fi\\\/biotalouskoulutus\\\/koulutus1\\\/biotalousosaamista\\\/\",\"name\":\"Biotalouskoulutuksia - Biotalouden erikoistumiskoulutus It\u00e4-Suomi\",\"isPartOf\":{\"@id\":\"https:\\\/\\\/www.biotalouskoulutus.fi\\\/#website\"},\"datePublished\":\"2022-04-21T12:45:48+00:00\",\"dateModified\":\"2023-01-27T13:14:45+00:00\",\"breadcrumb\":{\"@id\":\"https:\\\/\\\/blogs2.uef.fi\\\/biotalouskoulutus\\\/koulutus1\\\/biotalousosaamista\\\/#breadcrumb\"},\"inLanguage\":\"fi\",\"potentialAction\":[{\"@type\":\"ReadAction\",\"target\":[\"https:\\\/\\\/blogs2.uef.fi\\\/biotalouskoulutus\\\/koulutus1\\\/biotalousosaamista\\\/\"]}]},{\"@type\":\"BreadcrumbList\",\"@id\":\"https:\\\/\\\/blogs2.uef.fi\\\/biotalouskoulutus\\\/koulutus1\\\/biotalousosaamista\\\/#breadcrumb\",\"itemListElement\":[{\"@type\":\"ListItem\",\"position\":1,\"name\":\"Home\",\"item\":\"https:\\\/\\\/www.biotalouskoulutus.fi\\\/\"},{\"@type\":\"ListItem\",\"position\":2,\"name\":\"Koulutus\",\"item\":\"https:\\\/\\\/blogs2.uef.fi\\\/biotalouskoulutus\\\/koulutus1\\\/\"},{\"@type\":\"ListItem\",\"position\":3,\"name\":\"Biotalouskoulutuksia\"}]},{\"@type\":\"WebSite\",\"@id\":\"https:\\\/\\\/www.biotalouskoulutus.fi\\\/#website\",\"url\":\"https:\\\/\\\/www.biotalouskoulutus.fi\\\/\",\"name\":\"Biotalouden erikoistumiskoulutus It\u00e4-Suomi\",\"description\":\"Biotalouden erikoistumiskoulutus It\u00e4-Suomessa - innovaatioita ja osaamista korkeakoulujen ja yritysen yhteisty\u00f6n\u00e4. Koulutuksen painotukset: mets\u00e4biotalous, biotalouden sivuvirrat, biojalostus ja energiabiotalous.\",\"potentialAction\":[{\"@type\":\"SearchAction\",\"target\":{\"@type\":\"EntryPoint\",\"urlTemplate\":\"https:\\\/\\\/www.biotalouskoulutus.fi\\\/?s={search_term_string}\"},\"query-input\":{\"@type\":\"PropertyValueSpecification\",\"valueRequired\":true,\"valueName\":\"search_term_string\"}}],\"inLanguage\":\"fi\"}]}<\/script>\n<!-- \/ Yoast SEO plugin. -->","yoast_head_json":{"title":"Biotalouskoulutuksia - Biotalouden erikoistumiskoulutus It\u00e4-Suomi","robots":{"index":"index","follow":"follow","max-snippet":"max-snippet:-1","max-image-preview":"max-image-preview:large","max-video-preview":"max-video-preview:-1"},"canonical":"https:\/\/blogs2.uef.fi\/biotalouskoulutus\/koulutus1\/biotalousosaamista\/","og_locale":"fi_FI","og_type":"article","og_title":"Biotalouskoulutuksia - Biotalouden erikoistumiskoulutus It\u00e4-Suomi","og_description":"It\u00e4-Suomen yliopisto, Karelia-ammattikorkeakoulu ja Savonia-ammattikorkeakoulu ovat yhdess\u00e4 kehitt\u00e4neet biotalousalan koulutusta. Jokaisella korkeakoululla on useita tutkintoon johtavia koulutusohjelmia sek\u00e4 lyhyit\u00e4 koulutusohjelmia biotalouden alalla. Yhteisty\u00f6 on kohdistunut erityisesti jatkuvan oppimisen koulutustarjonnan kehitt\u00e4miseen. Biotalouden erikoistumiskoulutus: Biotalouden erikoistumiskoulutus 2022-2023 (30 op) Biotalouden erikoistumiskoulutuksen osia on mahdollista toteuttaa my\u00f6s tilauskoulutuksena. Lis\u00e4tietoja voit kysy\u00e4 koulutuksen toteuttajilta. Join-Bioerko &#8211; hankkeessa toteutettuja lyhyit\u00e4 [&hellip;]","og_url":"https:\/\/blogs2.uef.fi\/biotalouskoulutus\/koulutus1\/biotalousosaamista\/","og_site_name":"Biotalouden erikoistumiskoulutus It\u00e4-Suomi","article_modified_time":"2023-01-27T13:14:45+00:00","twitter_card":"summary_large_image","twitter_misc":{"Arvioitu lukuaika":"1 minuutti"},"schema":{"@context":"https:\/\/schema.org","@graph":[{"@type":"WebPage","@id":"https:\/\/blogs2.uef.fi\/biotalouskoulutus\/koulutus1\/biotalousosaamista\/","url":"https:\/\/blogs2.uef.fi\/biotalouskoulutus\/koulutus1\/biotalousosaamista\/","name":"Biotalouskoulutuksia - Biotalouden erikoistumiskoulutus It\u00e4-Suomi","isPartOf":{"@id":"https:\/\/www.biotalouskoulutus.fi\/#website"},"datePublished":"2022-04-21T12:45:48+00:00","dateModified":"2023-01-27T13:14:45+00:00","breadcrumb":{"@id":"https:\/\/blogs2.uef.fi\/biotalouskoulutus\/koulutus1\/biotalousosaamista\/#breadcrumb"},"inLanguage":"fi","potentialAction":[{"@type":"ReadAction","target":["https:\/\/blogs2.uef.fi\/biotalouskoulutus\/koulutus1\/biotalousosaamista\/"]}]},{"@type":"BreadcrumbList","@id":"https:\/\/blogs2.uef.fi\/biotalouskoulutus\/koulutus1\/biotalousosaamista\/#breadcrumb","itemListElement":[{"@type":"ListItem","position":1,"name":"Home","item":"https:\/\/www.biotalouskoulutus.fi\/"},{"@type":"ListItem","position":2,"name":"Koulutus","item":"https:\/\/blogs2.uef.fi\/biotalouskoulutus\/koulutus1\/"},{"@type":"ListItem","position":3,"name":"Biotalouskoulutuksia"}]},{"@type":"WebSite","@id":"https:\/\/www.biotalouskoulutus.fi\/#website","url":"https:\/\/www.biotalouskoulutus.fi\/","name":"Biotalouden erikoistumiskoulutus It\u00e4-Suomi","description":"Biotalouden erikoistumiskoulutus It\u00e4-Suomessa - innovaatioita ja osaamista korkeakoulujen ja yritysen yhteisty\u00f6n\u00e4. Koulutuksen painotukset: mets\u00e4biotalous, biotalouden sivuvirrat, biojalostus ja energiabiotalous.","potentialAction":[{"@type":"SearchAction","target":{"@type":"EntryPoint","urlTemplate":"https:\/\/www.biotalouskoulutus.fi\/?s={search_term_string}"},"query-input":{"@type":"PropertyValueSpecification","valueRequired":true,"valueName":"search_term_string"}}],"inLanguage":"fi"}]}},"_links":{"self":[{"href":"https:\/\/blogs2.uef.fi\/biotalouskoulutus\/wp-json\/wp\/v2\/pages\/3294","targetHints":{"allow":["GET"]}}],"collection":[{"href":"https:\/\/blogs2.uef.fi\/biotalouskoulutus\/wp-json\/wp\/v2\/pages"}],"about":[{"href":"https:\/\/blogs2.uef.fi\/biotalouskoulutus\/wp-json\/wp\/v2\/types\/page"}],"author":[{"embeddable":true,"href":"https:\/\/blogs2.uef.fi\/biotalouskoulutus\/wp-json\/wp\/v2\/users\/95"}],"replies":[{"embeddable":true,"href":"https:\/\/blogs2.uef.fi\/biotalouskoulutus\/wp-json\/wp\/v2\/comments?post=3294"}],"version-history":[{"count":2,"href":"https:\/\/blogs2.uef.fi\/biotalouskoulutus\/wp-json\/wp\/v2\/pages\/3294\/revisions"}],"predecessor-version":[{"id":4066,"href":"https:\/\/blogs2.uef.fi\/biotalouskoulutus\/wp-json\/wp\/v2\/pages\/3294\/revisions\/4066"}],"up":[{"embeddable":true,"href":"https:\/\/blogs2.uef.fi\/biotalouskoulutus\/wp-json\/wp\/v2\/pages\/580"}],"wp:attachment":[{"href":"https:\/\/blogs2.uef.fi\/biotalouskoulutus\/wp-json\/wp\/v2\/media?parent=3294"}],"curies":[{"name":"wp","href":"https:\/\/api.w.org\/{rel}","templated":true}]}}