{"id":3552,"date":"2022-06-27T13:52:00","date_gmt":"2022-06-27T10:52:00","guid":{"rendered":"https:\/\/www.biotalouskoulutusitasuomi.fi\/?page_id=3552"},"modified":"2022-12-22T10:41:06","modified_gmt":"2022-12-22T08:41:06","slug":"yhteistyoverkosto","status":"publish","type":"page","link":"https:\/\/blogs2.uef.fi\/biotalouskoulutus\/biotalouskoulutuksen-kehittaminen\/yhteistyoverkosto\/","title":{"rendered":"Yhteisty\u00f6verkosto"},"content":{"rendered":"<p>Verkoston tarkoituksena on lis\u00e4t\u00e4 it\u00e4suomalaisten yritysten ja asiantuntijoiden osaamista biotalouden alalta. Biotalous on laaja kokonaisuus ja se k\u00e4sitt\u00e4\u00e4 mets\u00e4talouden, kalatalouden ja vesiymp\u00e4rist\u00f6t, maatalouden (ruuan tuotanto), osan kemianteollisuudesta, osan rakentamisesta (puurakentaminen) sek\u00e4 osan energiatoimialasta (biopohjaiset energianl\u00e4hteet). Verkoston tarkoituksena on v\u00e4litt\u00e4\u00e4 kolmen korkeakoulun osaamista biotalouden eri toimialoilta.<\/p>\n<p>Biotalouden koulutuksen ja TKI-toiminnan yhteisty\u00f6n\u00e4 on tunnistettu olemassa olevat ekosysteemit oivaksi verkoston toiminta-alustoiksi, jotka ovat Pohjois-Karjalassa <a href=\"https:\/\/www.greenhub.fi\/\">Green Hub<\/a> sek\u00e4 Pohjois-Savossa <a href=\"https:\/\/biocc.fi\/\">Bio- ja kiertotalouden klusteri<\/a>. Ekosysteemit tavoittelevat tutkimuksen, yrityskehitt\u00e4misen sek\u00e4 koulutuksen yhteisty\u00f6t\u00e4. Yhteinen osaamisen kehitt\u00e4minen ja koulutustarjonta tukevat ekosysteemien toimintaa ja yhteisest\u00e4 viestinn\u00e4st\u00e4 hy\u00f6tyv\u00e4t kaikki osapuolet.<\/p>\n<p><a href=\"https:\/\/www.biotalouskoulutusitasuomi.fi\/biotalouskoulutuksen-kehittaminen\/yhteistyoverkosto\/vuosikello_versio2_jpg\/\" rel=\"attachment wp-att-3948\"><img loading=\"lazy\" decoding=\"async\" class=\"aligncenter wp-image-3948 size-full\" src=\"https:\/\/www.biotalouskoulutusitasuomi.fi\/wp-content\/uploads\/sites\/71\/2022\/12\/vuosikello_versio2_jpg.jpg\" alt=\"\" width=\"919\" height=\"687\" srcset=\"https:\/\/blogs2.uef.fi\/biotalouskoulutus\/wp-content\/uploads\/sites\/71\/2022\/12\/vuosikello_versio2_jpg.jpg 919w, https:\/\/blogs2.uef.fi\/biotalouskoulutus\/wp-content\/uploads\/sites\/71\/2022\/12\/vuosikello_versio2_jpg-300x224.jpg 300w, https:\/\/blogs2.uef.fi\/biotalouskoulutus\/wp-content\/uploads\/sites\/71\/2022\/12\/vuosikello_versio2_jpg-768x574.jpg 768w\" sizes=\"auto, (max-width: 919px) 100vw, 919px\" \/><\/a><\/p>\n","protected":false},"excerpt":{"rendered":"<p>Verkoston tarkoituksena on lis\u00e4t\u00e4 it\u00e4suomalaisten yritysten ja asiantuntijoiden osaamista biotalouden alalta. Biotalous on laaja kokonaisuus ja se k\u00e4sitt\u00e4\u00e4 mets\u00e4talouden, kalatalouden ja vesiymp\u00e4rist\u00f6t, maatalouden (ruuan tuotanto), osan kemianteollisuudesta, osan rakentamisesta (puurakentaminen) sek\u00e4 osan energiatoimialasta (biopohjaiset energianl\u00e4hteet). Verkoston tarkoituksena on v\u00e4litt\u00e4\u00e4 kolmen korkeakoulun osaamista biotalouden eri toimialoilta. Biotalouden koulutuksen ja TKI-toiminnan yhteisty\u00f6n\u00e4 on tunnistettu olemassa olevat ekosysteemit [&hellip;]<\/p>\n","protected":false},"author":95,"featured_media":0,"parent":134,"menu_order":1,"comment_status":"closed","ping_status":"closed","template":"","meta":{"_acf_changed":false,"_relevanssi_hide_post":"","_relevanssi_hide_content":"","_relevanssi_pin_for_all":"","_relevanssi_pin_keywords":"","_relevanssi_unpin_keywords":"","_relevanssi_related_keywords":"","_relevanssi_related_include_ids":"","_relevanssi_related_exclude_ids":"","_relevanssi_related_no_append":"","_relevanssi_related_not_related":"","_relevanssi_related_posts":"","_relevanssi_noindex_reason":"","footnotes":""},"class_list":["post-3552","page","type-page","status-publish","hentry"],"acf":[],"yoast_head":"<!-- This site is optimized with the Yoast SEO plugin v27.3 - https:\/\/yoast.com\/product\/yoast-seo-wordpress\/ -->\n<title>Yhteisty\u00f6verkosto - Biotalouden erikoistumiskoulutus It\u00e4-Suomi<\/title>\n<meta name=\"robots\" content=\"index, follow, max-snippet:-1, max-image-preview:large, max-video-preview:-1\" \/>\n<link rel=\"canonical\" href=\"https:\/\/blogs2.uef.fi\/biotalouskoulutus\/biotalouskoulutuksen-kehittaminen\/yhteistyoverkosto\/\" \/>\n<meta property=\"og:locale\" content=\"fi_FI\" \/>\n<meta property=\"og:type\" content=\"article\" \/>\n<meta property=\"og:title\" content=\"Yhteisty\u00f6verkosto - Biotalouden erikoistumiskoulutus It\u00e4-Suomi\" \/>\n<meta property=\"og:description\" content=\"Verkoston tarkoituksena on lis\u00e4t\u00e4 it\u00e4suomalaisten yritysten ja asiantuntijoiden osaamista biotalouden alalta. Biotalous on laaja kokonaisuus ja se k\u00e4sitt\u00e4\u00e4 mets\u00e4talouden, kalatalouden ja vesiymp\u00e4rist\u00f6t, maatalouden (ruuan tuotanto), osan kemianteollisuudesta, osan rakentamisesta (puurakentaminen) sek\u00e4 osan energiatoimialasta (biopohjaiset energianl\u00e4hteet). Verkoston tarkoituksena on v\u00e4litt\u00e4\u00e4 kolmen korkeakoulun osaamista biotalouden eri toimialoilta. Biotalouden koulutuksen ja TKI-toiminnan yhteisty\u00f6n\u00e4 on tunnistettu olemassa olevat ekosysteemit [&hellip;]\" \/>\n<meta property=\"og:url\" content=\"https:\/\/blogs2.uef.fi\/biotalouskoulutus\/biotalouskoulutuksen-kehittaminen\/yhteistyoverkosto\/\" \/>\n<meta property=\"og:site_name\" content=\"Biotalouden erikoistumiskoulutus It\u00e4-Suomi\" \/>\n<meta property=\"article:modified_time\" content=\"2022-12-22T08:41:06+00:00\" \/>\n<meta property=\"og:image\" content=\"https:\/\/www.biotalouskoulutusitasuomi.fi\/wp-content\/uploads\/sites\/71\/2022\/12\/vuosikello_versio2_jpg.jpg\" \/>\n<meta name=\"twitter:card\" content=\"summary_large_image\" \/>\n<meta name=\"twitter:label1\" content=\"Arvioitu lukuaika\" \/>\n\t<meta name=\"twitter:data1\" content=\"1 minuutti\" \/>\n<script type=\"application\/ld+json\" class=\"yoast-schema-graph\">{\"@context\":\"https:\\\/\\\/schema.org\",\"@graph\":[{\"@type\":\"WebPage\",\"@id\":\"https:\\\/\\\/blogs2.uef.fi\\\/biotalouskoulutus\\\/biotalouskoulutuksen-kehittaminen\\\/yhteistyoverkosto\\\/\",\"url\":\"https:\\\/\\\/blogs2.uef.fi\\\/biotalouskoulutus\\\/biotalouskoulutuksen-kehittaminen\\\/yhteistyoverkosto\\\/\",\"name\":\"Yhteisty\u00f6verkosto - Biotalouden erikoistumiskoulutus It\u00e4-Suomi\",\"isPartOf\":{\"@id\":\"https:\\\/\\\/www.biotalouskoulutus.fi\\\/#website\"},\"primaryImageOfPage\":{\"@id\":\"https:\\\/\\\/blogs2.uef.fi\\\/biotalouskoulutus\\\/biotalouskoulutuksen-kehittaminen\\\/yhteistyoverkosto\\\/#primaryimage\"},\"image\":{\"@id\":\"https:\\\/\\\/blogs2.uef.fi\\\/biotalouskoulutus\\\/biotalouskoulutuksen-kehittaminen\\\/yhteistyoverkosto\\\/#primaryimage\"},\"thumbnailUrl\":\"https:\\\/\\\/www.biotalouskoulutusitasuomi.fi\\\/wp-content\\\/uploads\\\/sites\\\/71\\\/2022\\\/12\\\/vuosikello_versio2_jpg.jpg\",\"datePublished\":\"2022-06-27T10:52:00+00:00\",\"dateModified\":\"2022-12-22T08:41:06+00:00\",\"breadcrumb\":{\"@id\":\"https:\\\/\\\/blogs2.uef.fi\\\/biotalouskoulutus\\\/biotalouskoulutuksen-kehittaminen\\\/yhteistyoverkosto\\\/#breadcrumb\"},\"inLanguage\":\"fi\",\"potentialAction\":[{\"@type\":\"ReadAction\",\"target\":[\"https:\\\/\\\/blogs2.uef.fi\\\/biotalouskoulutus\\\/biotalouskoulutuksen-kehittaminen\\\/yhteistyoverkosto\\\/\"]}]},{\"@type\":\"ImageObject\",\"inLanguage\":\"fi\",\"@id\":\"https:\\\/\\\/blogs2.uef.fi\\\/biotalouskoulutus\\\/biotalouskoulutuksen-kehittaminen\\\/yhteistyoverkosto\\\/#primaryimage\",\"url\":\"https:\\\/\\\/www.biotalouskoulutusitasuomi.fi\\\/wp-content\\\/uploads\\\/sites\\\/71\\\/2022\\\/12\\\/vuosikello_versio2_jpg.jpg\",\"contentUrl\":\"https:\\\/\\\/www.biotalouskoulutusitasuomi.fi\\\/wp-content\\\/uploads\\\/sites\\\/71\\\/2022\\\/12\\\/vuosikello_versio2_jpg.jpg\"},{\"@type\":\"BreadcrumbList\",\"@id\":\"https:\\\/\\\/blogs2.uef.fi\\\/biotalouskoulutus\\\/biotalouskoulutuksen-kehittaminen\\\/yhteistyoverkosto\\\/#breadcrumb\",\"itemListElement\":[{\"@type\":\"ListItem\",\"position\":1,\"name\":\"Home\",\"item\":\"https:\\\/\\\/www.biotalouskoulutus.fi\\\/\"},{\"@type\":\"ListItem\",\"position\":2,\"name\":\"Biotalouskoulutuksen kehitt\u00e4minen\",\"item\":\"https:\\\/\\\/blogs2.uef.fi\\\/biotalouskoulutus\\\/biotalouskoulutuksen-kehittaminen\\\/\"},{\"@type\":\"ListItem\",\"position\":3,\"name\":\"Yhteisty\u00f6verkosto\"}]},{\"@type\":\"WebSite\",\"@id\":\"https:\\\/\\\/www.biotalouskoulutus.fi\\\/#website\",\"url\":\"https:\\\/\\\/www.biotalouskoulutus.fi\\\/\",\"name\":\"Biotalouden erikoistumiskoulutus It\u00e4-Suomi\",\"description\":\"Biotalouden erikoistumiskoulutus It\u00e4-Suomessa - innovaatioita ja osaamista korkeakoulujen ja yritysen yhteisty\u00f6n\u00e4. Koulutuksen painotukset: mets\u00e4biotalous, biotalouden sivuvirrat, biojalostus ja energiabiotalous.\",\"potentialAction\":[{\"@type\":\"SearchAction\",\"target\":{\"@type\":\"EntryPoint\",\"urlTemplate\":\"https:\\\/\\\/www.biotalouskoulutus.fi\\\/?s={search_term_string}\"},\"query-input\":{\"@type\":\"PropertyValueSpecification\",\"valueRequired\":true,\"valueName\":\"search_term_string\"}}],\"inLanguage\":\"fi\"}]}<\/script>\n<!-- \/ Yoast SEO plugin. -->","yoast_head_json":{"title":"Yhteisty\u00f6verkosto - Biotalouden erikoistumiskoulutus It\u00e4-Suomi","robots":{"index":"index","follow":"follow","max-snippet":"max-snippet:-1","max-image-preview":"max-image-preview:large","max-video-preview":"max-video-preview:-1"},"canonical":"https:\/\/blogs2.uef.fi\/biotalouskoulutus\/biotalouskoulutuksen-kehittaminen\/yhteistyoverkosto\/","og_locale":"fi_FI","og_type":"article","og_title":"Yhteisty\u00f6verkosto - Biotalouden erikoistumiskoulutus It\u00e4-Suomi","og_description":"Verkoston tarkoituksena on lis\u00e4t\u00e4 it\u00e4suomalaisten yritysten ja asiantuntijoiden osaamista biotalouden alalta. Biotalous on laaja kokonaisuus ja se k\u00e4sitt\u00e4\u00e4 mets\u00e4talouden, kalatalouden ja vesiymp\u00e4rist\u00f6t, maatalouden (ruuan tuotanto), osan kemianteollisuudesta, osan rakentamisesta (puurakentaminen) sek\u00e4 osan energiatoimialasta (biopohjaiset energianl\u00e4hteet). Verkoston tarkoituksena on v\u00e4litt\u00e4\u00e4 kolmen korkeakoulun osaamista biotalouden eri toimialoilta. Biotalouden koulutuksen ja TKI-toiminnan yhteisty\u00f6n\u00e4 on tunnistettu olemassa olevat ekosysteemit [&hellip;]","og_url":"https:\/\/blogs2.uef.fi\/biotalouskoulutus\/biotalouskoulutuksen-kehittaminen\/yhteistyoverkosto\/","og_site_name":"Biotalouden erikoistumiskoulutus It\u00e4-Suomi","article_modified_time":"2022-12-22T08:41:06+00:00","og_image":[{"url":"https:\/\/www.biotalouskoulutusitasuomi.fi\/wp-content\/uploads\/sites\/71\/2022\/12\/vuosikello_versio2_jpg.jpg","type":"","width":"","height":""}],"twitter_card":"summary_large_image","twitter_misc":{"Arvioitu lukuaika":"1 minuutti"},"schema":{"@context":"https:\/\/schema.org","@graph":[{"@type":"WebPage","@id":"https:\/\/blogs2.uef.fi\/biotalouskoulutus\/biotalouskoulutuksen-kehittaminen\/yhteistyoverkosto\/","url":"https:\/\/blogs2.uef.fi\/biotalouskoulutus\/biotalouskoulutuksen-kehittaminen\/yhteistyoverkosto\/","name":"Yhteisty\u00f6verkosto - Biotalouden erikoistumiskoulutus It\u00e4-Suomi","isPartOf":{"@id":"https:\/\/www.biotalouskoulutus.fi\/#website"},"primaryImageOfPage":{"@id":"https:\/\/blogs2.uef.fi\/biotalouskoulutus\/biotalouskoulutuksen-kehittaminen\/yhteistyoverkosto\/#primaryimage"},"image":{"@id":"https:\/\/blogs2.uef.fi\/biotalouskoulutus\/biotalouskoulutuksen-kehittaminen\/yhteistyoverkosto\/#primaryimage"},"thumbnailUrl":"https:\/\/www.biotalouskoulutusitasuomi.fi\/wp-content\/uploads\/sites\/71\/2022\/12\/vuosikello_versio2_jpg.jpg","datePublished":"2022-06-27T10:52:00+00:00","dateModified":"2022-12-22T08:41:06+00:00","breadcrumb":{"@id":"https:\/\/blogs2.uef.fi\/biotalouskoulutus\/biotalouskoulutuksen-kehittaminen\/yhteistyoverkosto\/#breadcrumb"},"inLanguage":"fi","potentialAction":[{"@type":"ReadAction","target":["https:\/\/blogs2.uef.fi\/biotalouskoulutus\/biotalouskoulutuksen-kehittaminen\/yhteistyoverkosto\/"]}]},{"@type":"ImageObject","inLanguage":"fi","@id":"https:\/\/blogs2.uef.fi\/biotalouskoulutus\/biotalouskoulutuksen-kehittaminen\/yhteistyoverkosto\/#primaryimage","url":"https:\/\/www.biotalouskoulutusitasuomi.fi\/wp-content\/uploads\/sites\/71\/2022\/12\/vuosikello_versio2_jpg.jpg","contentUrl":"https:\/\/www.biotalouskoulutusitasuomi.fi\/wp-content\/uploads\/sites\/71\/2022\/12\/vuosikello_versio2_jpg.jpg"},{"@type":"BreadcrumbList","@id":"https:\/\/blogs2.uef.fi\/biotalouskoulutus\/biotalouskoulutuksen-kehittaminen\/yhteistyoverkosto\/#breadcrumb","itemListElement":[{"@type":"ListItem","position":1,"name":"Home","item":"https:\/\/www.biotalouskoulutus.fi\/"},{"@type":"ListItem","position":2,"name":"Biotalouskoulutuksen kehitt\u00e4minen","item":"https:\/\/blogs2.uef.fi\/biotalouskoulutus\/biotalouskoulutuksen-kehittaminen\/"},{"@type":"ListItem","position":3,"name":"Yhteisty\u00f6verkosto"}]},{"@type":"WebSite","@id":"https:\/\/www.biotalouskoulutus.fi\/#website","url":"https:\/\/www.biotalouskoulutus.fi\/","name":"Biotalouden erikoistumiskoulutus It\u00e4-Suomi","description":"Biotalouden erikoistumiskoulutus It\u00e4-Suomessa - innovaatioita ja osaamista korkeakoulujen ja yritysen yhteisty\u00f6n\u00e4. Koulutuksen painotukset: mets\u00e4biotalous, biotalouden sivuvirrat, biojalostus ja energiabiotalous.","potentialAction":[{"@type":"SearchAction","target":{"@type":"EntryPoint","urlTemplate":"https:\/\/www.biotalouskoulutus.fi\/?s={search_term_string}"},"query-input":{"@type":"PropertyValueSpecification","valueRequired":true,"valueName":"search_term_string"}}],"inLanguage":"fi"}]}},"_links":{"self":[{"href":"https:\/\/blogs2.uef.fi\/biotalouskoulutus\/wp-json\/wp\/v2\/pages\/3552","targetHints":{"allow":["GET"]}}],"collection":[{"href":"https:\/\/blogs2.uef.fi\/biotalouskoulutus\/wp-json\/wp\/v2\/pages"}],"about":[{"href":"https:\/\/blogs2.uef.fi\/biotalouskoulutus\/wp-json\/wp\/v2\/types\/page"}],"author":[{"embeddable":true,"href":"https:\/\/blogs2.uef.fi\/biotalouskoulutus\/wp-json\/wp\/v2\/users\/95"}],"replies":[{"embeddable":true,"href":"https:\/\/blogs2.uef.fi\/biotalouskoulutus\/wp-json\/wp\/v2\/comments?post=3552"}],"version-history":[{"count":2,"href":"https:\/\/blogs2.uef.fi\/biotalouskoulutus\/wp-json\/wp\/v2\/pages\/3552\/revisions"}],"predecessor-version":[{"id":3954,"href":"https:\/\/blogs2.uef.fi\/biotalouskoulutus\/wp-json\/wp\/v2\/pages\/3552\/revisions\/3954"}],"up":[{"embeddable":true,"href":"https:\/\/blogs2.uef.fi\/biotalouskoulutus\/wp-json\/wp\/v2\/pages\/134"}],"wp:attachment":[{"href":"https:\/\/blogs2.uef.fi\/biotalouskoulutus\/wp-json\/wp\/v2\/media?parent=3552"}],"curies":[{"name":"wp","href":"https:\/\/api.w.org\/{rel}","templated":true}]}}