{"id":598,"date":"2020-03-30T11:21:52","date_gmt":"2020-03-30T08:21:52","guid":{"rendered":"https:\/\/www.biotalouskoulutusitasuomi.fi\/?page_id=598"},"modified":"2022-06-27T13:08:34","modified_gmt":"2022-06-27T10:08:34","slug":"biotalouskoulutus-ita-suomessa","status":"publish","type":"page","link":"https:\/\/blogs2.uef.fi\/biotalouskoulutus\/koulutus1\/biotalouskoulutus-ita-suomessa\/","title":{"rendered":"Biotalouden erikoistumiskoulutus 2022-2023"},"content":{"rendered":"<p>It\u00e4-Suomessa\u00a0<a href=\"https:\/\/www.biotalouskoulutusitasuomi.fi\/koulutus\/opetussuunnitelma\/\">Biotalouden erikoistumiskoulutuksesta\u00a0(30 op)<\/a> ovat vastanneet It\u00e4-Suomen yliopisto, Karelia-ammattikorkeakoulu ja Savonia-ammattikorkeakoulu yhdess\u00e4. Koulutuksen tavoitteellinen suoritusaika on ollut 1,5 vuotta. Koulutusta on toteutettu monimuoto-opintoina koostuen p\u00e4\u00e4asiallisesti verkko-opinnoista, mutta my\u00f6s l\u00e4hiopintop\u00e4ivist\u00e4. Opetus ja oppiminen on rakentunut yrityskohtaisten kehitt\u00e4misteht\u00e4vien ymp\u00e4rille.<\/p>\n<p>Koulutusta on j\u00e4rjestetty opetus- ja kulttuuriministeri\u00f6n my\u00f6nt\u00e4m\u00e4ll\u00e4 erityisavustuksella vuosina 2018-2023. Lis\u00e4ksi Euroopan sosiaalirahaston rahoituksen avulla It\u00e4-Suomen yliopisto sek\u00e4 Karelia- ja Savonia-ammattikorkeakoulut yhdess\u00e4 biotalouden yritysten ja muiden organisaatioiden kanssa ovat kehitt\u00e4neet uuden ty\u00f6el\u00e4m\u00e4l\u00e4ht\u00f6isen oppimisen ja opettamisen mallin, jota pilotoitiin Biotalouden erikoistumiskoulutuksessa 2018-2020. Euroopan sosiaalirahaston tuella biotalouskoulutusta on edelleen kehitetty niin kotimaassa kuin kansainv\u00e4lisestikin yhteisty\u00f6verkostoja vahvistaen 2020-2022.<\/p>\n<p>Biotalouden erikoistumiskoulutus on ollut yksi keskeisimpi\u00e4 kehitt\u00e4misen kohteita. Erikoistumiskoulutus on suunnattu henkil\u00f6ille, jotka toimivat tai tulevat toimimaan biotalouden alalla, yrityksiss\u00e4, neuvonta- tai edist\u00e4misteht\u00e4viss\u00e4, ammatillisina opettajina tai ovat biotaloutta edist\u00e4vi\u00e4 julkisia toimijoita. Koulutus sopii yritt\u00e4jille tai yritt\u00e4jiksi aikoville, jotka toimivat esimerkiksi biotuotannossa ja sen raaka-ainehankinnassa. Erikoistumiskoulutukseen voit tutustua tarkemmin <a href=\"https:\/\/www.biotalouskoulutusitasuomi.fi\/wp-content\/uploads\/sites\/71\/2020\/04\/Is-bioerko_k\u00e4sikirja-1.pdf\">It\u00e4-Suomen Biotalouden erikoistumiskoulutuksen k\u00e4sikirja<\/a>n avulla.<\/p>\n<p>&nbsp;<\/p>\n<p><img loading=\"lazy\" decoding=\"async\" class=\"wp-image-1545 size-medium alignleft\" src=\"https:\/\/www.biotalouskoulutusitasuomi.fi\/wp-content\/uploads\/sites\/71\/2020\/10\/Suomi-bioerko-1-176x300.png\" alt=\"Bioerko It\u00e4-Suomessa Suomen kartalle sijoitettuna\" width=\"176\" height=\"300\" srcset=\"https:\/\/blogs2.uef.fi\/biotalouskoulutus\/wp-content\/uploads\/sites\/71\/2020\/10\/Suomi-bioerko-1-176x300.png 176w, https:\/\/blogs2.uef.fi\/biotalouskoulutus\/wp-content\/uploads\/sites\/71\/2020\/10\/Suomi-bioerko-1-601x1024.png 601w, https:\/\/blogs2.uef.fi\/biotalouskoulutus\/wp-content\/uploads\/sites\/71\/2020\/10\/Suomi-bioerko-1-768x1309.png 768w, https:\/\/blogs2.uef.fi\/biotalouskoulutus\/wp-content\/uploads\/sites\/71\/2020\/10\/Suomi-bioerko-1.png 869w\" sizes=\"auto, (max-width: 176px) 100vw, 176px\" \/><\/p>\n<div style=\"width: 100%;float: lef\">\n<div style=\"font-size: 10px;color: #cccccc;overflow: hidden;font-family: Interstate,Lucida Grande,Lucida Sans Unicode,Lucida Sans,Garuda,Verdana,Tahoma,sans-serif;font-weight: 100\"><a style=\"color: #cccccc;text-decoration: none\" title=\"University of Eastern Finland\" href=\"https:\/\/soundcloud.com\/uniuef\" target=\"_blank\" rel=\"noopener\">University of Eastern Finland<\/a> \u00b7 <a style=\"color: #cccccc;text-decoration: none\" title=\"Akateeminen vartti: Biotalouden koulutus vahvistaa alan asiantuntijoiden osaamista\" href=\"https:\/\/soundcloud.com\/uniuef\/akateeminen-vartti-biotalouden-koulutus-vahvistaa-alan-asiantuntijoiden-osaamista\" target=\"_blank\" rel=\"noopener\">Akateeminen vartti: Biotalouden koulutus vahvistaa alan asiantuntijoiden osaamista<\/a><\/div>\n<\/div>\n","protected":false},"excerpt":{"rendered":"<p>It\u00e4-Suomessa\u00a0Biotalouden erikoistumiskoulutuksesta\u00a0(30 op) ovat vastanneet It\u00e4-Suomen yliopisto, Karelia-ammattikorkeakoulu ja Savonia-ammattikorkeakoulu yhdess\u00e4. Koulutuksen tavoitteellinen suoritusaika on ollut 1,5 vuotta. Koulutusta on toteutettu monimuoto-opintoina koostuen p\u00e4\u00e4asiallisesti verkko-opinnoista, mutta my\u00f6s l\u00e4hiopintop\u00e4ivist\u00e4. Opetus ja oppiminen on rakentunut yrityskohtaisten kehitt\u00e4misteht\u00e4vien ymp\u00e4rille. Koulutusta on j\u00e4rjestetty opetus- ja kulttuuriministeri\u00f6n my\u00f6nt\u00e4m\u00e4ll\u00e4 erityisavustuksella vuosina 2018-2023. Lis\u00e4ksi Euroopan sosiaalirahaston rahoituksen avulla It\u00e4-Suomen yliopisto sek\u00e4 Karelia- [&hellip;]<\/p>\n","protected":false},"author":262,"featured_media":0,"parent":580,"menu_order":2,"comment_status":"closed","ping_status":"closed","template":"","meta":{"_acf_changed":false,"_relevanssi_hide_post":"","_relevanssi_hide_content":"","_relevanssi_pin_for_all":"","_relevanssi_pin_keywords":"","_relevanssi_unpin_keywords":"","_relevanssi_related_keywords":"","_relevanssi_related_include_ids":"","_relevanssi_related_exclude_ids":"","_relevanssi_related_no_append":"","_relevanssi_related_not_related":"","_relevanssi_related_posts":"","_relevanssi_noindex_reason":"","footnotes":""},"class_list":["post-598","page","type-page","status-publish","hentry"],"acf":[],"yoast_head":"<!-- This site is optimized with the Yoast SEO plugin v27.3 - https:\/\/yoast.com\/product\/yoast-seo-wordpress\/ -->\n<title>Biotalouden erikoistumiskoulutus 2022-2023 - Biotalouden erikoistumiskoulutus It\u00e4-Suomi<\/title>\n<meta name=\"robots\" content=\"index, follow, max-snippet:-1, max-image-preview:large, max-video-preview:-1\" \/>\n<link rel=\"canonical\" href=\"https:\/\/blogs2.uef.fi\/biotalouskoulutus\/koulutus1\/biotalouskoulutus-ita-suomessa\/\" \/>\n<meta property=\"og:locale\" content=\"fi_FI\" \/>\n<meta property=\"og:type\" content=\"article\" \/>\n<meta property=\"og:title\" content=\"Biotalouden erikoistumiskoulutus 2022-2023 - Biotalouden erikoistumiskoulutus It\u00e4-Suomi\" \/>\n<meta property=\"og:description\" content=\"It\u00e4-Suomessa\u00a0Biotalouden erikoistumiskoulutuksesta\u00a0(30 op) ovat vastanneet It\u00e4-Suomen yliopisto, Karelia-ammattikorkeakoulu ja Savonia-ammattikorkeakoulu yhdess\u00e4. Koulutuksen tavoitteellinen suoritusaika on ollut 1,5 vuotta. Koulutusta on toteutettu monimuoto-opintoina koostuen p\u00e4\u00e4asiallisesti verkko-opinnoista, mutta my\u00f6s l\u00e4hiopintop\u00e4ivist\u00e4. Opetus ja oppiminen on rakentunut yrityskohtaisten kehitt\u00e4misteht\u00e4vien ymp\u00e4rille. Koulutusta on j\u00e4rjestetty opetus- ja kulttuuriministeri\u00f6n my\u00f6nt\u00e4m\u00e4ll\u00e4 erityisavustuksella vuosina 2018-2023. Lis\u00e4ksi Euroopan sosiaalirahaston rahoituksen avulla It\u00e4-Suomen yliopisto sek\u00e4 Karelia- [&hellip;]\" \/>\n<meta property=\"og:url\" content=\"https:\/\/blogs2.uef.fi\/biotalouskoulutus\/koulutus1\/biotalouskoulutus-ita-suomessa\/\" \/>\n<meta property=\"og:site_name\" content=\"Biotalouden erikoistumiskoulutus It\u00e4-Suomi\" \/>\n<meta property=\"article:modified_time\" content=\"2022-06-27T10:08:34+00:00\" \/>\n<meta property=\"og:image\" content=\"https:\/\/www.biotalouskoulutusitasuomi.fi\/wp-content\/uploads\/sites\/71\/2020\/10\/Suomi-bioerko-1-176x300.png\" \/>\n<meta name=\"twitter:card\" content=\"summary_large_image\" \/>\n<meta name=\"twitter:label1\" content=\"Arvioitu lukuaika\" \/>\n\t<meta name=\"twitter:data1\" content=\"1 minuutti\" \/>\n<script type=\"application\/ld+json\" class=\"yoast-schema-graph\">{\"@context\":\"https:\\\/\\\/schema.org\",\"@graph\":[{\"@type\":\"WebPage\",\"@id\":\"https:\\\/\\\/blogs2.uef.fi\\\/biotalouskoulutus\\\/koulutus1\\\/biotalouskoulutus-ita-suomessa\\\/\",\"url\":\"https:\\\/\\\/blogs2.uef.fi\\\/biotalouskoulutus\\\/koulutus1\\\/biotalouskoulutus-ita-suomessa\\\/\",\"name\":\"Biotalouden erikoistumiskoulutus 2022-2023 - Biotalouden erikoistumiskoulutus It\u00e4-Suomi\",\"isPartOf\":{\"@id\":\"https:\\\/\\\/www.biotalouskoulutus.fi\\\/#website\"},\"primaryImageOfPage\":{\"@id\":\"https:\\\/\\\/blogs2.uef.fi\\\/biotalouskoulutus\\\/koulutus1\\\/biotalouskoulutus-ita-suomessa\\\/#primaryimage\"},\"image\":{\"@id\":\"https:\\\/\\\/blogs2.uef.fi\\\/biotalouskoulutus\\\/koulutus1\\\/biotalouskoulutus-ita-suomessa\\\/#primaryimage\"},\"thumbnailUrl\":\"https:\\\/\\\/www.biotalouskoulutusitasuomi.fi\\\/wp-content\\\/uploads\\\/sites\\\/71\\\/2020\\\/10\\\/Suomi-bioerko-1-176x300.png\",\"datePublished\":\"2020-03-30T08:21:52+00:00\",\"dateModified\":\"2022-06-27T10:08:34+00:00\",\"breadcrumb\":{\"@id\":\"https:\\\/\\\/blogs2.uef.fi\\\/biotalouskoulutus\\\/koulutus1\\\/biotalouskoulutus-ita-suomessa\\\/#breadcrumb\"},\"inLanguage\":\"fi\",\"potentialAction\":[{\"@type\":\"ReadAction\",\"target\":[\"https:\\\/\\\/blogs2.uef.fi\\\/biotalouskoulutus\\\/koulutus1\\\/biotalouskoulutus-ita-suomessa\\\/\"]}]},{\"@type\":\"ImageObject\",\"inLanguage\":\"fi\",\"@id\":\"https:\\\/\\\/blogs2.uef.fi\\\/biotalouskoulutus\\\/koulutus1\\\/biotalouskoulutus-ita-suomessa\\\/#primaryimage\",\"url\":\"https:\\\/\\\/www.biotalouskoulutusitasuomi.fi\\\/wp-content\\\/uploads\\\/sites\\\/71\\\/2020\\\/10\\\/Suomi-bioerko-1-176x300.png\",\"contentUrl\":\"https:\\\/\\\/www.biotalouskoulutusitasuomi.fi\\\/wp-content\\\/uploads\\\/sites\\\/71\\\/2020\\\/10\\\/Suomi-bioerko-1-176x300.png\"},{\"@type\":\"BreadcrumbList\",\"@id\":\"https:\\\/\\\/blogs2.uef.fi\\\/biotalouskoulutus\\\/koulutus1\\\/biotalouskoulutus-ita-suomessa\\\/#breadcrumb\",\"itemListElement\":[{\"@type\":\"ListItem\",\"position\":1,\"name\":\"Home\",\"item\":\"https:\\\/\\\/www.biotalouskoulutus.fi\\\/\"},{\"@type\":\"ListItem\",\"position\":2,\"name\":\"Koulutus\",\"item\":\"https:\\\/\\\/blogs2.uef.fi\\\/biotalouskoulutus\\\/koulutus1\\\/\"},{\"@type\":\"ListItem\",\"position\":3,\"name\":\"Biotalouden erikoistumiskoulutus 2022-2023\"}]},{\"@type\":\"WebSite\",\"@id\":\"https:\\\/\\\/www.biotalouskoulutus.fi\\\/#website\",\"url\":\"https:\\\/\\\/www.biotalouskoulutus.fi\\\/\",\"name\":\"Biotalouden erikoistumiskoulutus It\u00e4-Suomi\",\"description\":\"Biotalouden erikoistumiskoulutus It\u00e4-Suomessa - innovaatioita ja osaamista korkeakoulujen ja yritysen yhteisty\u00f6n\u00e4. Koulutuksen painotukset: mets\u00e4biotalous, biotalouden sivuvirrat, biojalostus ja energiabiotalous.\",\"potentialAction\":[{\"@type\":\"SearchAction\",\"target\":{\"@type\":\"EntryPoint\",\"urlTemplate\":\"https:\\\/\\\/www.biotalouskoulutus.fi\\\/?s={search_term_string}\"},\"query-input\":{\"@type\":\"PropertyValueSpecification\",\"valueRequired\":true,\"valueName\":\"search_term_string\"}}],\"inLanguage\":\"fi\"}]}<\/script>\n<!-- \/ Yoast SEO plugin. -->","yoast_head_json":{"title":"Biotalouden erikoistumiskoulutus 2022-2023 - Biotalouden erikoistumiskoulutus It\u00e4-Suomi","robots":{"index":"index","follow":"follow","max-snippet":"max-snippet:-1","max-image-preview":"max-image-preview:large","max-video-preview":"max-video-preview:-1"},"canonical":"https:\/\/blogs2.uef.fi\/biotalouskoulutus\/koulutus1\/biotalouskoulutus-ita-suomessa\/","og_locale":"fi_FI","og_type":"article","og_title":"Biotalouden erikoistumiskoulutus 2022-2023 - Biotalouden erikoistumiskoulutus It\u00e4-Suomi","og_description":"It\u00e4-Suomessa\u00a0Biotalouden erikoistumiskoulutuksesta\u00a0(30 op) ovat vastanneet It\u00e4-Suomen yliopisto, Karelia-ammattikorkeakoulu ja Savonia-ammattikorkeakoulu yhdess\u00e4. Koulutuksen tavoitteellinen suoritusaika on ollut 1,5 vuotta. Koulutusta on toteutettu monimuoto-opintoina koostuen p\u00e4\u00e4asiallisesti verkko-opinnoista, mutta my\u00f6s l\u00e4hiopintop\u00e4ivist\u00e4. Opetus ja oppiminen on rakentunut yrityskohtaisten kehitt\u00e4misteht\u00e4vien ymp\u00e4rille. Koulutusta on j\u00e4rjestetty opetus- ja kulttuuriministeri\u00f6n my\u00f6nt\u00e4m\u00e4ll\u00e4 erityisavustuksella vuosina 2018-2023. Lis\u00e4ksi Euroopan sosiaalirahaston rahoituksen avulla It\u00e4-Suomen yliopisto sek\u00e4 Karelia- [&hellip;]","og_url":"https:\/\/blogs2.uef.fi\/biotalouskoulutus\/koulutus1\/biotalouskoulutus-ita-suomessa\/","og_site_name":"Biotalouden erikoistumiskoulutus It\u00e4-Suomi","article_modified_time":"2022-06-27T10:08:34+00:00","og_image":[{"url":"https:\/\/www.biotalouskoulutusitasuomi.fi\/wp-content\/uploads\/sites\/71\/2020\/10\/Suomi-bioerko-1-176x300.png","type":"","width":"","height":""}],"twitter_card":"summary_large_image","twitter_misc":{"Arvioitu lukuaika":"1 minuutti"},"schema":{"@context":"https:\/\/schema.org","@graph":[{"@type":"WebPage","@id":"https:\/\/blogs2.uef.fi\/biotalouskoulutus\/koulutus1\/biotalouskoulutus-ita-suomessa\/","url":"https:\/\/blogs2.uef.fi\/biotalouskoulutus\/koulutus1\/biotalouskoulutus-ita-suomessa\/","name":"Biotalouden erikoistumiskoulutus 2022-2023 - Biotalouden erikoistumiskoulutus It\u00e4-Suomi","isPartOf":{"@id":"https:\/\/www.biotalouskoulutus.fi\/#website"},"primaryImageOfPage":{"@id":"https:\/\/blogs2.uef.fi\/biotalouskoulutus\/koulutus1\/biotalouskoulutus-ita-suomessa\/#primaryimage"},"image":{"@id":"https:\/\/blogs2.uef.fi\/biotalouskoulutus\/koulutus1\/biotalouskoulutus-ita-suomessa\/#primaryimage"},"thumbnailUrl":"https:\/\/www.biotalouskoulutusitasuomi.fi\/wp-content\/uploads\/sites\/71\/2020\/10\/Suomi-bioerko-1-176x300.png","datePublished":"2020-03-30T08:21:52+00:00","dateModified":"2022-06-27T10:08:34+00:00","breadcrumb":{"@id":"https:\/\/blogs2.uef.fi\/biotalouskoulutus\/koulutus1\/biotalouskoulutus-ita-suomessa\/#breadcrumb"},"inLanguage":"fi","potentialAction":[{"@type":"ReadAction","target":["https:\/\/blogs2.uef.fi\/biotalouskoulutus\/koulutus1\/biotalouskoulutus-ita-suomessa\/"]}]},{"@type":"ImageObject","inLanguage":"fi","@id":"https:\/\/blogs2.uef.fi\/biotalouskoulutus\/koulutus1\/biotalouskoulutus-ita-suomessa\/#primaryimage","url":"https:\/\/www.biotalouskoulutusitasuomi.fi\/wp-content\/uploads\/sites\/71\/2020\/10\/Suomi-bioerko-1-176x300.png","contentUrl":"https:\/\/www.biotalouskoulutusitasuomi.fi\/wp-content\/uploads\/sites\/71\/2020\/10\/Suomi-bioerko-1-176x300.png"},{"@type":"BreadcrumbList","@id":"https:\/\/blogs2.uef.fi\/biotalouskoulutus\/koulutus1\/biotalouskoulutus-ita-suomessa\/#breadcrumb","itemListElement":[{"@type":"ListItem","position":1,"name":"Home","item":"https:\/\/www.biotalouskoulutus.fi\/"},{"@type":"ListItem","position":2,"name":"Koulutus","item":"https:\/\/blogs2.uef.fi\/biotalouskoulutus\/koulutus1\/"},{"@type":"ListItem","position":3,"name":"Biotalouden erikoistumiskoulutus 2022-2023"}]},{"@type":"WebSite","@id":"https:\/\/www.biotalouskoulutus.fi\/#website","url":"https:\/\/www.biotalouskoulutus.fi\/","name":"Biotalouden erikoistumiskoulutus It\u00e4-Suomi","description":"Biotalouden erikoistumiskoulutus It\u00e4-Suomessa - innovaatioita ja osaamista korkeakoulujen ja yritysen yhteisty\u00f6n\u00e4. Koulutuksen painotukset: mets\u00e4biotalous, biotalouden sivuvirrat, biojalostus ja energiabiotalous.","potentialAction":[{"@type":"SearchAction","target":{"@type":"EntryPoint","urlTemplate":"https:\/\/www.biotalouskoulutus.fi\/?s={search_term_string}"},"query-input":{"@type":"PropertyValueSpecification","valueRequired":true,"valueName":"search_term_string"}}],"inLanguage":"fi"}]}},"_links":{"self":[{"href":"https:\/\/blogs2.uef.fi\/biotalouskoulutus\/wp-json\/wp\/v2\/pages\/598","targetHints":{"allow":["GET"]}}],"collection":[{"href":"https:\/\/blogs2.uef.fi\/biotalouskoulutus\/wp-json\/wp\/v2\/pages"}],"about":[{"href":"https:\/\/blogs2.uef.fi\/biotalouskoulutus\/wp-json\/wp\/v2\/types\/page"}],"author":[{"embeddable":true,"href":"https:\/\/blogs2.uef.fi\/biotalouskoulutus\/wp-json\/wp\/v2\/users\/262"}],"replies":[{"embeddable":true,"href":"https:\/\/blogs2.uef.fi\/biotalouskoulutus\/wp-json\/wp\/v2\/comments?post=598"}],"version-history":[{"count":5,"href":"https:\/\/blogs2.uef.fi\/biotalouskoulutus\/wp-json\/wp\/v2\/pages\/598\/revisions"}],"predecessor-version":[{"id":3525,"href":"https:\/\/blogs2.uef.fi\/biotalouskoulutus\/wp-json\/wp\/v2\/pages\/598\/revisions\/3525"}],"up":[{"embeddable":true,"href":"https:\/\/blogs2.uef.fi\/biotalouskoulutus\/wp-json\/wp\/v2\/pages\/580"}],"wp:attachment":[{"href":"https:\/\/blogs2.uef.fi\/biotalouskoulutus\/wp-json\/wp\/v2\/media?parent=598"}],"curies":[{"name":"wp","href":"https:\/\/api.w.org\/{rel}","templated":true}]}}