{"id":154,"date":"2018-12-11T08:10:11","date_gmt":"2018-12-11T06:10:11","guid":{"rendered":"https:\/\/ita-suomenbiopankki.fi\/?page_id=154"},"modified":"2024-03-21T10:19:29","modified_gmt":"2024-03-21T08:19:29","slug":"suostumus-suostumuksen-peruutus-ja-biopankkikielto","status":"publish","type":"page","link":"https:\/\/blogs2.uef.fi\/itasuomenbiopankki-vanha\/kansalaisille\/suostumus-suostumuksen-peruutus-ja-biopankkikielto\/","title":{"rendered":"Biopankkisuostumus ja hyv\u00e4ksynt\u00e4 \/ biopankkikieltolomake"},"content":{"rendered":"<h1><strong>Biopankkisuostumus ja hyv\u00e4ksynt\u00e4 \/ biopankkikieltolomake<\/strong><\/h1>\n<p>Biopankkitoimintaan voi osallistua kuka tahansa. N\u00e4ytteiden ker\u00e4\u00e4minen biopankkiin edellytt\u00e4\u00e4 aina tietoon perustuvaa suostumusta. Ennen biopankkisuostumus- ja hyv\u00e4ksynt\u00e4lomakkeen allekirjoittamista on tutustuttava huolellisesti selvitykseen, jossa on kerrottu biopankin toiminnasta ja biopankkitutkimuksesta.<\/p>\n<p>Biopankkisuostumuksen ja hyv\u00e4ksynn\u00e4n voi peruuttaa ennen n\u00e4ytteen antamista tai viimeist\u00e4\u00e4n ennen n\u00e4ytteen ja siihen liittyvien tietojen luovuttamista biopankkiin.<\/p>\n<p>Voit perua suostumuksen ja\/tai k\u00e4ytt\u00e4\u00e4 EU:n yleisen tietosuoja-asetuksen 21 artiklan mukaista vastustamisoikeutta toimittamalla allekirjoitetun kieltolomakkeen It\u00e4-Suomen Biopankkiin tai hoito- tai tutkimushenkil\u00f6kunnalle. Voit vastustaa henkil\u00f6tietojesi k\u00e4sittely\u00e4 joko osittain tai t\u00e4ysin. K\u00e4yt\u00e4nn\u00f6ss\u00e4 my\u00f6s osittainen henkil\u00f6tietojen k\u00e4sittelyn vastustaminen johtaa kaikkien henkil\u00f6tietojen k\u00e4yt\u00f6n est\u00e4miseen. Huomioithan, ett\u00e4 biopankki tulkitsee suostumuksen perumisen sis\u00e4lt\u00e4v\u00e4n my\u00f6s vastustamisoikeuden k\u00e4yt\u00f6n.<\/p>\n<p>Suostumuksen peruminen ja\/tai vastustamisoikeuden k\u00e4ytt\u00f6 astuvat voimaan biopankin vastaanotettua tiedon niist\u00e4.<br \/>\nSuostumuksen ja hyv\u00e4ksynn\u00e4n antamatta j\u00e4tt\u00e4minen, suostumuksen my\u00f6hempi peruuttaminen ja\/tai vastustamisoikeuden k\u00e4ytt\u00f6 eiv\u00e4t vaikuta saataviin terveydenhuoltopalveluihin tai hoitoon. N\u00e4ytteiden antaminen on aina vapaaehtoista, vaikka olisi antanut suostumuksen ja hyv\u00e4ksynn\u00e4n.<\/p>\n<p><a href=\"https:\/\/ita-suomenbiopankki.fi\/ita-suomen-biopankki\/vanhojen-naytekokoelmien-siirto\/\">Vanhojen n\u00e4ytekokoelmien<\/a> siirto It\u00e4-Suomen Biopankkiin tehd\u00e4\u00e4n julkisen tiedonannon menettelyll\u00e4. Mik\u00e4li n\u00e4ytteen antaja haluaa kielt\u00e4\u00e4 vanhojen n\u00e4ytteidens\u00e4 siirron ja k\u00e4yt\u00f6n biopankissa, tulee h\u00e4nen t\u00e4ytt\u00e4\u00e4 biopankkikieltolomake.<\/p>\n<h2>Miten valitsen oikean lomakkeen?<\/h2>\n<p>Huomioithan, ett\u00e4 biopankin suostumus n\u00e4ytteiden keruuseen ja hyv\u00e4ksynt\u00e4 tietojen liitt\u00e4miseen n\u00e4ytteeseen on teht\u00e4v\u00e4 oikealla lomakkeella, jotta se on voimassa.<\/p>\n<p>Voit perua suostumuksen ja\/tai k\u00e4ytt\u00e4\u00e4 vastustamisoikeutta allekirjoittamalla kieltolomakkeen.<\/p>\n<p><a href=\"https:\/\/ita-suomenbiopankki.fi\/kansalaisille\/miten-valitsen-oikean-lomakkeen\/\">Tarkemmat ohjeet lomakkeen valintaan.<\/a><\/p>\n<h2>S\u00e4hk\u00f6inen biopankkisuostumus ja hyv\u00e4ksynt\u00e4 ja kieltolomake<\/h2>\n<p>Biopankkisuostumus- ja hyv\u00e4ksynt\u00e4 on mahdollista antaa my\u00f6s s\u00e4hk\u00f6isesti. S\u00e4hk\u00f6isen suostumuksen ja hyv\u00e4ksynn\u00e4n voi antaa t\u00e4ysi-ik\u00e4inen, t\u00e4ysvaltainen henkil\u00f6.<\/p>\n<p><a href=\"https:\/\/ita-suomenbiopankki.fi\/kansalaisille\/sahkoinen-suostumus\/\">Tarkemmat ohjeet s\u00e4hk\u00f6iseen suostumukseen ja kieltoon.<\/a><\/p>\n","protected":false},"excerpt":{"rendered":"<p>Biopankkisuostumus ja hyv\u00e4ksynt\u00e4 \/ biopankkikieltolomake Biopankkitoimintaan voi osallistua kuka tahansa. N\u00e4ytteiden ker\u00e4\u00e4minen biopankkiin edellytt\u00e4\u00e4 aina tietoon perustuvaa suostumusta. Ennen biopankkisuostumus-&#8230;<\/p>\n","protected":false},"author":1,"featured_media":0,"parent":66,"menu_order":1,"comment_status":"closed","ping_status":"closed","template":"","meta":{"_acf_changed":false,"footnotes":""},"class_list":["post-154","page","type-page","status-publish","hentry"],"acf":[],"yoast_head":"<!-- This site is optimized with the Yoast SEO plugin v27.3 - https:\/\/yoast.com\/product\/yoast-seo-wordpress\/ -->\n<title>Biopankkisuostumus ja hyv\u00e4ksynt\u00e4 \/ biopankkikieltolomake - It\u00e4-Suomen biopankki<\/title>\n<meta name=\"robots\" content=\"index, follow, max-snippet:-1, max-image-preview:large, max-video-preview:-1\" \/>\n<link rel=\"canonical\" href=\"https:\/\/blogs2.uef.fi\/itasuomenbiopankki-vanha\/kansalaisille\/suostumus-suostumuksen-peruutus-ja-biopankkikielto\/\" \/>\n<meta property=\"og:locale\" content=\"fi_FI\" \/>\n<meta property=\"og:type\" content=\"article\" \/>\n<meta property=\"og:title\" content=\"Biopankkisuostumus ja hyv\u00e4ksynt\u00e4 \/ biopankkikieltolomake - It\u00e4-Suomen biopankki\" \/>\n<meta property=\"og:description\" content=\"Biopankkisuostumus ja hyv\u00e4ksynt\u00e4 \/ biopankkikieltolomake Biopankkitoimintaan voi osallistua kuka tahansa. N\u00e4ytteiden ker\u00e4\u00e4minen biopankkiin edellytt\u00e4\u00e4 aina tietoon perustuvaa suostumusta. Ennen biopankkisuostumus-...\" \/>\n<meta property=\"og:url\" content=\"https:\/\/blogs2.uef.fi\/itasuomenbiopankki-vanha\/kansalaisille\/suostumus-suostumuksen-peruutus-ja-biopankkikielto\/\" \/>\n<meta property=\"og:site_name\" content=\"It\u00e4-Suomen biopankki\" \/>\n<meta property=\"article:modified_time\" content=\"2024-03-21T08:19:29+00:00\" \/>\n<meta name=\"twitter:card\" content=\"summary_large_image\" \/>\n<meta name=\"twitter:label1\" content=\"Arvioitu lukuaika\" \/>\n\t<meta name=\"twitter:data1\" content=\"2 minuuttia\" \/>\n<script type=\"application\/ld+json\" class=\"yoast-schema-graph\">{\"@context\":\"https:\\\/\\\/schema.org\",\"@graph\":[{\"@type\":\"WebPage\",\"@id\":\"https:\\\/\\\/blogs2.uef.fi\\\/itasuomenbiopankki-vanha\\\/kansalaisille\\\/suostumus-suostumuksen-peruutus-ja-biopankkikielto\\\/\",\"url\":\"https:\\\/\\\/blogs2.uef.fi\\\/itasuomenbiopankki-vanha\\\/kansalaisille\\\/suostumus-suostumuksen-peruutus-ja-biopankkikielto\\\/\",\"name\":\"Biopankkisuostumus ja hyv\u00e4ksynt\u00e4 \\\/ biopankkikieltolomake - It\u00e4-Suomen biopankki\",\"isPartOf\":{\"@id\":\"https:\\\/\\\/blogs2.uef.fi\\\/itasuomenbiopankki-vanha\\\/#website\"},\"datePublished\":\"2018-12-11T06:10:11+00:00\",\"dateModified\":\"2024-03-21T08:19:29+00:00\",\"breadcrumb\":{\"@id\":\"https:\\\/\\\/blogs2.uef.fi\\\/itasuomenbiopankki-vanha\\\/kansalaisille\\\/suostumus-suostumuksen-peruutus-ja-biopankkikielto\\\/#breadcrumb\"},\"inLanguage\":\"fi\",\"potentialAction\":[{\"@type\":\"ReadAction\",\"target\":[\"https:\\\/\\\/blogs2.uef.fi\\\/itasuomenbiopankki-vanha\\\/kansalaisille\\\/suostumus-suostumuksen-peruutus-ja-biopankkikielto\\\/\"]}]},{\"@type\":\"BreadcrumbList\",\"@id\":\"https:\\\/\\\/blogs2.uef.fi\\\/itasuomenbiopankki-vanha\\\/kansalaisille\\\/suostumus-suostumuksen-peruutus-ja-biopankkikielto\\\/#breadcrumb\",\"itemListElement\":[{\"@type\":\"ListItem\",\"position\":1,\"name\":\"Home\",\"item\":\"https:\\\/\\\/www.ita-suomenbiopankki.fi\\\/\"},{\"@type\":\"ListItem\",\"position\":2,\"name\":\"Kansalaisille\",\"item\":\"https:\\\/\\\/blogs2.uef.fi\\\/itasuomenbiopankki-vanha\\\/kansalaisille\\\/\"},{\"@type\":\"ListItem\",\"position\":3,\"name\":\"Biopankkisuostumus ja hyv\u00e4ksynt\u00e4 \\\/ biopankkikieltolomake\"}]},{\"@type\":\"WebSite\",\"@id\":\"https:\\\/\\\/blogs2.uef.fi\\\/itasuomenbiopankki-vanha\\\/#website\",\"url\":\"https:\\\/\\\/blogs2.uef.fi\\\/itasuomenbiopankki-vanha\\\/\",\"name\":\"It\u00e4-Suomen biopankki\",\"description\":\"\",\"potentialAction\":[{\"@type\":\"SearchAction\",\"target\":{\"@type\":\"EntryPoint\",\"urlTemplate\":\"https:\\\/\\\/blogs2.uef.fi\\\/itasuomenbiopankki-vanha\\\/?s={search_term_string}\"},\"query-input\":{\"@type\":\"PropertyValueSpecification\",\"valueRequired\":true,\"valueName\":\"search_term_string\"}}],\"inLanguage\":\"fi\"}]}<\/script>\n<!-- \/ Yoast SEO plugin. -->","yoast_head_json":{"title":"Biopankkisuostumus ja hyv\u00e4ksynt\u00e4 \/ biopankkikieltolomake - It\u00e4-Suomen biopankki","robots":{"index":"index","follow":"follow","max-snippet":"max-snippet:-1","max-image-preview":"max-image-preview:large","max-video-preview":"max-video-preview:-1"},"canonical":"https:\/\/blogs2.uef.fi\/itasuomenbiopankki-vanha\/kansalaisille\/suostumus-suostumuksen-peruutus-ja-biopankkikielto\/","og_locale":"fi_FI","og_type":"article","og_title":"Biopankkisuostumus ja hyv\u00e4ksynt\u00e4 \/ biopankkikieltolomake - It\u00e4-Suomen biopankki","og_description":"Biopankkisuostumus ja hyv\u00e4ksynt\u00e4 \/ biopankkikieltolomake Biopankkitoimintaan voi osallistua kuka tahansa. N\u00e4ytteiden ker\u00e4\u00e4minen biopankkiin edellytt\u00e4\u00e4 aina tietoon perustuvaa suostumusta. Ennen biopankkisuostumus-...","og_url":"https:\/\/blogs2.uef.fi\/itasuomenbiopankki-vanha\/kansalaisille\/suostumus-suostumuksen-peruutus-ja-biopankkikielto\/","og_site_name":"It\u00e4-Suomen biopankki","article_modified_time":"2024-03-21T08:19:29+00:00","twitter_card":"summary_large_image","twitter_misc":{"Arvioitu lukuaika":"2 minuuttia"},"schema":{"@context":"https:\/\/schema.org","@graph":[{"@type":"WebPage","@id":"https:\/\/blogs2.uef.fi\/itasuomenbiopankki-vanha\/kansalaisille\/suostumus-suostumuksen-peruutus-ja-biopankkikielto\/","url":"https:\/\/blogs2.uef.fi\/itasuomenbiopankki-vanha\/kansalaisille\/suostumus-suostumuksen-peruutus-ja-biopankkikielto\/","name":"Biopankkisuostumus ja hyv\u00e4ksynt\u00e4 \/ biopankkikieltolomake - It\u00e4-Suomen biopankki","isPartOf":{"@id":"https:\/\/blogs2.uef.fi\/itasuomenbiopankki-vanha\/#website"},"datePublished":"2018-12-11T06:10:11+00:00","dateModified":"2024-03-21T08:19:29+00:00","breadcrumb":{"@id":"https:\/\/blogs2.uef.fi\/itasuomenbiopankki-vanha\/kansalaisille\/suostumus-suostumuksen-peruutus-ja-biopankkikielto\/#breadcrumb"},"inLanguage":"fi","potentialAction":[{"@type":"ReadAction","target":["https:\/\/blogs2.uef.fi\/itasuomenbiopankki-vanha\/kansalaisille\/suostumus-suostumuksen-peruutus-ja-biopankkikielto\/"]}]},{"@type":"BreadcrumbList","@id":"https:\/\/blogs2.uef.fi\/itasuomenbiopankki-vanha\/kansalaisille\/suostumus-suostumuksen-peruutus-ja-biopankkikielto\/#breadcrumb","itemListElement":[{"@type":"ListItem","position":1,"name":"Home","item":"https:\/\/www.ita-suomenbiopankki.fi\/"},{"@type":"ListItem","position":2,"name":"Kansalaisille","item":"https:\/\/blogs2.uef.fi\/itasuomenbiopankki-vanha\/kansalaisille\/"},{"@type":"ListItem","position":3,"name":"Biopankkisuostumus ja hyv\u00e4ksynt\u00e4 \/ biopankkikieltolomake"}]},{"@type":"WebSite","@id":"https:\/\/blogs2.uef.fi\/itasuomenbiopankki-vanha\/#website","url":"https:\/\/blogs2.uef.fi\/itasuomenbiopankki-vanha\/","name":"It\u00e4-Suomen biopankki","description":"","potentialAction":[{"@type":"SearchAction","target":{"@type":"EntryPoint","urlTemplate":"https:\/\/blogs2.uef.fi\/itasuomenbiopankki-vanha\/?s={search_term_string}"},"query-input":{"@type":"PropertyValueSpecification","valueRequired":true,"valueName":"search_term_string"}}],"inLanguage":"fi"}]}},"_links":{"self":[{"href":"https:\/\/blogs2.uef.fi\/itasuomenbiopankki-vanha\/wp-json\/wp\/v2\/pages\/154","targetHints":{"allow":["GET"]}}],"collection":[{"href":"https:\/\/blogs2.uef.fi\/itasuomenbiopankki-vanha\/wp-json\/wp\/v2\/pages"}],"about":[{"href":"https:\/\/blogs2.uef.fi\/itasuomenbiopankki-vanha\/wp-json\/wp\/v2\/types\/page"}],"author":[{"embeddable":true,"href":"https:\/\/blogs2.uef.fi\/itasuomenbiopankki-vanha\/wp-json\/wp\/v2\/users\/1"}],"replies":[{"embeddable":true,"href":"https:\/\/blogs2.uef.fi\/itasuomenbiopankki-vanha\/wp-json\/wp\/v2\/comments?post=154"}],"version-history":[{"count":6,"href":"https:\/\/blogs2.uef.fi\/itasuomenbiopankki-vanha\/wp-json\/wp\/v2\/pages\/154\/revisions"}],"predecessor-version":[{"id":4115,"href":"https:\/\/blogs2.uef.fi\/itasuomenbiopankki-vanha\/wp-json\/wp\/v2\/pages\/154\/revisions\/4115"}],"up":[{"embeddable":true,"href":"https:\/\/blogs2.uef.fi\/itasuomenbiopankki-vanha\/wp-json\/wp\/v2\/pages\/66"}],"wp:attachment":[{"href":"https:\/\/blogs2.uef.fi\/itasuomenbiopankki-vanha\/wp-json\/wp\/v2\/media?parent=154"}],"curies":[{"name":"wp","href":"https:\/\/api.w.org\/{rel}","templated":true}]}}