{"id":156,"date":"2018-12-11T08:10:34","date_gmt":"2018-12-11T06:10:34","guid":{"rendered":"https:\/\/ita-suomenbiopankki.fi\/?page_id=156"},"modified":"2024-03-21T13:14:39","modified_gmt":"2024-03-21T11:14:39","slug":"tiedonsaantioikeus","status":"publish","type":"page","link":"https:\/\/blogs2.uef.fi\/itasuomenbiopankki-vanha\/kansalaisille\/tiedonsaantioikeus\/","title":{"rendered":"Tiedonsaantioikeus"},"content":{"rendered":"<h1>Tiedonsaantioikeus<\/h1>\n<p>Sinulla n\u00e4ytteenantajalla on oikeus biopankkilain mukaan tiet\u00e4\u00e4:<\/p>\n<ul>\n<li>s\u00e4ilytet\u00e4\u00e4nk\u00f6 biopankissa sinulta otettuja n\u00e4ytteit\u00e4<\/li>\n<li>jos n\u00e4yteit\u00e4si on biopankissa, mill\u00e4 perusteella n\u00e4yte s\u00e4ilytet\u00e4\u00e4n (suostumus ja hyv\u00e4ksynt\u00e4 vai ilmoitusmenettely vanhojen n\u00e4ytteiden osalta)<\/li>\n<li>mist\u00e4 sinua koskevia tietoja on saatu<\/li>\n<li>mihin sinusta otettuja n\u00e4ytteit\u00e4 ja tietoja on luovutettu tai siirretty<\/li>\n<\/ul>\n<p>Sinulla on my\u00f6s oikeus pyynn\u00f6st\u00e4 saada n\u00e4ytteist\u00e4 m\u00e4\u00e4ritetty terveydentilaa koskeva varmistettu tieto ja selvitys tiedon merkityksest\u00e4, selvitt\u00e4misest\u00e4 voidaan peri\u00e4 tiedon varmentamis- ja selvityskustannukset kattava maksu.<\/p>\n<p>Lis\u00e4ksi sinulla on EU:n tietosuoja-asetuksen mukaiset oikeudet tiedonsaantiin. Lue t\u00e4st\u00e4 lis\u00e4\u00e4 <a href=\"https:\/\/ita-suomenbiopankki.fi\/wp-content\/uploads\/sites\/27\/2023\/02\/Ita-Suomen-Biopankki-Tietosuojaseloste.pdf\" target=\"_blank\" rel=\"noopener\">tietosuojaselosteestamme<\/a>.<\/p>\n<p>Voit tehd\u00e4 tietotopyynn\u00f6n s\u00e4hk\u00f6isesti l\u00e4hett\u00e4m\u00e4ll\u00e4 viestin Biopankin suojattuun s\u00e4hk\u00f6postiin. Valitse vastaanottajaksi <strong>Biopankki<\/strong>. <a href=\"https:\/\/pshyvinvointialue.fi\/suojattu-sahk%C3%B6posti\" target=\"_blank\" rel=\"noopener\">Tarkemmat ohjeet PSHVA:n sivuilla<\/a>.<\/p>\n<p>Halutessasi voit tehd\u00e4 tietopyynn\u00f6n my\u00f6s paperisena. Toimita paperinen tietopyynt\u00f6 joko postitse osoitteeseen: It\u00e4-Suomen Biopankki, PL 100, 70029 KYS tai It\u00e4-Suomen Biopankin palautuspostilaatikoihin.<\/p>\n","protected":false},"excerpt":{"rendered":"<p>Tiedonsaantioikeus Sinulla n\u00e4ytteenantajalla on oikeus biopankkilain mukaan tiet\u00e4\u00e4: s\u00e4ilytet\u00e4\u00e4nk\u00f6 biopankissa sinulta otettuja n\u00e4ytteit\u00e4 jos n\u00e4yteit\u00e4si on biopankissa, mill\u00e4 perusteella n\u00e4yte&#8230;<\/p>\n","protected":false},"author":1,"featured_media":0,"parent":66,"menu_order":2,"comment_status":"closed","ping_status":"closed","template":"","meta":{"_acf_changed":false,"footnotes":""},"class_list":["post-156","page","type-page","status-publish","hentry"],"acf":[],"yoast_head":"<!-- This site is optimized with the Yoast SEO plugin v27.3 - https:\/\/yoast.com\/product\/yoast-seo-wordpress\/ -->\n<title>Tiedonsaantioikeus - It\u00e4-Suomen biopankki<\/title>\n<meta name=\"robots\" content=\"index, follow, max-snippet:-1, max-image-preview:large, max-video-preview:-1\" \/>\n<link rel=\"canonical\" href=\"https:\/\/blogs2.uef.fi\/itasuomenbiopankki-vanha\/kansalaisille\/tiedonsaantioikeus\/\" \/>\n<meta property=\"og:locale\" content=\"fi_FI\" \/>\n<meta property=\"og:type\" content=\"article\" \/>\n<meta property=\"og:title\" content=\"Tiedonsaantioikeus - It\u00e4-Suomen biopankki\" \/>\n<meta property=\"og:description\" content=\"Tiedonsaantioikeus Sinulla n\u00e4ytteenantajalla on oikeus biopankkilain mukaan tiet\u00e4\u00e4: s\u00e4ilytet\u00e4\u00e4nk\u00f6 biopankissa sinulta otettuja n\u00e4ytteit\u00e4 jos n\u00e4yteit\u00e4si on biopankissa, mill\u00e4 perusteella n\u00e4yte...\" \/>\n<meta property=\"og:url\" content=\"https:\/\/blogs2.uef.fi\/itasuomenbiopankki-vanha\/kansalaisille\/tiedonsaantioikeus\/\" \/>\n<meta property=\"og:site_name\" content=\"It\u00e4-Suomen biopankki\" \/>\n<meta property=\"article:modified_time\" content=\"2024-03-21T11:14:39+00:00\" \/>\n<meta name=\"twitter:card\" content=\"summary_large_image\" \/>\n<meta name=\"twitter:label1\" content=\"Arvioitu lukuaika\" \/>\n\t<meta name=\"twitter:data1\" content=\"1 minuutti\" \/>\n<script type=\"application\/ld+json\" class=\"yoast-schema-graph\">{\"@context\":\"https:\\\/\\\/schema.org\",\"@graph\":[{\"@type\":\"WebPage\",\"@id\":\"https:\\\/\\\/blogs2.uef.fi\\\/itasuomenbiopankki-vanha\\\/kansalaisille\\\/tiedonsaantioikeus\\\/\",\"url\":\"https:\\\/\\\/blogs2.uef.fi\\\/itasuomenbiopankki-vanha\\\/kansalaisille\\\/tiedonsaantioikeus\\\/\",\"name\":\"Tiedonsaantioikeus - It\u00e4-Suomen biopankki\",\"isPartOf\":{\"@id\":\"https:\\\/\\\/blogs2.uef.fi\\\/itasuomenbiopankki-vanha\\\/#website\"},\"datePublished\":\"2018-12-11T06:10:34+00:00\",\"dateModified\":\"2024-03-21T11:14:39+00:00\",\"breadcrumb\":{\"@id\":\"https:\\\/\\\/blogs2.uef.fi\\\/itasuomenbiopankki-vanha\\\/kansalaisille\\\/tiedonsaantioikeus\\\/#breadcrumb\"},\"inLanguage\":\"fi\",\"potentialAction\":[{\"@type\":\"ReadAction\",\"target\":[\"https:\\\/\\\/blogs2.uef.fi\\\/itasuomenbiopankki-vanha\\\/kansalaisille\\\/tiedonsaantioikeus\\\/\"]}]},{\"@type\":\"BreadcrumbList\",\"@id\":\"https:\\\/\\\/blogs2.uef.fi\\\/itasuomenbiopankki-vanha\\\/kansalaisille\\\/tiedonsaantioikeus\\\/#breadcrumb\",\"itemListElement\":[{\"@type\":\"ListItem\",\"position\":1,\"name\":\"Home\",\"item\":\"https:\\\/\\\/www.ita-suomenbiopankki.fi\\\/\"},{\"@type\":\"ListItem\",\"position\":2,\"name\":\"Kansalaisille\",\"item\":\"https:\\\/\\\/blogs2.uef.fi\\\/itasuomenbiopankki-vanha\\\/kansalaisille\\\/\"},{\"@type\":\"ListItem\",\"position\":3,\"name\":\"Tiedonsaantioikeus\"}]},{\"@type\":\"WebSite\",\"@id\":\"https:\\\/\\\/blogs2.uef.fi\\\/itasuomenbiopankki-vanha\\\/#website\",\"url\":\"https:\\\/\\\/blogs2.uef.fi\\\/itasuomenbiopankki-vanha\\\/\",\"name\":\"It\u00e4-Suomen biopankki\",\"description\":\"\",\"potentialAction\":[{\"@type\":\"SearchAction\",\"target\":{\"@type\":\"EntryPoint\",\"urlTemplate\":\"https:\\\/\\\/blogs2.uef.fi\\\/itasuomenbiopankki-vanha\\\/?s={search_term_string}\"},\"query-input\":{\"@type\":\"PropertyValueSpecification\",\"valueRequired\":true,\"valueName\":\"search_term_string\"}}],\"inLanguage\":\"fi\"}]}<\/script>\n<!-- \/ Yoast SEO plugin. -->","yoast_head_json":{"title":"Tiedonsaantioikeus - It\u00e4-Suomen biopankki","robots":{"index":"index","follow":"follow","max-snippet":"max-snippet:-1","max-image-preview":"max-image-preview:large","max-video-preview":"max-video-preview:-1"},"canonical":"https:\/\/blogs2.uef.fi\/itasuomenbiopankki-vanha\/kansalaisille\/tiedonsaantioikeus\/","og_locale":"fi_FI","og_type":"article","og_title":"Tiedonsaantioikeus - It\u00e4-Suomen biopankki","og_description":"Tiedonsaantioikeus Sinulla n\u00e4ytteenantajalla on oikeus biopankkilain mukaan tiet\u00e4\u00e4: s\u00e4ilytet\u00e4\u00e4nk\u00f6 biopankissa sinulta otettuja n\u00e4ytteit\u00e4 jos n\u00e4yteit\u00e4si on biopankissa, mill\u00e4 perusteella n\u00e4yte...","og_url":"https:\/\/blogs2.uef.fi\/itasuomenbiopankki-vanha\/kansalaisille\/tiedonsaantioikeus\/","og_site_name":"It\u00e4-Suomen biopankki","article_modified_time":"2024-03-21T11:14:39+00:00","twitter_card":"summary_large_image","twitter_misc":{"Arvioitu lukuaika":"1 minuutti"},"schema":{"@context":"https:\/\/schema.org","@graph":[{"@type":"WebPage","@id":"https:\/\/blogs2.uef.fi\/itasuomenbiopankki-vanha\/kansalaisille\/tiedonsaantioikeus\/","url":"https:\/\/blogs2.uef.fi\/itasuomenbiopankki-vanha\/kansalaisille\/tiedonsaantioikeus\/","name":"Tiedonsaantioikeus - It\u00e4-Suomen biopankki","isPartOf":{"@id":"https:\/\/blogs2.uef.fi\/itasuomenbiopankki-vanha\/#website"},"datePublished":"2018-12-11T06:10:34+00:00","dateModified":"2024-03-21T11:14:39+00:00","breadcrumb":{"@id":"https:\/\/blogs2.uef.fi\/itasuomenbiopankki-vanha\/kansalaisille\/tiedonsaantioikeus\/#breadcrumb"},"inLanguage":"fi","potentialAction":[{"@type":"ReadAction","target":["https:\/\/blogs2.uef.fi\/itasuomenbiopankki-vanha\/kansalaisille\/tiedonsaantioikeus\/"]}]},{"@type":"BreadcrumbList","@id":"https:\/\/blogs2.uef.fi\/itasuomenbiopankki-vanha\/kansalaisille\/tiedonsaantioikeus\/#breadcrumb","itemListElement":[{"@type":"ListItem","position":1,"name":"Home","item":"https:\/\/www.ita-suomenbiopankki.fi\/"},{"@type":"ListItem","position":2,"name":"Kansalaisille","item":"https:\/\/blogs2.uef.fi\/itasuomenbiopankki-vanha\/kansalaisille\/"},{"@type":"ListItem","position":3,"name":"Tiedonsaantioikeus"}]},{"@type":"WebSite","@id":"https:\/\/blogs2.uef.fi\/itasuomenbiopankki-vanha\/#website","url":"https:\/\/blogs2.uef.fi\/itasuomenbiopankki-vanha\/","name":"It\u00e4-Suomen biopankki","description":"","potentialAction":[{"@type":"SearchAction","target":{"@type":"EntryPoint","urlTemplate":"https:\/\/blogs2.uef.fi\/itasuomenbiopankki-vanha\/?s={search_term_string}"},"query-input":{"@type":"PropertyValueSpecification","valueRequired":true,"valueName":"search_term_string"}}],"inLanguage":"fi"}]}},"_links":{"self":[{"href":"https:\/\/blogs2.uef.fi\/itasuomenbiopankki-vanha\/wp-json\/wp\/v2\/pages\/156","targetHints":{"allow":["GET"]}}],"collection":[{"href":"https:\/\/blogs2.uef.fi\/itasuomenbiopankki-vanha\/wp-json\/wp\/v2\/pages"}],"about":[{"href":"https:\/\/blogs2.uef.fi\/itasuomenbiopankki-vanha\/wp-json\/wp\/v2\/types\/page"}],"author":[{"embeddable":true,"href":"https:\/\/blogs2.uef.fi\/itasuomenbiopankki-vanha\/wp-json\/wp\/v2\/users\/1"}],"replies":[{"embeddable":true,"href":"https:\/\/blogs2.uef.fi\/itasuomenbiopankki-vanha\/wp-json\/wp\/v2\/comments?post=156"}],"version-history":[{"count":3,"href":"https:\/\/blogs2.uef.fi\/itasuomenbiopankki-vanha\/wp-json\/wp\/v2\/pages\/156\/revisions"}],"predecessor-version":[{"id":4343,"href":"https:\/\/blogs2.uef.fi\/itasuomenbiopankki-vanha\/wp-json\/wp\/v2\/pages\/156\/revisions\/4343"}],"up":[{"embeddable":true,"href":"https:\/\/blogs2.uef.fi\/itasuomenbiopankki-vanha\/wp-json\/wp\/v2\/pages\/66"}],"wp:attachment":[{"href":"https:\/\/blogs2.uef.fi\/itasuomenbiopankki-vanha\/wp-json\/wp\/v2\/media?parent=156"}],"curies":[{"name":"wp","href":"https:\/\/api.w.org\/{rel}","templated":true}]}}