{"id":227,"date":"2018-12-13T06:55:00","date_gmt":"2018-12-13T04:55:00","guid":{"rendered":"https:\/\/ita-suomenbiopankki.fi\/?page_id=227"},"modified":"2023-01-24T11:48:17","modified_gmt":"2023-01-24T09:48:17","slug":"toiminnan-valvonta","status":"publish","type":"page","link":"https:\/\/blogs2.uef.fi\/itasuomenbiopankki-vanha\/ita-suomen-biopankki\/toiminnan-valvonta\/","title":{"rendered":"Toiminnan valvonta"},"content":{"rendered":"<h1><span>Toiminnan valvonta<\/span><\/h1>\n<p>It\u00e4-Suomen Biopankin toiminta on biopankkilain vaatimusten mukaista ja sit\u00e4 valvoo l\u00e4\u00e4kealan turvallisuus- ja kehitt\u00e4miskeskus Fimea.<\/p>\n<p>Biopankkien toimintaa ohjaa vuonna 2013 voimaan tullut <a href=\"http:\/\/www.finlex.fi\/fi\/laki\/alkup\/2012\/20120688\" target=\"_blank\" rel=\"noopener noreferrer\">biopankkilaki<\/a> ja toimintaa valvovat viranomaiset. L\u00e4\u00e4kealan turvallisuus- ja kehitt\u00e4miskeskus <a href=\"https:\/\/www.fimea.fi\/\">Fimea<\/a> my\u00f6nt\u00e4\u00e4 biopankkien toimiluvat ja valvoo, ett\u00e4 ne toimivat biopankkilain ja muiden s\u00e4\u00e4d\u00f6sten mukaisesti ja noudattavat laatuj\u00e4rjestelm\u00e4\u00e4ns\u00e4. Tietosuojavaltuutettu valvoo biopankkien tietosuojan toteutumista. Biopankkilain lis\u00e4ksi useat muut lait ja eettiset ohjeet t\u00e4sment\u00e4v\u00e4t biopankkitoiminnassa noudatettavia periaatteita ja toimintatapoja. N\u00e4it\u00e4 ovat mm. EU:n yleinen tietosuoja-astus ja tietosuojalaki sek\u00e4 ns. julkisuuslaki.<\/p>\n","protected":false},"excerpt":{"rendered":"<p>Toiminnan valvonta It\u00e4-Suomen Biopankin toiminta on biopankkilain vaatimusten mukaista ja sit\u00e4 valvoo l\u00e4\u00e4kealan turvallisuus- ja kehitt\u00e4miskeskus Fimea. Biopankkien toimintaa ohjaa&#8230;<\/p>\n","protected":false},"author":1,"featured_media":0,"parent":108,"menu_order":0,"comment_status":"closed","ping_status":"closed","template":"","meta":{"_acf_changed":false,"footnotes":""},"class_list":["post-227","page","type-page","status-publish","hentry"],"acf":[],"yoast_head":"<!-- This site is optimized with the Yoast SEO plugin v27.3 - https:\/\/yoast.com\/product\/yoast-seo-wordpress\/ -->\n<title>Toiminnan valvonta - It\u00e4-Suomen biopankki<\/title>\n<meta name=\"robots\" content=\"index, follow, max-snippet:-1, max-image-preview:large, max-video-preview:-1\" \/>\n<link rel=\"canonical\" href=\"https:\/\/blogs2.uef.fi\/itasuomenbiopankki-vanha\/ita-suomen-biopankki\/toiminnan-valvonta\/\" \/>\n<meta property=\"og:locale\" content=\"fi_FI\" \/>\n<meta property=\"og:type\" content=\"article\" \/>\n<meta property=\"og:title\" content=\"Toiminnan valvonta - It\u00e4-Suomen biopankki\" \/>\n<meta property=\"og:description\" content=\"Toiminnan valvonta It\u00e4-Suomen Biopankin toiminta on biopankkilain vaatimusten mukaista ja sit\u00e4 valvoo l\u00e4\u00e4kealan turvallisuus- ja kehitt\u00e4miskeskus Fimea. Biopankkien toimintaa ohjaa...\" \/>\n<meta property=\"og:url\" content=\"https:\/\/blogs2.uef.fi\/itasuomenbiopankki-vanha\/ita-suomen-biopankki\/toiminnan-valvonta\/\" \/>\n<meta property=\"og:site_name\" content=\"It\u00e4-Suomen biopankki\" \/>\n<meta property=\"article:modified_time\" content=\"2023-01-24T09:48:17+00:00\" \/>\n<meta name=\"twitter:card\" content=\"summary_large_image\" \/>\n<script type=\"application\/ld+json\" class=\"yoast-schema-graph\">{\"@context\":\"https:\\\/\\\/schema.org\",\"@graph\":[{\"@type\":\"WebPage\",\"@id\":\"https:\\\/\\\/blogs2.uef.fi\\\/itasuomenbiopankki-vanha\\\/ita-suomen-biopankki\\\/toiminnan-valvonta\\\/\",\"url\":\"https:\\\/\\\/blogs2.uef.fi\\\/itasuomenbiopankki-vanha\\\/ita-suomen-biopankki\\\/toiminnan-valvonta\\\/\",\"name\":\"Toiminnan valvonta - It\u00e4-Suomen biopankki\",\"isPartOf\":{\"@id\":\"https:\\\/\\\/blogs2.uef.fi\\\/itasuomenbiopankki-vanha\\\/#website\"},\"datePublished\":\"2018-12-13T04:55:00+00:00\",\"dateModified\":\"2023-01-24T09:48:17+00:00\",\"breadcrumb\":{\"@id\":\"https:\\\/\\\/blogs2.uef.fi\\\/itasuomenbiopankki-vanha\\\/ita-suomen-biopankki\\\/toiminnan-valvonta\\\/#breadcrumb\"},\"inLanguage\":\"fi\",\"potentialAction\":[{\"@type\":\"ReadAction\",\"target\":[\"https:\\\/\\\/blogs2.uef.fi\\\/itasuomenbiopankki-vanha\\\/ita-suomen-biopankki\\\/toiminnan-valvonta\\\/\"]}]},{\"@type\":\"BreadcrumbList\",\"@id\":\"https:\\\/\\\/blogs2.uef.fi\\\/itasuomenbiopankki-vanha\\\/ita-suomen-biopankki\\\/toiminnan-valvonta\\\/#breadcrumb\",\"itemListElement\":[{\"@type\":\"ListItem\",\"position\":1,\"name\":\"Home\",\"item\":\"https:\\\/\\\/www.ita-suomenbiopankki.fi\\\/\"},{\"@type\":\"ListItem\",\"position\":2,\"name\":\"It\u00e4-Suomen biopankki\",\"item\":\"https:\\\/\\\/blogs2.uef.fi\\\/itasuomenbiopankki-vanha\\\/ita-suomen-biopankki\\\/\"},{\"@type\":\"ListItem\",\"position\":3,\"name\":\"Toiminnan valvonta\"}]},{\"@type\":\"WebSite\",\"@id\":\"https:\\\/\\\/blogs2.uef.fi\\\/itasuomenbiopankki-vanha\\\/#website\",\"url\":\"https:\\\/\\\/blogs2.uef.fi\\\/itasuomenbiopankki-vanha\\\/\",\"name\":\"It\u00e4-Suomen biopankki\",\"description\":\"\",\"potentialAction\":[{\"@type\":\"SearchAction\",\"target\":{\"@type\":\"EntryPoint\",\"urlTemplate\":\"https:\\\/\\\/blogs2.uef.fi\\\/itasuomenbiopankki-vanha\\\/?s={search_term_string}\"},\"query-input\":{\"@type\":\"PropertyValueSpecification\",\"valueRequired\":true,\"valueName\":\"search_term_string\"}}],\"inLanguage\":\"fi\"}]}<\/script>\n<!-- \/ Yoast SEO plugin. -->","yoast_head_json":{"title":"Toiminnan valvonta - It\u00e4-Suomen biopankki","robots":{"index":"index","follow":"follow","max-snippet":"max-snippet:-1","max-image-preview":"max-image-preview:large","max-video-preview":"max-video-preview:-1"},"canonical":"https:\/\/blogs2.uef.fi\/itasuomenbiopankki-vanha\/ita-suomen-biopankki\/toiminnan-valvonta\/","og_locale":"fi_FI","og_type":"article","og_title":"Toiminnan valvonta - It\u00e4-Suomen biopankki","og_description":"Toiminnan valvonta It\u00e4-Suomen Biopankin toiminta on biopankkilain vaatimusten mukaista ja sit\u00e4 valvoo l\u00e4\u00e4kealan turvallisuus- ja kehitt\u00e4miskeskus Fimea. Biopankkien toimintaa ohjaa...","og_url":"https:\/\/blogs2.uef.fi\/itasuomenbiopankki-vanha\/ita-suomen-biopankki\/toiminnan-valvonta\/","og_site_name":"It\u00e4-Suomen biopankki","article_modified_time":"2023-01-24T09:48:17+00:00","twitter_card":"summary_large_image","schema":{"@context":"https:\/\/schema.org","@graph":[{"@type":"WebPage","@id":"https:\/\/blogs2.uef.fi\/itasuomenbiopankki-vanha\/ita-suomen-biopankki\/toiminnan-valvonta\/","url":"https:\/\/blogs2.uef.fi\/itasuomenbiopankki-vanha\/ita-suomen-biopankki\/toiminnan-valvonta\/","name":"Toiminnan valvonta - It\u00e4-Suomen biopankki","isPartOf":{"@id":"https:\/\/blogs2.uef.fi\/itasuomenbiopankki-vanha\/#website"},"datePublished":"2018-12-13T04:55:00+00:00","dateModified":"2023-01-24T09:48:17+00:00","breadcrumb":{"@id":"https:\/\/blogs2.uef.fi\/itasuomenbiopankki-vanha\/ita-suomen-biopankki\/toiminnan-valvonta\/#breadcrumb"},"inLanguage":"fi","potentialAction":[{"@type":"ReadAction","target":["https:\/\/blogs2.uef.fi\/itasuomenbiopankki-vanha\/ita-suomen-biopankki\/toiminnan-valvonta\/"]}]},{"@type":"BreadcrumbList","@id":"https:\/\/blogs2.uef.fi\/itasuomenbiopankki-vanha\/ita-suomen-biopankki\/toiminnan-valvonta\/#breadcrumb","itemListElement":[{"@type":"ListItem","position":1,"name":"Home","item":"https:\/\/www.ita-suomenbiopankki.fi\/"},{"@type":"ListItem","position":2,"name":"It\u00e4-Suomen biopankki","item":"https:\/\/blogs2.uef.fi\/itasuomenbiopankki-vanha\/ita-suomen-biopankki\/"},{"@type":"ListItem","position":3,"name":"Toiminnan valvonta"}]},{"@type":"WebSite","@id":"https:\/\/blogs2.uef.fi\/itasuomenbiopankki-vanha\/#website","url":"https:\/\/blogs2.uef.fi\/itasuomenbiopankki-vanha\/","name":"It\u00e4-Suomen biopankki","description":"","potentialAction":[{"@type":"SearchAction","target":{"@type":"EntryPoint","urlTemplate":"https:\/\/blogs2.uef.fi\/itasuomenbiopankki-vanha\/?s={search_term_string}"},"query-input":{"@type":"PropertyValueSpecification","valueRequired":true,"valueName":"search_term_string"}}],"inLanguage":"fi"}]}},"_links":{"self":[{"href":"https:\/\/blogs2.uef.fi\/itasuomenbiopankki-vanha\/wp-json\/wp\/v2\/pages\/227","targetHints":{"allow":["GET"]}}],"collection":[{"href":"https:\/\/blogs2.uef.fi\/itasuomenbiopankki-vanha\/wp-json\/wp\/v2\/pages"}],"about":[{"href":"https:\/\/blogs2.uef.fi\/itasuomenbiopankki-vanha\/wp-json\/wp\/v2\/types\/page"}],"author":[{"embeddable":true,"href":"https:\/\/blogs2.uef.fi\/itasuomenbiopankki-vanha\/wp-json\/wp\/v2\/users\/1"}],"replies":[{"embeddable":true,"href":"https:\/\/blogs2.uef.fi\/itasuomenbiopankki-vanha\/wp-json\/wp\/v2\/comments?post=227"}],"version-history":[{"count":4,"href":"https:\/\/blogs2.uef.fi\/itasuomenbiopankki-vanha\/wp-json\/wp\/v2\/pages\/227\/revisions"}],"predecessor-version":[{"id":3606,"href":"https:\/\/blogs2.uef.fi\/itasuomenbiopankki-vanha\/wp-json\/wp\/v2\/pages\/227\/revisions\/3606"}],"up":[{"embeddable":true,"href":"https:\/\/blogs2.uef.fi\/itasuomenbiopankki-vanha\/wp-json\/wp\/v2\/pages\/108"}],"wp:attachment":[{"href":"https:\/\/blogs2.uef.fi\/itasuomenbiopankki-vanha\/wp-json\/wp\/v2\/media?parent=227"}],"curies":[{"name":"wp","href":"https:\/\/api.w.org\/{rel}","templated":true}]}}