{"id":66,"date":"2018-12-10T08:00:41","date_gmt":"2018-12-10T06:00:41","guid":{"rendered":"https:\/\/ita-suomenbiopankki.fi\/?page_id=66"},"modified":"2024-03-21T10:18:49","modified_gmt":"2024-03-21T08:18:49","slug":"kansalaisille","status":"publish","type":"page","link":"https:\/\/blogs2.uef.fi\/itasuomenbiopankki-vanha\/kansalaisille\/","title":{"rendered":"Kansalaisille"},"content":{"rendered":"<h1>Sinun n\u00e4ytteesi on t\u00e4rke\u00e4!<\/h1>\n<p>Jokaisella on mahdollisuus osallistua tutkimuksen tukemiseen antamalla <strong>suostumus<\/strong> n\u00e4ytteittesi ker\u00e4\u00e4miseen biopankkiin ja <strong>hyv\u00e4ksynt\u00e4<\/strong> liitt\u00e4\u00e4 muuta terveydentilaasi ja terveytt\u00e4si koskevia tietoja, jolloin my\u00f6s niit\u00e4 voidaan jatkossa luovuttaa biopankista tutkimusk\u00e4ytt\u00f6\u00f6n. Tulevaisuudessa potilailla on my\u00f6s mahdollisuus hy\u00f6ty\u00e4 biopankkitoiminnan ja tutkimuksen tuloksista, sill\u00e4 ne jalkautuvat aikanaan terveydenhuollon k\u00e4ytt\u00f6\u00f6n.<\/p>\n<h2>Videoita biopankista<\/h2>\n<p>Tietovideoita biopankista ja biopankkitoiminnasta voit katsoa seuraavista YouTube linkeist\u00e4:<\/p>\n<ul>\n<li><a href=\"https:\/\/www.youtube.com\/watch?v=jWWB_R8V-OQ\" target=\"_blank\" rel=\"noopener noreferrer\">Mik\u00e4 on biopankki?<\/a><\/li>\n<li><a href=\"https:\/\/www.youtube.com\/watch?v=hzvV977oMNk\" target=\"_blank\" rel=\"noopener noreferrer\">T\u00e4\u00e4lt\u00e4 tulee Biomin\u00e4! (lyhyt versio)<\/a><\/li>\n<li><a href=\"https:\/\/www.youtube.com\/watch?v=h8zaeCZfkgM\" target=\"_blank\" rel=\"noopener noreferrer\">T\u00e4\u00e4lt\u00e4 tulee Biomin\u00e4! (t\u00e4yspitk\u00e4 versio)<\/a><\/li>\n<\/ul>\n<h2>Kansakunnan terveystieto hy\u00f6tyk\u00e4yt\u00f6ss\u00e4<\/h2>\n<p>Biopankkitutkimuksen pitk\u00e4n aikav\u00e4lin tavoitteena on kehitt\u00e4\u00e4 yksil\u00f6lliset, perim\u00e4\u00e4n perustuvat hoitomuodot, joiden avulla potilaalle voidaan valita juuri h\u00e4nelle sopivin hoito ja l\u00e4\u00e4kitys.<\/p>\n<p>It\u00e4-Suomen Biopankki ker\u00e4\u00e4 <strong>laajaa n\u00e4ytekokoelmaa ja n\u00e4ytteisiin liittyv\u00e4\u00e4 tietoa<\/strong>, jota tutkijat voivat hy\u00f6dynt\u00e4\u00e4 terveytt\u00e4 edist\u00e4v\u00e4ss\u00e4 tutkimuksessa. Biopankki-n\u00e4ytteet voivat olla esimerkiksi verta tai kudosta. Biopankki luovuttaa n\u00e4ytteit\u00e4 ja niihin liittyvi\u00e4 tietoja tutkimukseen n\u00e4ytteenantajan yksityisensuojan turvaten.<\/p>\n<p>Tutkimuksissa saatujen tulosten avulla voidaan ymm\u00e4rt\u00e4\u00e4 paremmin sairauksien syit\u00e4 ja kehitt\u00e4\u00e4 niihin toimivia hoitoja. Tutkimuksissa selvinnyt tieto palautetaan lopuksi biopankkiin. N\u00e4in tieto kasvaa korkoa.<\/p>\n<p><strong>Biopankkisuostumus ja hyv\u00e4ksynt\u00e4 on hyv\u00e4 teko terveyden edist\u00e4miseksi!<\/strong><\/p>\n<div class=\"title-btn\">Faktoja biopankista<\/div>\n<div class=\"lines\">\n<div class=\"dots\">\n<div class=\"dot1\"><\/div>\n<div class=\"dot2\"><\/div>\n<div class=\"dot3\"><\/div>\n<div class=\"dot4\"><\/div>\n<\/div>\n<\/div>\n<div class=\"bolls\">\n<div class=\"box-boll1 box-bolles\">\n<div class=\"boll1 pallo\"><\/div>\n<p>Uudet l\u00e4\u00e4kkeet ja hoidot on kehitetty tutkimuksen avulla.<\/p>\n<\/div>\n<div class=\"box-boll2 box-bolles\">\n<div class=\"boll2 pallo\"><\/div>\n<p>Jokainen voi olla osa tutkimusta antamalla oman biopankkisuostumuksen ja hyv\u00e4ksynn\u00e4n.<\/p>\n<\/div>\n<div class=\"box-boll3 box-bolles\">\n<div class=\"boll3 pallo\"><\/div>\n<p>Biopankkitoiminta on tarkasti valvottua ja tietoturvallista.<\/p>\n<\/div>\n<div class=\"box-boll4 box-bolles\">\n<div class=\"boll4 pallo\"><\/div>\n<p>N\u00e4ytteet luovutetaan tutkijoille p\u00e4\u00e4s\u00e4\u00e4nt\u00f6isesti ilman henkil\u00f6n tunnistetietoja.<\/p>\n<\/div>\n<\/div>\n","protected":false},"excerpt":{"rendered":"<p>Sinun n\u00e4ytteesi on t\u00e4rke\u00e4! Jokaisella on mahdollisuus osallistua tutkimuksen tukemiseen antamalla suostumus n\u00e4ytteittesi ker\u00e4\u00e4miseen biopankkiin ja hyv\u00e4ksynt\u00e4 liitt\u00e4\u00e4 muuta terveydentilaasi&#8230;<\/p>\n","protected":false},"author":1,"featured_media":0,"parent":0,"menu_order":1,"comment_status":"closed","ping_status":"closed","template":"","meta":{"_acf_changed":false,"footnotes":""},"class_list":["post-66","page","type-page","status-publish","hentry"],"acf":[],"yoast_head":"<!-- This site is optimized with the Yoast SEO plugin v27.3 - https:\/\/yoast.com\/product\/yoast-seo-wordpress\/ -->\n<title>Kansalaisille - It\u00e4-Suomen biopankki<\/title>\n<meta name=\"robots\" content=\"index, follow, max-snippet:-1, max-image-preview:large, max-video-preview:-1\" \/>\n<link rel=\"canonical\" href=\"https:\/\/blogs2.uef.fi\/itasuomenbiopankki-vanha\/kansalaisille\/\" \/>\n<meta property=\"og:locale\" content=\"fi_FI\" \/>\n<meta property=\"og:type\" content=\"article\" \/>\n<meta property=\"og:title\" content=\"Kansalaisille - It\u00e4-Suomen biopankki\" \/>\n<meta property=\"og:description\" content=\"Sinun n\u00e4ytteesi on t\u00e4rke\u00e4! Jokaisella on mahdollisuus osallistua tutkimuksen tukemiseen antamalla suostumus n\u00e4ytteittesi ker\u00e4\u00e4miseen biopankkiin ja hyv\u00e4ksynt\u00e4 liitt\u00e4\u00e4 muuta terveydentilaasi...\" \/>\n<meta property=\"og:url\" content=\"https:\/\/blogs2.uef.fi\/itasuomenbiopankki-vanha\/kansalaisille\/\" \/>\n<meta property=\"og:site_name\" content=\"It\u00e4-Suomen biopankki\" \/>\n<meta property=\"article:modified_time\" content=\"2024-03-21T08:18:49+00:00\" \/>\n<meta name=\"twitter:card\" content=\"summary_large_image\" \/>\n<meta name=\"twitter:label1\" content=\"Arvioitu lukuaika\" \/>\n\t<meta name=\"twitter:data1\" content=\"2 minuuttia\" \/>\n<script type=\"application\/ld+json\" class=\"yoast-schema-graph\">{\"@context\":\"https:\\\/\\\/schema.org\",\"@graph\":[{\"@type\":\"WebPage\",\"@id\":\"https:\\\/\\\/blogs2.uef.fi\\\/itasuomenbiopankki-vanha\\\/kansalaisille\\\/\",\"url\":\"https:\\\/\\\/blogs2.uef.fi\\\/itasuomenbiopankki-vanha\\\/kansalaisille\\\/\",\"name\":\"Kansalaisille - It\u00e4-Suomen biopankki\",\"isPartOf\":{\"@id\":\"https:\\\/\\\/blogs2.uef.fi\\\/itasuomenbiopankki-vanha\\\/#website\"},\"datePublished\":\"2018-12-10T06:00:41+00:00\",\"dateModified\":\"2024-03-21T08:18:49+00:00\",\"breadcrumb\":{\"@id\":\"https:\\\/\\\/blogs2.uef.fi\\\/itasuomenbiopankki-vanha\\\/kansalaisille\\\/#breadcrumb\"},\"inLanguage\":\"fi\",\"potentialAction\":[{\"@type\":\"ReadAction\",\"target\":[\"https:\\\/\\\/blogs2.uef.fi\\\/itasuomenbiopankki-vanha\\\/kansalaisille\\\/\"]}]},{\"@type\":\"BreadcrumbList\",\"@id\":\"https:\\\/\\\/blogs2.uef.fi\\\/itasuomenbiopankki-vanha\\\/kansalaisille\\\/#breadcrumb\",\"itemListElement\":[{\"@type\":\"ListItem\",\"position\":1,\"name\":\"Home\",\"item\":\"https:\\\/\\\/www.ita-suomenbiopankki.fi\\\/\"},{\"@type\":\"ListItem\",\"position\":2,\"name\":\"Kansalaisille\"}]},{\"@type\":\"WebSite\",\"@id\":\"https:\\\/\\\/blogs2.uef.fi\\\/itasuomenbiopankki-vanha\\\/#website\",\"url\":\"https:\\\/\\\/blogs2.uef.fi\\\/itasuomenbiopankki-vanha\\\/\",\"name\":\"It\u00e4-Suomen biopankki\",\"description\":\"\",\"potentialAction\":[{\"@type\":\"SearchAction\",\"target\":{\"@type\":\"EntryPoint\",\"urlTemplate\":\"https:\\\/\\\/blogs2.uef.fi\\\/itasuomenbiopankki-vanha\\\/?s={search_term_string}\"},\"query-input\":{\"@type\":\"PropertyValueSpecification\",\"valueRequired\":true,\"valueName\":\"search_term_string\"}}],\"inLanguage\":\"fi\"}]}<\/script>\n<!-- \/ Yoast SEO plugin. -->","yoast_head_json":{"title":"Kansalaisille - It\u00e4-Suomen biopankki","robots":{"index":"index","follow":"follow","max-snippet":"max-snippet:-1","max-image-preview":"max-image-preview:large","max-video-preview":"max-video-preview:-1"},"canonical":"https:\/\/blogs2.uef.fi\/itasuomenbiopankki-vanha\/kansalaisille\/","og_locale":"fi_FI","og_type":"article","og_title":"Kansalaisille - It\u00e4-Suomen biopankki","og_description":"Sinun n\u00e4ytteesi on t\u00e4rke\u00e4! Jokaisella on mahdollisuus osallistua tutkimuksen tukemiseen antamalla suostumus n\u00e4ytteittesi ker\u00e4\u00e4miseen biopankkiin ja hyv\u00e4ksynt\u00e4 liitt\u00e4\u00e4 muuta terveydentilaasi...","og_url":"https:\/\/blogs2.uef.fi\/itasuomenbiopankki-vanha\/kansalaisille\/","og_site_name":"It\u00e4-Suomen biopankki","article_modified_time":"2024-03-21T08:18:49+00:00","twitter_card":"summary_large_image","twitter_misc":{"Arvioitu lukuaika":"2 minuuttia"},"schema":{"@context":"https:\/\/schema.org","@graph":[{"@type":"WebPage","@id":"https:\/\/blogs2.uef.fi\/itasuomenbiopankki-vanha\/kansalaisille\/","url":"https:\/\/blogs2.uef.fi\/itasuomenbiopankki-vanha\/kansalaisille\/","name":"Kansalaisille - It\u00e4-Suomen biopankki","isPartOf":{"@id":"https:\/\/blogs2.uef.fi\/itasuomenbiopankki-vanha\/#website"},"datePublished":"2018-12-10T06:00:41+00:00","dateModified":"2024-03-21T08:18:49+00:00","breadcrumb":{"@id":"https:\/\/blogs2.uef.fi\/itasuomenbiopankki-vanha\/kansalaisille\/#breadcrumb"},"inLanguage":"fi","potentialAction":[{"@type":"ReadAction","target":["https:\/\/blogs2.uef.fi\/itasuomenbiopankki-vanha\/kansalaisille\/"]}]},{"@type":"BreadcrumbList","@id":"https:\/\/blogs2.uef.fi\/itasuomenbiopankki-vanha\/kansalaisille\/#breadcrumb","itemListElement":[{"@type":"ListItem","position":1,"name":"Home","item":"https:\/\/www.ita-suomenbiopankki.fi\/"},{"@type":"ListItem","position":2,"name":"Kansalaisille"}]},{"@type":"WebSite","@id":"https:\/\/blogs2.uef.fi\/itasuomenbiopankki-vanha\/#website","url":"https:\/\/blogs2.uef.fi\/itasuomenbiopankki-vanha\/","name":"It\u00e4-Suomen biopankki","description":"","potentialAction":[{"@type":"SearchAction","target":{"@type":"EntryPoint","urlTemplate":"https:\/\/blogs2.uef.fi\/itasuomenbiopankki-vanha\/?s={search_term_string}"},"query-input":{"@type":"PropertyValueSpecification","valueRequired":true,"valueName":"search_term_string"}}],"inLanguage":"fi"}]}},"_links":{"self":[{"href":"https:\/\/blogs2.uef.fi\/itasuomenbiopankki-vanha\/wp-json\/wp\/v2\/pages\/66","targetHints":{"allow":["GET"]}}],"collection":[{"href":"https:\/\/blogs2.uef.fi\/itasuomenbiopankki-vanha\/wp-json\/wp\/v2\/pages"}],"about":[{"href":"https:\/\/blogs2.uef.fi\/itasuomenbiopankki-vanha\/wp-json\/wp\/v2\/types\/page"}],"author":[{"embeddable":true,"href":"https:\/\/blogs2.uef.fi\/itasuomenbiopankki-vanha\/wp-json\/wp\/v2\/users\/1"}],"replies":[{"embeddable":true,"href":"https:\/\/blogs2.uef.fi\/itasuomenbiopankki-vanha\/wp-json\/wp\/v2\/comments?post=66"}],"version-history":[{"count":5,"href":"https:\/\/blogs2.uef.fi\/itasuomenbiopankki-vanha\/wp-json\/wp\/v2\/pages\/66\/revisions"}],"predecessor-version":[{"id":4112,"href":"https:\/\/blogs2.uef.fi\/itasuomenbiopankki-vanha\/wp-json\/wp\/v2\/pages\/66\/revisions\/4112"}],"wp:attachment":[{"href":"https:\/\/blogs2.uef.fi\/itasuomenbiopankki-vanha\/wp-json\/wp\/v2\/media?parent=66"}],"curies":[{"name":"wp","href":"https:\/\/api.w.org\/{rel}","templated":true}]}}