{"id":1204,"date":"2023-09-29T10:11:53","date_gmt":"2023-09-29T07:11:53","guid":{"rendered":"https:\/\/blogs2.uef.fi\/uef-teema\/?page_id=1204"},"modified":"2024-09-23T08:31:14","modified_gmt":"2024-09-23T05:31:14","slug":"testisivu-29-9-2023","status":"publish","type":"page","link":"https:\/\/blogs2.uef.fi\/uef-teema\/testisivu\/testisivu-29-9-2023\/","title":{"rendered":"PDF-, Word-, PowerPoint- ja Excel-tiedostojen lataaminen ja esitt\u00e4minen \/\/ Uploading and presenting PDF, Word, PowerPoint and Excel files"},"content":{"rendered":"\n<p>Jos haluat linkitt\u00e4\u00e4 sivustollesi esiin PDF-, Word-, PowerPoint- tai Excel-tiedostoja:<\/p>\n\n\n\n<ul class=\"wp-block-list\">\n<li>Lataa tiedosto sivustosi mediakirjastoon (muistathan huolehtia tiedoston saavutettavuudesta!)<\/li>\n\n\n\n<li>Kopioi mediakirjastoon lataamasi tiedoston URL-osoite<\/li>\n\n\n\n<li>Esit\u00e4 linkki haluamallasi tavalla sivustollasi &#8211; alla muutama esimerkki.<\/li>\n<\/ul>\n\n\n\n<p>Linkin voi upottaa tekstiin: lataa <a href=\"https:\/\/blogs2.uef.fi\/uef-teema\/wp-content\/uploads\/sites\/47\/2023\/10\/test-document.docx\">Test document (Word-tiedosto)<\/a> ja avaa <a href=\"https:\/\/blogs2.uef.fi\/uef-teema\/wp-content\/uploads\/sites\/47\/2023\/10\/test-document.pdf\">Test document (PDF-tiedosto)<\/a>.<\/p>\n\n\n\n<div class=\"links-block\">\n\n    \n    <ul class=\"link-list\">\n        \n            \n            <li class=\"link-list-item\">\n                <a href=\"https:\/\/blogs2.uef.fi\/uef-teema\/wp-content\/uploads\/sites\/47\/2023\/10\/test-document.pdf\" class=\"link-reset link hover-scale-down\">\n                    <svg\n        width=\"43\" height=\"25\"\n        viewBox=\"0 0 43 25\"\n        xmlns=\"http:\/\/www.w3.org\/2000\/svg\">\n    <path\n        d=\"M30.027 0 43 12.5 30.027 25 27 22.083 34.351 15H0v-5h34.351L27 2.917z\"\n        fill=\"currentColor\"\n        fill-rule=\"evenodd\"\/>\n<\/svg>                    <div>PDF-tiedoston nimi (pdf)<\/div>\n                <\/a>\n                <div class=\"link-info\">\n                                            <div class=\"link-info-type\">T\u00e4h\u00e4n voi laittaa kuvausta, jos haluaa.<\/div>\n                                    <\/div>\n            <\/li>\n\n                <\/ul>\n<\/div>\n\n\n<p>Tai jos haluat esitt\u00e4\u00e4 tiedoston korostetummin, voit k\u00e4ytt\u00e4\u00e4 linkkilohkoa (Links):<\/p>\n\n\n\n<div class=\"links-block\">\n\n    \n    <ul class=\"link-list\">\n        \n            \n            <li class=\"link-list-item\">\n                <a href=\"https:\/\/blogs2.uef.fi\/uef-teema\/wp-content\/uploads\/sites\/47\/2023\/10\/test-document.docx\" class=\"link-reset link hover-scale-down\">\n                    <svg\n        width=\"43\" height=\"25\"\n        viewBox=\"0 0 43 25\"\n        xmlns=\"http:\/\/www.w3.org\/2000\/svg\">\n    <path\n        d=\"M30.027 0 43 12.5 30.027 25 27 22.083 34.351 15H0v-5h34.351L27 2.917z\"\n        fill=\"currentColor\"\n        fill-rule=\"evenodd\"\/>\n<\/svg>                    <div>Test document (Word-tiedosto)<\/div>\n                <\/a>\n                <div class=\"link-info\">\n                                            <div class=\"link-info-type\">Word-tiedosto latautuu klikkaajan laitteelle.<\/div>\n                                    <\/div>\n            <\/li>\n\n        \n            <li class=\"link-list-item\">\n                <a href=\"https:\/\/blogs2.uef.fi\/uef-teema\/wp-content\/uploads\/sites\/47\/2023\/10\/test-document.pdf\" class=\"link-reset link hover-scale-down\">\n                    <svg\n        width=\"43\" height=\"25\"\n        viewBox=\"0 0 43 25\"\n        xmlns=\"http:\/\/www.w3.org\/2000\/svg\">\n    <path\n        d=\"M30.027 0 43 12.5 30.027 25 27 22.083 34.351 15H0v-5h34.351L27 2.917z\"\n        fill=\"currentColor\"\n        fill-rule=\"evenodd\"\/>\n<\/svg>                    <div>Test document (PDF-tiedosto)<\/div>\n                <\/a>\n                <div class=\"link-info\">\n                                            <div class=\"link-info-type\">PDF-tiedosto avautuu uudessa n\u00e4kym\u00e4ss\u00e4.<\/div>\n                                    <\/div>\n            <\/li>\n\n                <\/ul>\n<\/div>\n\n\n<p>My\u00f6s listojen k\u00e4ytt\u00e4minen on hyv\u00e4 ja selke\u00e4 vaihtoehto, jos linkattavia tiedostoja on useita. Huomaa, ett\u00e4 linkki\u00e4 klikatessa PDF-tiedostolinkki k\u00e4ytt\u00e4ytyy eri tavalla kuin linkit Word-, Excel- ja PowerPoint-tiedostoihin:<\/p>\n\n\n\n<ul class=\"wp-block-list\">\n<li><a href=\"https:\/\/blogs2.uef.fi\/uef-teema\/wp-content\/uploads\/sites\/47\/2023\/10\/test-document.pdf\">Test document (PDF-tiedosto)<\/a> &#8211; tiedosto <strong>avautuu<\/strong> laitteellasi<\/li>\n\n\n\n<li><a href=\"https:\/\/blogs2.uef.fi\/uef-teema\/wp-content\/uploads\/sites\/47\/2023\/10\/test-document.docx\">Test document (Word-tiedosto)<\/a> &#8211; tiedosto <strong>latautuu<\/strong> laitteellesi<\/li>\n\n\n\n<li><a href=\"https:\/\/blogs2.uef.fi\/uef-teema\/wp-content\/uploads\/sites\/47\/2023\/12\/test-excel-1.xlsx\">Testidokumentti (Excel-tiedosto) <\/a>&#8211; tiedosto <strong>latautuu<\/strong> laitteellesi<\/li>\n\n\n\n<li><a href=\"https:\/\/blogs2.uef.fi\/uef-teema\/wp-content\/uploads\/sites\/47\/2023\/12\/test-powerpoint.pptx\">Testi-PowerPoint-tiedosto<\/a> &#8211; tiedosto <strong>latautuu<\/strong> laitteellesi<\/li>\n<\/ul>\n\n\n\n<h2 class=\"wp-block-heading\">And here is the same instructions in English<\/h2>\n\n\n\n<p>If you want to upload and present PDF, Word, Excel or PowerPoint files on your site, please:<\/p>\n\n\n\n<ul class=\"wp-block-list\">\n<li>Download the file to the media library of your site (bear in mind the accessibility of the files!)<\/li>\n\n\n\n<li>Copy the URL address of the file that you have downloaded to media library<\/li>\n\n\n\n<li>Present the link to the file in a way that feels most suitable for the purpose &#8211; please see some examples below.<\/li>\n<\/ul>\n\n\n\n<p>You can embed the link to the text: download the <a href=\"https:\/\/blogs2.uef.fi\/uef-teema\/wp-content\/uploads\/sites\/47\/2023\/10\/test-document.docx\">Test document (Word file)<\/a> and open the <a href=\"https:\/\/blogs2.uef.fi\/uef-teema\/wp-content\/uploads\/sites\/47\/2023\/10\/test-document.pdf\">Test document (PDF file)<\/a>.<\/p>\n\n\n\n<p>Or if you wish emphasize the link, the link block (Links) could be useful:<\/p>\n\n\n\n<div class=\"links-block\">\n\n    \n    <ul class=\"link-list\">\n        \n            \n            <li class=\"link-list-item\">\n                <a href=\"https:\/\/blogs2.uef.fi\/uef-teema\/wp-content\/uploads\/sites\/47\/2023\/10\/test-document.docx\" class=\"link-reset link hover-scale-down\">\n                    <svg\n        width=\"43\" height=\"25\"\n        viewBox=\"0 0 43 25\"\n        xmlns=\"http:\/\/www.w3.org\/2000\/svg\">\n    <path\n        d=\"M30.027 0 43 12.5 30.027 25 27 22.083 34.351 15H0v-5h34.351L27 2.917z\"\n        fill=\"currentColor\"\n        fill-rule=\"evenodd\"\/>\n<\/svg>                    <div>Test document (Word file)<\/div>\n                <\/a>\n                <div class=\"link-info\">\n                                            <div class=\"link-info-type\">Word file downloads to the users device when the link is clicked.<\/div>\n                                    <\/div>\n            <\/li>\n\n        \n            <li class=\"link-list-item\">\n                <a href=\"https:\/\/blogs2.uef.fi\/uef-teema\/wp-content\/uploads\/sites\/47\/2023\/10\/test-document.pdf\" class=\"link-reset link hover-scale-down\">\n                    <svg\n        width=\"43\" height=\"25\"\n        viewBox=\"0 0 43 25\"\n        xmlns=\"http:\/\/www.w3.org\/2000\/svg\">\n    <path\n        d=\"M30.027 0 43 12.5 30.027 25 27 22.083 34.351 15H0v-5h34.351L27 2.917z\"\n        fill=\"currentColor\"\n        fill-rule=\"evenodd\"\/>\n<\/svg>                    <div>Test document (PDF file)<\/div>\n                <\/a>\n                <div class=\"link-info\">\n                                            <div class=\"link-info-type\">PDF file opens in a new view when the link is clicked.<\/div>\n                                    <\/div>\n            <\/li>\n\n                <\/ul>\n<\/div>\n\n\n<p>A list block is also a good and simple alternative when there are many files to link. Note that from the user\u2019s perspective, a link to a PDF file behaves differently from a link to a Word, Excel or PowerPoint file:<\/p>\n\n\n\n<ul class=\"wp-block-list\">\n<li><a href=\"https:\/\/blogs2.uef.fi\/uef-teema\/wp-content\/uploads\/sites\/47\/2023\/10\/test-document.pdf\">Test document (PDF file)<\/a> &#8211; the file will <strong>open <\/strong>on your device, when you click the link<\/li>\n\n\n\n<li><a href=\"https:\/\/blogs2.uef.fi\/uef-teema\/wp-content\/uploads\/sites\/47\/2023\/10\/test-document.docx\">Test document (Word file)<\/a> &#8211; the file will <strong>download<\/strong> to your device, when you click the link<\/li>\n\n\n\n<li><a href=\"https:\/\/blogs2.uef.fi\/uef-teema\/wp-content\/uploads\/sites\/47\/2023\/12\/test-excel-1.xlsx\">Test document (Excel file)<\/a> &#8211; the file will <strong>download<\/strong> to your device, when you click the link<\/li>\n\n\n\n<li><a href=\"https:\/\/blogs2.uef.fi\/uef-teema\/wp-content\/uploads\/sites\/47\/2023\/12\/test-powerpoint.pptx\">Test PowerPoint file<\/a> &#8211; the file will <strong>download<\/strong> to your device, when you click the link<\/li>\n<\/ul>\n","protected":false},"excerpt":{"rendered":"<p>Jos haluat linkitt\u00e4\u00e4 sivustollesi esiin PDF-, Word-, PowerPoint- tai Excel-tiedostoja: Linkin voi upottaa tekstiin: lataa Test document (Word-tiedosto) ja avaa Test document (PDF-tiedosto). Tai jos haluat esitt\u00e4\u00e4 tiedoston korostetummin, voit k\u00e4ytt\u00e4\u00e4 linkkilohkoa (Links): My\u00f6s listojen k\u00e4ytt\u00e4minen on hyv\u00e4 ja selke\u00e4 vaihtoehto, jos linkattavia tiedostoja on useita. Huomaa, ett\u00e4 linkki\u00e4 klikatessa PDF-tiedostolinkki k\u00e4ytt\u00e4ytyy eri tavalla kuin [&hellip;]<\/p>\n","protected":false},"author":512,"featured_media":0,"parent":297,"menu_order":0,"comment_status":"closed","ping_status":"closed","template":"","meta":{"_acf_changed":false,"footnotes":""},"class_list":["post-1204","page","type-page","status-publish","hentry"],"acf":[],"yoast_head":"<!-- This site is optimized with the Yoast SEO plugin v27.3 - https:\/\/yoast.com\/product\/yoast-seo-wordpress\/ -->\n<title>PDF-, Word-, PowerPoint- ja Excel-tiedostojen lataaminen ja esitt\u00e4minen \/\/ Uploading and presenting PDF, Word, PowerPoint and Excel files - UEF teema<\/title>\n<meta name=\"robots\" content=\"noindex, follow, max-snippet:-1, max-image-preview:large, max-video-preview:-1\" \/>\n<meta property=\"og:locale\" content=\"fi_FI\" \/>\n<meta property=\"og:type\" content=\"article\" \/>\n<meta property=\"og:title\" content=\"PDF-, Word-, PowerPoint- ja Excel-tiedostojen lataaminen ja esitt\u00e4minen \/\/ Uploading and presenting PDF, Word, PowerPoint and Excel files - UEF teema\" \/>\n<meta property=\"og:description\" content=\"Jos haluat linkitt\u00e4\u00e4 sivustollesi esiin PDF-, Word-, PowerPoint- tai Excel-tiedostoja: Linkin voi upottaa tekstiin: lataa Test document (Word-tiedosto) ja avaa Test document (PDF-tiedosto). Tai jos haluat esitt\u00e4\u00e4 tiedoston korostetummin, voit k\u00e4ytt\u00e4\u00e4 linkkilohkoa (Links): My\u00f6s listojen k\u00e4ytt\u00e4minen on hyv\u00e4 ja selke\u00e4 vaihtoehto, jos linkattavia tiedostoja on useita. Huomaa, ett\u00e4 linkki\u00e4 klikatessa PDF-tiedostolinkki k\u00e4ytt\u00e4ytyy eri tavalla kuin [&hellip;]\" \/>\n<meta property=\"og:url\" content=\"https:\/\/blogs2.uef.fi\/uef-teema\/testisivu\/testisivu-29-9-2023\/\" \/>\n<meta property=\"og:site_name\" content=\"UEF teema\" \/>\n<meta property=\"article:modified_time\" content=\"2024-09-23T05:31:14+00:00\" \/>\n<meta name=\"twitter:card\" content=\"summary_large_image\" \/>\n<meta name=\"twitter:label1\" content=\"Arvioitu lukuaika\" \/>\n\t<meta name=\"twitter:data1\" content=\"2 minuuttia\" \/>\n<script type=\"application\/ld+json\" class=\"yoast-schema-graph\">{\"@context\":\"https:\\\/\\\/schema.org\",\"@graph\":[{\"@type\":\"WebPage\",\"@id\":\"https:\\\/\\\/blogs2.uef.fi\\\/uef-teema\\\/testisivu\\\/testisivu-29-9-2023\\\/\",\"url\":\"https:\\\/\\\/blogs2.uef.fi\\\/uef-teema\\\/testisivu\\\/testisivu-29-9-2023\\\/\",\"name\":\"PDF-, Word-, PowerPoint- ja Excel-tiedostojen lataaminen ja esitt\u00e4minen \\\/\\\/ Uploading and presenting PDF, Word, PowerPoint and Excel files - UEF teema\",\"isPartOf\":{\"@id\":\"https:\\\/\\\/blogs2.uef.fi\\\/uef-teema\\\/#website\"},\"datePublished\":\"2023-09-29T07:11:53+00:00\",\"dateModified\":\"2024-09-23T05:31:14+00:00\",\"breadcrumb\":{\"@id\":\"https:\\\/\\\/blogs2.uef.fi\\\/uef-teema\\\/testisivu\\\/testisivu-29-9-2023\\\/#breadcrumb\"},\"inLanguage\":\"fi\",\"potentialAction\":[{\"@type\":\"ReadAction\",\"target\":[\"https:\\\/\\\/blogs2.uef.fi\\\/uef-teema\\\/testisivu\\\/testisivu-29-9-2023\\\/\"]}]},{\"@type\":\"BreadcrumbList\",\"@id\":\"https:\\\/\\\/blogs2.uef.fi\\\/uef-teema\\\/testisivu\\\/testisivu-29-9-2023\\\/#breadcrumb\",\"itemListElement\":[{\"@type\":\"ListItem\",\"position\":1,\"name\":\"Home\",\"item\":\"https:\\\/\\\/blogs2.uef.fi\\\/uef-teema\\\/\"},{\"@type\":\"ListItem\",\"position\":2,\"name\":\"Lohkojen esittely\",\"item\":\"https:\\\/\\\/blogs2.uef.fi\\\/uef-teema\\\/testisivu\\\/\"},{\"@type\":\"ListItem\",\"position\":3,\"name\":\"PDF-, Word-, PowerPoint- ja Excel-tiedostojen lataaminen ja esitt\u00e4minen \\\/\\\/ Uploading and presenting PDF, Word, PowerPoint and Excel files\"}]},{\"@type\":\"WebSite\",\"@id\":\"https:\\\/\\\/blogs2.uef.fi\\\/uef-teema\\\/#website\",\"url\":\"https:\\\/\\\/blogs2.uef.fi\\\/uef-teema\\\/\",\"name\":\"UEF teema\",\"description\":\"\",\"potentialAction\":[{\"@type\":\"SearchAction\",\"target\":{\"@type\":\"EntryPoint\",\"urlTemplate\":\"https:\\\/\\\/blogs2.uef.fi\\\/uef-teema\\\/?s={search_term_string}\"},\"query-input\":{\"@type\":\"PropertyValueSpecification\",\"valueRequired\":true,\"valueName\":\"search_term_string\"}}],\"inLanguage\":\"fi\"}]}<\/script>\n<!-- \/ Yoast SEO plugin. -->","yoast_head_json":{"title":"PDF-, Word-, PowerPoint- ja Excel-tiedostojen lataaminen ja esitt\u00e4minen \/\/ Uploading and presenting PDF, Word, PowerPoint and Excel files - UEF teema","robots":{"index":"noindex","follow":"follow","max-snippet":"max-snippet:-1","max-image-preview":"max-image-preview:large","max-video-preview":"max-video-preview:-1"},"og_locale":"fi_FI","og_type":"article","og_title":"PDF-, Word-, PowerPoint- ja Excel-tiedostojen lataaminen ja esitt\u00e4minen \/\/ Uploading and presenting PDF, Word, PowerPoint and Excel files - UEF teema","og_description":"Jos haluat linkitt\u00e4\u00e4 sivustollesi esiin PDF-, Word-, PowerPoint- tai Excel-tiedostoja: Linkin voi upottaa tekstiin: lataa Test document (Word-tiedosto) ja avaa Test document (PDF-tiedosto). Tai jos haluat esitt\u00e4\u00e4 tiedoston korostetummin, voit k\u00e4ytt\u00e4\u00e4 linkkilohkoa (Links): My\u00f6s listojen k\u00e4ytt\u00e4minen on hyv\u00e4 ja selke\u00e4 vaihtoehto, jos linkattavia tiedostoja on useita. Huomaa, ett\u00e4 linkki\u00e4 klikatessa PDF-tiedostolinkki k\u00e4ytt\u00e4ytyy eri tavalla kuin [&hellip;]","og_url":"https:\/\/blogs2.uef.fi\/uef-teema\/testisivu\/testisivu-29-9-2023\/","og_site_name":"UEF teema","article_modified_time":"2024-09-23T05:31:14+00:00","twitter_card":"summary_large_image","twitter_misc":{"Arvioitu lukuaika":"2 minuuttia"},"schema":{"@context":"https:\/\/schema.org","@graph":[{"@type":"WebPage","@id":"https:\/\/blogs2.uef.fi\/uef-teema\/testisivu\/testisivu-29-9-2023\/","url":"https:\/\/blogs2.uef.fi\/uef-teema\/testisivu\/testisivu-29-9-2023\/","name":"PDF-, Word-, PowerPoint- ja Excel-tiedostojen lataaminen ja esitt\u00e4minen \/\/ Uploading and presenting PDF, Word, PowerPoint and Excel files - UEF teema","isPartOf":{"@id":"https:\/\/blogs2.uef.fi\/uef-teema\/#website"},"datePublished":"2023-09-29T07:11:53+00:00","dateModified":"2024-09-23T05:31:14+00:00","breadcrumb":{"@id":"https:\/\/blogs2.uef.fi\/uef-teema\/testisivu\/testisivu-29-9-2023\/#breadcrumb"},"inLanguage":"fi","potentialAction":[{"@type":"ReadAction","target":["https:\/\/blogs2.uef.fi\/uef-teema\/testisivu\/testisivu-29-9-2023\/"]}]},{"@type":"BreadcrumbList","@id":"https:\/\/blogs2.uef.fi\/uef-teema\/testisivu\/testisivu-29-9-2023\/#breadcrumb","itemListElement":[{"@type":"ListItem","position":1,"name":"Home","item":"https:\/\/blogs2.uef.fi\/uef-teema\/"},{"@type":"ListItem","position":2,"name":"Lohkojen esittely","item":"https:\/\/blogs2.uef.fi\/uef-teema\/testisivu\/"},{"@type":"ListItem","position":3,"name":"PDF-, Word-, PowerPoint- ja Excel-tiedostojen lataaminen ja esitt\u00e4minen \/\/ Uploading and presenting PDF, Word, PowerPoint and Excel files"}]},{"@type":"WebSite","@id":"https:\/\/blogs2.uef.fi\/uef-teema\/#website","url":"https:\/\/blogs2.uef.fi\/uef-teema\/","name":"UEF teema","description":"","potentialAction":[{"@type":"SearchAction","target":{"@type":"EntryPoint","urlTemplate":"https:\/\/blogs2.uef.fi\/uef-teema\/?s={search_term_string}"},"query-input":{"@type":"PropertyValueSpecification","valueRequired":true,"valueName":"search_term_string"}}],"inLanguage":"fi"}]}},"_links":{"self":[{"href":"https:\/\/blogs2.uef.fi\/uef-teema\/wp-json\/wp\/v2\/pages\/1204","targetHints":{"allow":["GET"]}}],"collection":[{"href":"https:\/\/blogs2.uef.fi\/uef-teema\/wp-json\/wp\/v2\/pages"}],"about":[{"href":"https:\/\/blogs2.uef.fi\/uef-teema\/wp-json\/wp\/v2\/types\/page"}],"author":[{"embeddable":true,"href":"https:\/\/blogs2.uef.fi\/uef-teema\/wp-json\/wp\/v2\/users\/512"}],"replies":[{"embeddable":true,"href":"https:\/\/blogs2.uef.fi\/uef-teema\/wp-json\/wp\/v2\/comments?post=1204"}],"version-history":[{"count":2,"href":"https:\/\/blogs2.uef.fi\/uef-teema\/wp-json\/wp\/v2\/pages\/1204\/revisions"}],"predecessor-version":[{"id":1853,"href":"https:\/\/blogs2.uef.fi\/uef-teema\/wp-json\/wp\/v2\/pages\/1204\/revisions\/1853"}],"up":[{"embeddable":true,"href":"https:\/\/blogs2.uef.fi\/uef-teema\/wp-json\/wp\/v2\/pages\/297"}],"wp:attachment":[{"href":"https:\/\/blogs2.uef.fi\/uef-teema\/wp-json\/wp\/v2\/media?parent=1204"}],"curies":[{"name":"wp","href":"https:\/\/api.w.org\/{rel}","templated":true}]}}