{"id":1989,"date":"2025-02-19T07:03:49","date_gmt":"2025-02-19T05:03:49","guid":{"rendered":"https:\/\/blogs2.uef.fi\/uef-teema\/?page_id=1989"},"modified":"2025-02-19T07:16:37","modified_gmt":"2025-02-19T05:16:37","slug":"testailua-19-2-2025","status":"publish","type":"page","link":"https:\/\/blogs2.uef.fi\/uef-teema\/testailua-19-2-2025\/","title":{"rendered":"Testailua 19.2.2025"},"content":{"rendered":"\n<p>Hyv\u00e4\u00e4 yst\u00e4v\u00e4np\u00e4iv\u00e4\u00e4!<\/p>\n\n\n\n<p><bdo lang=\"krl\" dir=\"ltr\">Hyvy\u00e4 y\u0161t\u00e4v\u00e4np\u00e4ivy\u00e4!<\/bdo> (krl)<\/p>\n\n\n\n<p><bdo lang=\"olo\" dir=\"ltr\">Hyvy\u00e4 y\u0161t\u00e4v\u00e4np\u00e4ivy\u00e4!<\/bdo> (olo)<\/p>\n\n\n\n<p><bdo lang=\"en\" dir=\"ltr\">Happy Valentine&#8217;s Day!<\/bdo><\/p>\n\n\n\n<p><bdo lang=\"sv\" dir=\"ltr\">Glad Alla hj\u00e4rtans dag!<\/bdo><\/p>\n\n\n\n<p><bdo lang=\"de\" dir=\"ltr\">Alles Gute zum Valentinstag!<\/bdo><\/p>\n\n\n\n<p><bdo lang=\"fr\" dir=\"ltr\">Joyeuse Saint-Valentin!<\/bdo><\/p>\n\n\n\n<p><bdo lang=\"es\" dir=\"ltr\">\u00a1Feliz d\u00eda de San Valent\u00edn!<\/bdo><\/p>\n\n\n\n<p><bdo lang=\"ru\" dir=\"ltr\">\u0421 \u0414\u043d\u0435\u043c \u0421\u0432\u044f\u0442\u043e\u0433\u043e \u0412\u0430\u043b\u0435\u043d\u0442\u0438\u043d\u0430!<\/bdo><\/p>\n","protected":false},"excerpt":{"rendered":"<p>Hyv\u00e4\u00e4 yst\u00e4v\u00e4np\u00e4iv\u00e4\u00e4! Hyvy\u00e4 y\u0161t\u00e4v\u00e4np\u00e4ivy\u00e4! (krl) Hyvy\u00e4 y\u0161t\u00e4v\u00e4np\u00e4ivy\u00e4! (olo) Happy Valentine&#8217;s Day! Glad Alla hj\u00e4rtans dag! Alles Gute zum Valentinstag! Joyeuse Saint-Valentin! \u00a1Feliz d\u00eda de San Valent\u00edn! \u0421 \u0414\u043d\u0435\u043c \u0421\u0432\u044f\u0442\u043e\u0433\u043e \u0412\u0430\u043b\u0435\u043d\u0442\u0438\u043d\u0430!<\/p>\n","protected":false},"author":512,"featured_media":0,"parent":0,"menu_order":0,"comment_status":"closed","ping_status":"closed","template":"","meta":{"_acf_changed":false,"footnotes":""},"class_list":["post-1989","page","type-page","status-publish","hentry"],"acf":[],"yoast_head":"<!-- This site is optimized with the Yoast SEO plugin v27.3 - https:\/\/yoast.com\/product\/yoast-seo-wordpress\/ -->\n<title>Testailua 19.2.2025 - UEF teema<\/title>\n<meta name=\"robots\" content=\"noindex, follow, max-snippet:-1, max-image-preview:large, max-video-preview:-1\" \/>\n<meta property=\"og:locale\" content=\"fi_FI\" \/>\n<meta property=\"og:type\" content=\"article\" \/>\n<meta property=\"og:title\" content=\"Testailua 19.2.2025 - UEF teema\" \/>\n<meta property=\"og:description\" content=\"Hyv\u00e4\u00e4 yst\u00e4v\u00e4np\u00e4iv\u00e4\u00e4! Hyvy\u00e4 y\u0161t\u00e4v\u00e4np\u00e4ivy\u00e4! (krl) Hyvy\u00e4 y\u0161t\u00e4v\u00e4np\u00e4ivy\u00e4! (olo) Happy Valentine&#8217;s Day! Glad Alla hj\u00e4rtans dag! Alles Gute zum Valentinstag! Joyeuse Saint-Valentin! \u00a1Feliz d\u00eda de San Valent\u00edn! \u0421 \u0414\u043d\u0435\u043c \u0421\u0432\u044f\u0442\u043e\u0433\u043e \u0412\u0430\u043b\u0435\u043d\u0442\u0438\u043d\u0430!\" \/>\n<meta property=\"og:url\" content=\"https:\/\/blogs2.uef.fi\/uef-teema\/testailua-19-2-2025\/\" \/>\n<meta property=\"og:site_name\" content=\"UEF teema\" \/>\n<meta property=\"article:modified_time\" content=\"2025-02-19T05:16:37+00:00\" \/>\n<meta name=\"twitter:card\" content=\"summary_large_image\" \/>\n<meta name=\"twitter:label1\" content=\"Arvioitu lukuaika\" \/>\n\t<meta name=\"twitter:data1\" content=\"1 minuutti\" \/>\n<script type=\"application\/ld+json\" class=\"yoast-schema-graph\">{\"@context\":\"https:\\\/\\\/schema.org\",\"@graph\":[{\"@type\":\"WebPage\",\"@id\":\"https:\\\/\\\/blogs2.uef.fi\\\/uef-teema\\\/testailua-19-2-2025\\\/\",\"url\":\"https:\\\/\\\/blogs2.uef.fi\\\/uef-teema\\\/testailua-19-2-2025\\\/\",\"name\":\"Testailua 19.2.2025 - UEF teema\",\"isPartOf\":{\"@id\":\"https:\\\/\\\/blogs2.uef.fi\\\/uef-teema\\\/#website\"},\"datePublished\":\"2025-02-19T05:03:49+00:00\",\"dateModified\":\"2025-02-19T05:16:37+00:00\",\"breadcrumb\":{\"@id\":\"https:\\\/\\\/blogs2.uef.fi\\\/uef-teema\\\/testailua-19-2-2025\\\/#breadcrumb\"},\"inLanguage\":\"fi\",\"potentialAction\":[{\"@type\":\"ReadAction\",\"target\":[\"https:\\\/\\\/blogs2.uef.fi\\\/uef-teema\\\/testailua-19-2-2025\\\/\"]}]},{\"@type\":\"BreadcrumbList\",\"@id\":\"https:\\\/\\\/blogs2.uef.fi\\\/uef-teema\\\/testailua-19-2-2025\\\/#breadcrumb\",\"itemListElement\":[{\"@type\":\"ListItem\",\"position\":1,\"name\":\"Home\",\"item\":\"https:\\\/\\\/blogs2.uef.fi\\\/uef-teema\\\/\"},{\"@type\":\"ListItem\",\"position\":2,\"name\":\"Testailua 19.2.2025\"}]},{\"@type\":\"WebSite\",\"@id\":\"https:\\\/\\\/blogs2.uef.fi\\\/uef-teema\\\/#website\",\"url\":\"https:\\\/\\\/blogs2.uef.fi\\\/uef-teema\\\/\",\"name\":\"UEF teema\",\"description\":\"\",\"potentialAction\":[{\"@type\":\"SearchAction\",\"target\":{\"@type\":\"EntryPoint\",\"urlTemplate\":\"https:\\\/\\\/blogs2.uef.fi\\\/uef-teema\\\/?s={search_term_string}\"},\"query-input\":{\"@type\":\"PropertyValueSpecification\",\"valueRequired\":true,\"valueName\":\"search_term_string\"}}],\"inLanguage\":\"fi\"}]}<\/script>\n<!-- \/ Yoast SEO plugin. -->","yoast_head_json":{"title":"Testailua 19.2.2025 - UEF teema","robots":{"index":"noindex","follow":"follow","max-snippet":"max-snippet:-1","max-image-preview":"max-image-preview:large","max-video-preview":"max-video-preview:-1"},"og_locale":"fi_FI","og_type":"article","og_title":"Testailua 19.2.2025 - UEF teema","og_description":"Hyv\u00e4\u00e4 yst\u00e4v\u00e4np\u00e4iv\u00e4\u00e4! Hyvy\u00e4 y\u0161t\u00e4v\u00e4np\u00e4ivy\u00e4! (krl) Hyvy\u00e4 y\u0161t\u00e4v\u00e4np\u00e4ivy\u00e4! (olo) Happy Valentine&#8217;s Day! Glad Alla hj\u00e4rtans dag! Alles Gute zum Valentinstag! Joyeuse Saint-Valentin! \u00a1Feliz d\u00eda de San Valent\u00edn! \u0421 \u0414\u043d\u0435\u043c \u0421\u0432\u044f\u0442\u043e\u0433\u043e \u0412\u0430\u043b\u0435\u043d\u0442\u0438\u043d\u0430!","og_url":"https:\/\/blogs2.uef.fi\/uef-teema\/testailua-19-2-2025\/","og_site_name":"UEF teema","article_modified_time":"2025-02-19T05:16:37+00:00","twitter_card":"summary_large_image","twitter_misc":{"Arvioitu lukuaika":"1 minuutti"},"schema":{"@context":"https:\/\/schema.org","@graph":[{"@type":"WebPage","@id":"https:\/\/blogs2.uef.fi\/uef-teema\/testailua-19-2-2025\/","url":"https:\/\/blogs2.uef.fi\/uef-teema\/testailua-19-2-2025\/","name":"Testailua 19.2.2025 - UEF teema","isPartOf":{"@id":"https:\/\/blogs2.uef.fi\/uef-teema\/#website"},"datePublished":"2025-02-19T05:03:49+00:00","dateModified":"2025-02-19T05:16:37+00:00","breadcrumb":{"@id":"https:\/\/blogs2.uef.fi\/uef-teema\/testailua-19-2-2025\/#breadcrumb"},"inLanguage":"fi","potentialAction":[{"@type":"ReadAction","target":["https:\/\/blogs2.uef.fi\/uef-teema\/testailua-19-2-2025\/"]}]},{"@type":"BreadcrumbList","@id":"https:\/\/blogs2.uef.fi\/uef-teema\/testailua-19-2-2025\/#breadcrumb","itemListElement":[{"@type":"ListItem","position":1,"name":"Home","item":"https:\/\/blogs2.uef.fi\/uef-teema\/"},{"@type":"ListItem","position":2,"name":"Testailua 19.2.2025"}]},{"@type":"WebSite","@id":"https:\/\/blogs2.uef.fi\/uef-teema\/#website","url":"https:\/\/blogs2.uef.fi\/uef-teema\/","name":"UEF teema","description":"","potentialAction":[{"@type":"SearchAction","target":{"@type":"EntryPoint","urlTemplate":"https:\/\/blogs2.uef.fi\/uef-teema\/?s={search_term_string}"},"query-input":{"@type":"PropertyValueSpecification","valueRequired":true,"valueName":"search_term_string"}}],"inLanguage":"fi"}]}},"_links":{"self":[{"href":"https:\/\/blogs2.uef.fi\/uef-teema\/wp-json\/wp\/v2\/pages\/1989","targetHints":{"allow":["GET"]}}],"collection":[{"href":"https:\/\/blogs2.uef.fi\/uef-teema\/wp-json\/wp\/v2\/pages"}],"about":[{"href":"https:\/\/blogs2.uef.fi\/uef-teema\/wp-json\/wp\/v2\/types\/page"}],"author":[{"embeddable":true,"href":"https:\/\/blogs2.uef.fi\/uef-teema\/wp-json\/wp\/v2\/users\/512"}],"replies":[{"embeddable":true,"href":"https:\/\/blogs2.uef.fi\/uef-teema\/wp-json\/wp\/v2\/comments?post=1989"}],"version-history":[{"count":2,"href":"https:\/\/blogs2.uef.fi\/uef-teema\/wp-json\/wp\/v2\/pages\/1989\/revisions"}],"predecessor-version":[{"id":1993,"href":"https:\/\/blogs2.uef.fi\/uef-teema\/wp-json\/wp\/v2\/pages\/1989\/revisions\/1993"}],"wp:attachment":[{"href":"https:\/\/blogs2.uef.fi\/uef-teema\/wp-json\/wp\/v2\/media?parent=1989"}],"curies":[{"name":"wp","href":"https:\/\/api.w.org\/{rel}","templated":true}]}}