{"id":2017,"date":"2025-06-18T07:20:27","date_gmt":"2025-06-18T04:20:27","guid":{"rendered":"https:\/\/blogs2.uef.fi\/uef-teema\/?page_id=2017"},"modified":"2025-06-18T07:21:24","modified_gmt":"2025-06-18T04:21:24","slug":"esimerkkisivu-valikkoon-sivun-pitka-nimi-on-valikossa-lyhyemmassa-muodossa","status":"publish","type":"page","link":"https:\/\/blogs2.uef.fi\/uef-teema\/testisivu\/esimerkkisivu-valikkoon-sivun-pitka-nimi-on-valikossa-lyhyemmassa-muodossa\/","title":{"rendered":"Esimerkkisivu valikkoon &#8211; sivun pitk\u00e4 nimi on valikossa lyhyemm\u00e4ss\u00e4 muodossa"},"content":{"rendered":"\n<p>Kun sivulla on pitk\u00e4 nimi, on linkki sivulle joskus j\u00e4rkev\u00e4mp\u00e4\u00e4 nimet\u00e4 lyhyemp\u00e4\u00e4n muotoon valikkoa varten. Linkki t\u00e4lle sivulle on valikossa nimetty &#8221;Esimerkkisivu valikkoon&#8221;, mutta sivun oikea nimi on pidempi, &#8221;Esimerkkisivu valikkoon &#8211; sivun pitk\u00e4 nimi on valikossa lyhyemm\u00e4ss\u00e4 muodossa&#8221;.<\/p>\n\n\n\n<p><\/p>\n","protected":false},"excerpt":{"rendered":"<p>Kun sivulla on pitk\u00e4 nimi, on linkki sivulle joskus j\u00e4rkev\u00e4mp\u00e4\u00e4 nimet\u00e4 lyhyemp\u00e4\u00e4n muotoon valikkoa varten. Linkki t\u00e4lle sivulle on valikossa nimetty &#8221;Esimerkkisivu valikkoon&#8221;, mutta sivun oikea nimi on pidempi, &#8221;Esimerkkisivu valikkoon &#8211; sivun pitk\u00e4 nimi on valikossa lyhyemm\u00e4ss\u00e4 muodossa&#8221;.<\/p>\n","protected":false},"author":512,"featured_media":0,"parent":297,"menu_order":0,"comment_status":"closed","ping_status":"closed","template":"","meta":{"_acf_changed":false,"footnotes":""},"class_list":["post-2017","page","type-page","status-publish","hentry"],"acf":[],"yoast_head":"<!-- This site is optimized with the Yoast SEO plugin v27.1.1 - https:\/\/yoast.com\/product\/yoast-seo-wordpress\/ -->\n<title>Esimerkkisivu valikkoon - sivun pitk\u00e4 nimi on valikossa lyhyemm\u00e4ss\u00e4 muodossa - UEF teema<\/title>\n<meta name=\"robots\" content=\"noindex, follow, max-snippet:-1, max-image-preview:large, max-video-preview:-1\" \/>\n<meta property=\"og:locale\" content=\"fi_FI\" \/>\n<meta property=\"og:type\" content=\"article\" \/>\n<meta property=\"og:title\" content=\"Esimerkkisivu valikkoon - sivun pitk\u00e4 nimi on valikossa lyhyemm\u00e4ss\u00e4 muodossa - UEF teema\" \/>\n<meta property=\"og:description\" content=\"Kun sivulla on pitk\u00e4 nimi, on linkki sivulle joskus j\u00e4rkev\u00e4mp\u00e4\u00e4 nimet\u00e4 lyhyemp\u00e4\u00e4n muotoon valikkoa varten. Linkki t\u00e4lle sivulle on valikossa nimetty &#8221;Esimerkkisivu valikkoon&#8221;, mutta sivun oikea nimi on pidempi, &#8221;Esimerkkisivu valikkoon &#8211; sivun pitk\u00e4 nimi on valikossa lyhyemm\u00e4ss\u00e4 muodossa&#8221;.\" \/>\n<meta property=\"og:url\" content=\"https:\/\/blogs2.uef.fi\/uef-teema\/testisivu\/esimerkkisivu-valikkoon-sivun-pitka-nimi-on-valikossa-lyhyemmassa-muodossa\/\" \/>\n<meta property=\"og:site_name\" content=\"UEF teema\" \/>\n<meta property=\"article:modified_time\" content=\"2025-06-18T04:21:24+00:00\" \/>\n<meta name=\"twitter:card\" content=\"summary_large_image\" \/>\n<meta name=\"twitter:label1\" content=\"Arvioitu lukuaika\" \/>\n\t<meta name=\"twitter:data1\" content=\"1 minuutti\" \/>\n<script type=\"application\/ld+json\" class=\"yoast-schema-graph\">{\"@context\":\"https:\/\/schema.org\",\"@graph\":[{\"@type\":\"WebPage\",\"@id\":\"https:\/\/blogs2.uef.fi\/uef-teema\/testisivu\/esimerkkisivu-valikkoon-sivun-pitka-nimi-on-valikossa-lyhyemmassa-muodossa\/\",\"url\":\"https:\/\/blogs2.uef.fi\/uef-teema\/testisivu\/esimerkkisivu-valikkoon-sivun-pitka-nimi-on-valikossa-lyhyemmassa-muodossa\/\",\"name\":\"Esimerkkisivu valikkoon - sivun pitk\u00e4 nimi on valikossa lyhyemm\u00e4ss\u00e4 muodossa - UEF teema\",\"isPartOf\":{\"@id\":\"https:\/\/blogs2.uef.fi\/uef-teema\/#website\"},\"datePublished\":\"2025-06-18T04:20:27+00:00\",\"dateModified\":\"2025-06-18T04:21:24+00:00\",\"breadcrumb\":{\"@id\":\"https:\/\/blogs2.uef.fi\/uef-teema\/testisivu\/esimerkkisivu-valikkoon-sivun-pitka-nimi-on-valikossa-lyhyemmassa-muodossa\/#breadcrumb\"},\"inLanguage\":\"fi\",\"potentialAction\":[{\"@type\":\"ReadAction\",\"target\":[\"https:\/\/blogs2.uef.fi\/uef-teema\/testisivu\/esimerkkisivu-valikkoon-sivun-pitka-nimi-on-valikossa-lyhyemmassa-muodossa\/\"]}]},{\"@type\":\"BreadcrumbList\",\"@id\":\"https:\/\/blogs2.uef.fi\/uef-teema\/testisivu\/esimerkkisivu-valikkoon-sivun-pitka-nimi-on-valikossa-lyhyemmassa-muodossa\/#breadcrumb\",\"itemListElement\":[{\"@type\":\"ListItem\",\"position\":1,\"name\":\"Home\",\"item\":\"https:\/\/blogs2.uef.fi\/uef-teema\/\"},{\"@type\":\"ListItem\",\"position\":2,\"name\":\"Lohkojen esittely\",\"item\":\"https:\/\/blogs2.uef.fi\/uef-teema\/testisivu\/\"},{\"@type\":\"ListItem\",\"position\":3,\"name\":\"Esimerkkisivu valikkoon &#8211; sivun pitk\u00e4 nimi on valikossa lyhyemm\u00e4ss\u00e4 muodossa\"}]},{\"@type\":\"WebSite\",\"@id\":\"https:\/\/blogs2.uef.fi\/uef-teema\/#website\",\"url\":\"https:\/\/blogs2.uef.fi\/uef-teema\/\",\"name\":\"UEF teema\",\"description\":\"\",\"potentialAction\":[{\"@type\":\"SearchAction\",\"target\":{\"@type\":\"EntryPoint\",\"urlTemplate\":\"https:\/\/blogs2.uef.fi\/uef-teema\/?s={search_term_string}\"},\"query-input\":{\"@type\":\"PropertyValueSpecification\",\"valueRequired\":true,\"valueName\":\"search_term_string\"}}],\"inLanguage\":\"fi\"}]}<\/script>\n<!-- \/ Yoast SEO plugin. -->","yoast_head_json":{"title":"Esimerkkisivu valikkoon - sivun pitk\u00e4 nimi on valikossa lyhyemm\u00e4ss\u00e4 muodossa - UEF teema","robots":{"index":"noindex","follow":"follow","max-snippet":"max-snippet:-1","max-image-preview":"max-image-preview:large","max-video-preview":"max-video-preview:-1"},"og_locale":"fi_FI","og_type":"article","og_title":"Esimerkkisivu valikkoon - sivun pitk\u00e4 nimi on valikossa lyhyemm\u00e4ss\u00e4 muodossa - UEF teema","og_description":"Kun sivulla on pitk\u00e4 nimi, on linkki sivulle joskus j\u00e4rkev\u00e4mp\u00e4\u00e4 nimet\u00e4 lyhyemp\u00e4\u00e4n muotoon valikkoa varten. Linkki t\u00e4lle sivulle on valikossa nimetty &#8221;Esimerkkisivu valikkoon&#8221;, mutta sivun oikea nimi on pidempi, &#8221;Esimerkkisivu valikkoon &#8211; sivun pitk\u00e4 nimi on valikossa lyhyemm\u00e4ss\u00e4 muodossa&#8221;.","og_url":"https:\/\/blogs2.uef.fi\/uef-teema\/testisivu\/esimerkkisivu-valikkoon-sivun-pitka-nimi-on-valikossa-lyhyemmassa-muodossa\/","og_site_name":"UEF teema","article_modified_time":"2025-06-18T04:21:24+00:00","twitter_card":"summary_large_image","twitter_misc":{"Arvioitu lukuaika":"1 minuutti"},"schema":{"@context":"https:\/\/schema.org","@graph":[{"@type":"WebPage","@id":"https:\/\/blogs2.uef.fi\/uef-teema\/testisivu\/esimerkkisivu-valikkoon-sivun-pitka-nimi-on-valikossa-lyhyemmassa-muodossa\/","url":"https:\/\/blogs2.uef.fi\/uef-teema\/testisivu\/esimerkkisivu-valikkoon-sivun-pitka-nimi-on-valikossa-lyhyemmassa-muodossa\/","name":"Esimerkkisivu valikkoon - sivun pitk\u00e4 nimi on valikossa lyhyemm\u00e4ss\u00e4 muodossa - UEF teema","isPartOf":{"@id":"https:\/\/blogs2.uef.fi\/uef-teema\/#website"},"datePublished":"2025-06-18T04:20:27+00:00","dateModified":"2025-06-18T04:21:24+00:00","breadcrumb":{"@id":"https:\/\/blogs2.uef.fi\/uef-teema\/testisivu\/esimerkkisivu-valikkoon-sivun-pitka-nimi-on-valikossa-lyhyemmassa-muodossa\/#breadcrumb"},"inLanguage":"fi","potentialAction":[{"@type":"ReadAction","target":["https:\/\/blogs2.uef.fi\/uef-teema\/testisivu\/esimerkkisivu-valikkoon-sivun-pitka-nimi-on-valikossa-lyhyemmassa-muodossa\/"]}]},{"@type":"BreadcrumbList","@id":"https:\/\/blogs2.uef.fi\/uef-teema\/testisivu\/esimerkkisivu-valikkoon-sivun-pitka-nimi-on-valikossa-lyhyemmassa-muodossa\/#breadcrumb","itemListElement":[{"@type":"ListItem","position":1,"name":"Home","item":"https:\/\/blogs2.uef.fi\/uef-teema\/"},{"@type":"ListItem","position":2,"name":"Lohkojen esittely","item":"https:\/\/blogs2.uef.fi\/uef-teema\/testisivu\/"},{"@type":"ListItem","position":3,"name":"Esimerkkisivu valikkoon &#8211; sivun pitk\u00e4 nimi on valikossa lyhyemm\u00e4ss\u00e4 muodossa"}]},{"@type":"WebSite","@id":"https:\/\/blogs2.uef.fi\/uef-teema\/#website","url":"https:\/\/blogs2.uef.fi\/uef-teema\/","name":"UEF teema","description":"","potentialAction":[{"@type":"SearchAction","target":{"@type":"EntryPoint","urlTemplate":"https:\/\/blogs2.uef.fi\/uef-teema\/?s={search_term_string}"},"query-input":{"@type":"PropertyValueSpecification","valueRequired":true,"valueName":"search_term_string"}}],"inLanguage":"fi"}]}},"_links":{"self":[{"href":"https:\/\/blogs2.uef.fi\/uef-teema\/wp-json\/wp\/v2\/pages\/2017","targetHints":{"allow":["GET"]}}],"collection":[{"href":"https:\/\/blogs2.uef.fi\/uef-teema\/wp-json\/wp\/v2\/pages"}],"about":[{"href":"https:\/\/blogs2.uef.fi\/uef-teema\/wp-json\/wp\/v2\/types\/page"}],"author":[{"embeddable":true,"href":"https:\/\/blogs2.uef.fi\/uef-teema\/wp-json\/wp\/v2\/users\/512"}],"replies":[{"embeddable":true,"href":"https:\/\/blogs2.uef.fi\/uef-teema\/wp-json\/wp\/v2\/comments?post=2017"}],"version-history":[{"count":2,"href":"https:\/\/blogs2.uef.fi\/uef-teema\/wp-json\/wp\/v2\/pages\/2017\/revisions"}],"predecessor-version":[{"id":2033,"href":"https:\/\/blogs2.uef.fi\/uef-teema\/wp-json\/wp\/v2\/pages\/2017\/revisions\/2033"}],"up":[{"embeddable":true,"href":"https:\/\/blogs2.uef.fi\/uef-teema\/wp-json\/wp\/v2\/pages\/297"}],"wp:attachment":[{"href":"https:\/\/blogs2.uef.fi\/uef-teema\/wp-json\/wp\/v2\/media?parent=2017"}],"curies":[{"name":"wp","href":"https:\/\/api.w.org\/{rel}","templated":true}]}}